-- Table structure for table `pptt_avrbak_avr_player`
--

CREATE TABLE IF NOT EXISTS `pptt_avrbak_avr_player` (
  `id` int(11) NOT NULL auto_increment,
  `version` int(11) NOT NULL default '0',
  `minw` int(11) NOT NULL default '0',
  `minh` int(11) NOT NULL default '0',
  `isjw` int(1) NOT NULL default '0',
  `name` varchar(25) NOT NULL default '',
  `code` mediumtext NOT NULL,
  `description` varchar(255) NOT NULL default '',
  PRIMARY KEY  (`id`)
) ENGINE=MyISAM  DEFAULT CHARSET=utf8 AUTO_INCREMENT=38 ;

--
-- Dumping data for table `pptt_avrbak_avr_player`
--


-- --------------------------------------------------------

--
-- Table structure for table `pptt_avrbak_avr_ripper`
--

CREATE TABLE IF NOT EXISTS `pptt_avrbak_avr_ripper` (
  `id` int(11) NOT NULL auto_increment,
  `version` int(11) NOT NULL default '0',
  `flags` int(11) NOT NULL default '0',
  `cindex` int(11) NOT NULL default '0',
  `name` varchar(25) NOT NULL default '',
  `url` varchar(255) NOT NULL default '',
  `regex` varchar(255) NOT NULL default '',
  `description` varchar(255) NOT NULL default '',
  PRIMARY KEY  (`id`)
) ENGINE=MyISAM  DEFAULT CHARSET=utf8 AUTO_INCREMENT=10 ;

--
-- Dumping data for table `pptt_avrbak_avr_ripper`
--


-- --------------------------------------------------------

--
-- Table structure for table `pptt_avrbak_avr_tags`
--

CREATE TABLE IF NOT EXISTS `pptt_avrbak_avr_tags` (
  `id` int(11) NOT NULL auto_increment,
  `version` int(11) NOT NULL default '0',
  `player_id` int(11) NOT NULL default '0',
  `ripper_id` int(11) NOT NULL default '0',
  `local` int(1) NOT NULL default '0',
  `plist` int(1) NOT NULL default '0',
  `name` varchar(25) NOT NULL default '',
  `postreplace` varchar(255) NOT NULL default '',
  `sampleregex` varchar(255) NOT NULL default '',
  `description` varchar(255) NOT NULL default '',
  PRIMARY KEY  (`id`),
  KEY `tag` (`name`)
) ENGINE=MyISAM  DEFAULT CHARSET=utf8 AUTO_INCREMENT=83 ;

--
-- Dumping data for table `pptt_avrbak_avr_tags`
--


-- --------------------------------------------------------

--
-- Table structure for table `pptt_avr_player`
--

CREATE TABLE IF NOT EXISTS `pptt_avr_player` (
  `id` int(11) NOT NULL auto_increment,
  `version` int(11) NOT NULL default '0',
  `minw` int(11) NOT NULL default '0',
  `minh` int(11) NOT NULL default '0',
  `isjw` int(1) NOT NULL default '0',
  `name` varchar(25) NOT NULL default '',
  `code` mediumtext NOT NULL,
  `description` varchar(255) NOT NULL default '',
  PRIMARY KEY  (`id`)
) ENGINE=MyISAM  DEFAULT CHARSET=utf8 AUTO_INCREMENT=43 ;

--
-- Dumping data for table `pptt_avr_player`
--

INSERT INTO `pptt_avr_player` (`id`, `version`, `minw`, `minh`, `isjw`, `name`, `code`, `description`) VALUES
(1, 0, 0, 0, 1, 'flv', '<script type="text/javascript">\nswfobject.embedSWF(''@RLOC@mediaplayer.swf'',''@DIVID@'',''@WIDTH@'',''@HEIGHT@'',''@FLASHVER@'',@XPINST@,\n{file:''@MURL@'',width:''@WIDTH@'',height:''@HEIGHT@'',@IF(ENABLEJS)@javascriptid:''p_@DIVID@'',\n@/IF@@IFS(PLTHUMBS)@thumbsinplaylist:''@PLTHUMBS@'',\n@/IFS@@IF(AUTOSCROLL)@autoscroll:''@AUTOSCROLL@'',\n@/IF@@IFS(TYPE)@type:''@TYPE@'',\n@/IFS@@IFS(VOLUME)@volume:''@VOLUME@'',\n@/IFS@@IFS(CFG)@config:''@CFG@'',\n@/IFS@@IFS(LINK)@link:''@LINK@'',\n@/IFS@@IFS(IMG)@image:''@IMG@'',\n@/IFS@@IFS(LINK)@linkfromdisplay:''@LINKFROMDISPLAY@'',\n@/IFS@@IFS(LINK)@linktarget:''@LINKTARGET@'',\n@/IFS@@IFS(REPEAT)@repeat:''@REPEAT@'',\n@/IFS@@IFS(SHUFFLE)@shuffle:''@SHUFFLE@'',\n@/IFS@@IFS(RECURL)@recommendations:''@RECURL@'',\n@/IFS@@IFS(DISPLAYWIDTH)@displaywidth:''@DISPLAYWIDTH@'',\n@/IFS@@IFS(DISPLAYHEIGHT)@displayheight:''@DISPLAYHEIGHT@'',\n@/IFS@@IFS(LOGO)@logo:''@LOGO@'',\n@/IFS@@IFS(CAPTIONS)@captions:''@CAPTIONS@'',\n@/IFS@@IFS(USECAPTIONS)@usecaptions:''@USECAPTIONS@'',\n@/IFS@@IFS(SEARCHLINK)@searchlink:''@SEARCHLINK@'',\n@/IFS@showeq:''@SHOWEQ@'',searchbar:''@SEARCHBAR@'',enablejs:''@ENABLEJS@'',autostart:''@AUTOSTART@'',showicons:''@SHOWICONS@'',@IF(!SHOWNAV)@shownavigation:''@SHOWNAV@'',@/IF@@IF(SHOWNAV)@showstop:''@SHOWSTOP@'',showdigits:''@SHOWDIGITS@'',\nshowdownload:''@SHOWDOWNLOAD@'',@/IF@usefullscreen:''@USEFULLSCREEN@'',backcolor:''@PBGCOLOR@'',frontcolor:''@PFGCOLOR@'',\nlightcolor:''@PHICOLOR@'',screencolor:''@PSCCOLOR@'',overstretch:''@STRETCH@''}\n,{allowscriptaccess:''always'',seamlesstabbing:''true'',allowfullscreen:''true'',wmode:''@WMODE@'',bgcolor:''@BGCOLOR@'',menu:''@MENU@''},\n{id:''p_@DIVID@'',styleclass:''@AVCSS@''});\n</script>', 'JW Media Player'),
(2, 0, 0, 0, 0, 'wmv', '<object classid="CLSID:6BF52A52-394A-11d3-B153-00C04F79FAA6"\n type="application/x-oleobject" style="width: @WIDTH@px; height: @HEIGHT@px;">\n<param name="URL" value="@MURL@" />\n<param name="stretchToFit" value="1" />\n<param name="showControls" value="1" />\n<param name="showStatusBar" value="0" />\n<param name="animationAtStart" value="1" />\n<param name="autoStart" value="@AUTOSTART!d@" />\n<param name="enableFullScreenControls" value="@USEFULLSCREEN!d@" \n/><embed src="@MURL@" style="width: @WIDTH@px; height: @HEIGHT@px;" autoStart="@AUTOSTART!d@" animationAtStart="1" enableFullScreenControls="@USEFULLSCREEN!d@" type="application/x-mplayer2"/></embed></object>', 'Windows Media Player'),
(3, 0, 0, 0, 0, 'mov', '<object codebase="http://www.apple.com/qtactivex/qtplugin.cab" classid="clsid:02BF25D5-8C17-4B23-BC80-D3488ABDDC6B" style="width: @WIDTH@px; height: @HEIGHT@px;"><param name="src" value="@MURL@" /><param name="controller" value="True" /><param name="cache" value="False" /><param name="autoplay" value="@AUTOSTART@" /><param name="kioskmode" value="False" /><param name="scale" value="tofit" /><embed src="@MURL@" pluginspage="http://www.apple.com/quicktime/download/" scale="tofit" kioskmode="False" qtsrc="@MURL@" cache="False" style="width: @WIDTH@px; height: @HEIGHT@px;" controller="True" type="video/quicktime" autoplay="@AUTOSTART@" /></object>', 'QuickTime Player'),
(4, 0, 0, 0, 0, 'rm', '<object classid="clsid:CFCDAA03-8BE4-11cf-B84B-0020AFBBCCFA" style="width: @WIDTH@px; height: @HEIGHT@px;"><param name="controls" value="ControlPanel" /><param name="autostart" value="@AUTOSTART!d@" /><param name="src" value="@MURL@" /><embed src="@MURL@" type="audio/x-pn-realaudio-plugin" style="width: @WIDTH@px; height: @HEIGHT@px;" controls="ControlPanel" autostart="@AUTOSTART!d@" /></object>', 'Real Media Player'),
(5, 0, 0, 0, 0, 'divx', '<object classid="CLSID:67DABFBF-D0AB-41fa-9C46-CC0F21721616"\ncodebase="http://download.divx.com/webplayer/stage6/windows/AutoDLDivXWebPlayerInstaller.cab" \n type="application/x-oleobject" style="width: @WIDTH@px; height: @HEIGHT@px;">\n<param name="src" value="@MURL@" />\n<param name="custommode" value="Stage6" />\n<param name="showControls" value="1" />\n<param name="showpostplaybackad" value="false" />\n<param name="allowContextMenu" value="@MENU@" />\n@IFS(IMG)@<param name="previewImage" value="@IMG@" />\n@/IFS@<param name="autoplay" value="@AUTOSTART@" \n/><embed type="video/divx" src="@MURL@" style="width: @WIDTH@px; height: @HEIGHT@px;" pluginspage="http://go.divx.com/plugin/download/" showpostplaybackad="false" custommode="Stage6" autoplay="@AUTOSTART@" allowContextMenu="@MENU@"@@IFS(IMG)@ previewImage="@IMG@"@/IFS@/></object>', 'DivX Webplayer'),
(6, 0, 0, 0, 0, '6cn', '<script type="text/javascript">\nswfobject.embedSWF(''http://6.cn/player.swf'',''@DIVID@'',''@WIDTH@'',''@HEIGHT@'',''9.0.28'',@XPINST@,\n{vid:''@CODE@'',flag:''1''},{allowfullscreen:''true'',wmode:''@WMODE@'',bgcolor:''@BGCOLOR@'',menu:''@MENU@''},{id:''p_@DIVID@'',styleclass:''@AVCSS@''});\n</script>', '6Cn.com original player'),
(7, 0, 0, 0, 0, 'biku', '<script type="text/javascript">\nswfobject.embedSWF(''http://www.biku.com/opus/player.swf?VideoID=@CODE@&embed=true&autoStart=@AUTOSTART@'',''@DIVID@'',''@WIDTH@'',''@HEIGHT@'',''9.0.28'',@XPINST@,\nfalse,{wmode:''@WMODE@'',menu:''@MENU@'',bgcolor:''@BGCOLOR@''},{id:''p_@DIVID@'',styleclass:''@AVCSS@''});\n</script>', 'Biku.com original player'),
(8, 0, 0, 0, 0, 'bofunk', '<script type="text/javascript">\nswfobject.embedSWF(''@CODE@'',''@DIVID@'',''@WIDTH@'',''@HEIGHT@'',''9.0.28'',@XPINST@,\nfalse,{allowfullscreen:''true'',wmode:''@WMODE@'',bgcolor:''@BGCOLOR@'',menu:''@MENU@''},{id:''p_@DIVID@'',styleclass:''@AVCSS@''});\n</script>', 'Bofunk.com original player'),
(9, 0, 0, 0, 0, 'break', '<script type="text/javascript">\nswfobject.embedSWF(''@CODE@'',''@DIVID@'',''@WIDTH@'',''@HEIGHT@'',''9.0.28'',@XPINST@,\nfalse,{wmode:''@WMODE@'',bgcolor:''@BGCOLOR@'',menu:''@MENU@''},{id:''p_@DIVID@'',styleclass:''@AVCSS@''});\n</script>', 'Break.com original player'),
(10, 0, 0, 0, 0, 'clipfish', '<script type="text/javascript">\nswfobject.embedSWF(''http://www.clipfish.de/videoplayer.swf?videoid=@CODE@&r=1'',''@DIVID@'',''@WIDTH@'',''@HEIGHT@'',''9.0.28'',@XPINST@,\nfalse,{wmode:''@WMODE@'',allowfullscreen:''true'',bgcolor:''@BGCOLOR@'',menu:''@MENU@''},{id:''p_@DIVID@'',styleclass:''@AVCSS@''});\n</script>', 'ClipFish.de original player'),
(11, 0, 0, 0, 0, 'collegehumor', '<script type="text/javascript">\nswfobject.embedSWF(''http://www.collegehumor.com/moogaloop/moogaloop.swf?clip_id=@CODE@'',''@DIVID@'',''@WIDTH@'',''@HEIGHT@'',''9.0.28'',@XPINST@,\nfalse,{wmode:''@WMODE@'',bgcolor:''@BGCOLOR@'',menu:''@MENU@''},{id:''p_@DIVID@'',styleclass:''@AVCSS@''});\n</script>', 'CollegeHumor original player'),
(12, 0, 420, 340, 0, 'currenttv', '<script type="text/javascript">\nswfobject.embedSWF(''http://current.com/e/@CODE@'',''@DIVID@'',''@WIDTH@'',''@HEIGHT@'',''9.0.28'',@XPINST@,\nfalse,{wmode:''@WMODE@'',bgcolor:''@BGCOLOR@'',menu:''@MENU@''},{id:''p_@DIVID@'',styleclass:''@AVCSS@''});\n</script>', 'CurrentTV original player'),
(13, 0, 0, 0, 0, 'dmotion', '<script type="text/javascript">\nswfobject.embedSWF(''http://www.dailymotion.com/swf/@CODE@'',''@DIVID@'',''@WIDTH@'',''@HEIGHT@'',''8.0.0'',@XPINST@,\n{v3:''1'',related:''0'',autoPlay:''@AUTOSTART!d@'',colors:''background:DDDDDD;glow:FFFFFF;foreground:333333;special:FFC300;''},{wmode:''@WMODE@'',bgcolor:''@BGCOLOR@'',quality:''high'',allowScriptAccess:''allways'',allowfullscreen:''true'',menu:''@MENU@''},{id:''p_@DIVID@'',styleclass:''@AVCSS@''});\n</script>', 'DailyMotion.com original player'),
(14, 0, 0, 0, 0, 'vidiac', '<script type="text/javascript">\nswfobject.embedSWF(''http://www.vidiac.com/vidiac.swf'',''@DIVID@'',''@WIDTH@'',''@HEIGHT@'',''9.0.28'',@XPINST@,\n{name:''ePlayer'',video:''@CODE@''},{wmode:''@WMODE@'',bgcolor:''@BGCOLOR@'',menu:''@MENU@''},{id:''p_@DIVID@'',styleclass:''@AVCSS@''});\n</script>', 'Vidiac.com original player'),
(15, 0, 0, 0, 0, 'gametrailers', '<script type="text/javascript">\nswfobject.embedSWF(''http://www.gametrailers.com/remote_wrap.php?mid=@CODE@'',''@DIVID@'',''@WIDTH@'',''@HEIGHT@'',''9.0.28'',@XPINST@,\nfalse,{wmode:''@WMODE@'',allowfullscreen:''true'',bgcolor:''@BGCOLOR@'',menu:''@MENU@''},{id:''p_@DIVID@'',styleclass:''@AVCSS@''});\n</script>', 'GameTrailers.com original player'),
(16, 0, 0, 0, 0, 'google', '<script type="text/javascript">\nswfobject.embedSWF(''http://video.google.com/googleplayer.swf'',''@DIVID@'',''@WIDTH@'',''@HEIGHT@'',''9.0.28'',@XPINST@,\n{@IF(AUTOSTART)@autoPlay:''true'',@/IF@docId:''@CODE@'',hl:''@LANG@''},{wmode:''@WMODE@'',bgcolor:''@BGCOLOR@'',menu:''@MENU@''},{id:''@DIVID@'',styleclass:''@AVCSS@''});\n</script>', 'Google Video original player'),
(17, 0, 0, 0, 0, 'spike', '<script type="text/javascript">\nswfobject.embedSWF(''http://www.spike.com/efp'',''@DIVID@'',''@WIDTH@'',''@HEIGHT@'',''9.0.28'',@XPINST@,\n{flvBaseClip:''@CODE@''},{name:''efp'',wmode:''@WMODE@'',bgcolor:''@BGCOLOR@'',menu:''@MENU@''},{id:''p_@DIVID@'',styleclass:''@AVCSS@''});\n</script>', 'Spike.com original player (previously iFilm.com)'),
(18, 0, 0, 0, 0, 'jumpcut', '<script type="text/javascript">\nswfobject.embedSWF(''http://www.jumpcut.com/media/flash/jump.swf'',''@DIVID@'',''@WIDTH@'',''@HEIGHT@'',''9.0.28'',@XPINST@,\n{asset_type:''movie'',asset_id:''@CODE@'',eb:''1''},{wmode:''@WMODE@'',bgcolor:''@BGCOLOR@'',menu:''@MENU@''},{id:''p_@DIVID@'',styleclass:''@AVCSS@''});\n</script>', 'JumpCut.com original player');



-- --------------------------------------------------------

--
-- Table structure for table `pptt_avr_popup`
--

CREATE TABLE IF NOT EXISTS `pptt_avr_popup` (
  `id` int(11) NOT NULL auto_increment,
  `divid` varchar(255) NOT NULL default '',
  `code` mediumtext NOT NULL,
  `width` int(11) NOT NULL default '0',
  `height` int(11) NOT NULL default '0',
  `wtime` datetime NOT NULL default '0000-00-00 00:00:00',
  PRIMARY KEY  (`id`,`divid`)
) ENGINE=MyISAM  DEFAULT CHARSET=utf8 AUTO_INCREMENT=83 ;

--
-- Dumping data for table `pptt_avr_popup`
--


-- --------------------------------------------------------

--
-- Table structure for table `pptt_avr_ripper`
--

CREATE TABLE IF NOT EXISTS `pptt_avr_ripper` (
  `id` int(11) NOT NULL auto_increment,
  `version` int(11) NOT NULL default '0',
  `flags` int(11) NOT NULL default '0',
  `cindex` int(11) NOT NULL default '0',
  `name` varchar(25) NOT NULL default '',
  `url` varchar(255) NOT NULL default '',
  `regex` varchar(255) NOT NULL default '',
  `description` varchar(255) NOT NULL default '',
  PRIMARY KEY  (`id`)
) ENGINE=MyISAM  DEFAULT CHARSET=utf8 AUTO_INCREMENT=14 ;

--
-- Dumping data for table `pptt_avr_ripper`
--

INSERT INTO `pptt_avr_ripper` (`id`, `version`, `flags`, `cindex`, `name`, `url`, `regex`, `description`) VALUES
(1, 0, 0, 0, '6cn', 'http://6.cn/watch/@CODE@.html', 'pageMessage.evid\\s*=\\s*''([^'']+)''\\s*;', '6CN.com'),
(2, 0, 0, 0, 'bofunk', 'http://www.bofunk.com/video/@CODE@.html', '<input\\stype=''text''\\svalue=''<embed\\ssrc="([^"]+)"', 'Bofunk.com'),
(3, 0, 0, 0, 'break', 'http://www.break.com/index/@CODE@.html', '<param name="movie" value="([^"]+)">', 'Break.com'),
(4, 0, 0, 0, 'dropshots', 'http://www.dropshots.com/V1.0/Media.getList?appid=dropshots&username=@USER@&min_taken_date=@CODE@&passwordprotection=false&output=xml', '<video>(.+)</video>', 'Dropshots.com'),
(5, 0, 0, 0, 'mega', 'http://www.megavideo.com/?v=@CODE@', 'addVariable\\s*\\(\\s*"flv"\\s*,\\s*"([^"]+)"[\\s\\S]*?addVariable\\s*\\(\\s*"k"\\s*,\\s*"([^"]+)"[\\s\\S]*?addVariable\\s*\\(\\s*"vid_time"\\s*,\\s*"([^"]+)"', 'MegaVideo.com'),
(6, 0, 0, 0, 'ted', 'http://www.ted.com/index.php/talks/view/id/@CODE@', 'firstRun\\s*=\\s*"([^"]+)"', 'TED.com'),
(7, 0, 0, 0, 'ted2', 'http://www.ted.com/index.php/talks/view/id/@CODE@', 'paste-->.+&file=([^&]+).*</object>', 'TED.com (for alternate player)'),
(8, 0, 0, 0, 'yahoo', 'http://video.yahoo.com/watch/@CODE@', 'addVariable\\s*\\(\\s*"id"\\s*,\\s*"([^"]+)"', 'Yahoo Video'),
(9, 0, 0, 0, 'streetfire', 'http://videos.streetfire.net/video/@CODE@.htm', '_embedCodeID.*video=([\\dabcdef\\-]+)', 'StreetFire'),
(10, 0, 0, 0, 'myshows', 'http://www.myshows.cn/myplayvideo.aspx?vid=@CODE@', 'vidFileName=([^"]+)', 'Myshows.cn (previouslyly seehaha.com)'),
(11, 0, 0, 0, 'virb', 'http://www.virb.com/@CODE@', 'external/video/([^&"]+)', 'Virb.com'),
(12, 0, 0, 0, 'blip', 'http://www.blip.tv/file/@CODE@', 'setPostsId\\s*\\(\\s*(\\d+)\\s*\\)', 'Blip.tv'),
(13, 0, 0, 0, 'apple', 'http://www.apple.com/trailers/@CODE@', '''(http:\\/\\/movies\\.apple\\.com\\/.*?\\.mov)''', 'Apple.com trailers');

-- --------------------------------------------------------

--
-- Table structure for table `pptt_avr_tags`
--

CREATE TABLE IF NOT EXISTS `pptt_avr_tags` (
  `id` int(11) NOT NULL auto_increment,
  `version` int(11) NOT NULL default '0',
  `player_id` int(11) NOT NULL default '0',
  `ripper_id` int(11) NOT NULL default '0',
  `local` int(1) NOT NULL default '0',
  `plist` int(1) NOT NULL default '0',
  `name` varchar(25) NOT NULL default '',
  `postreplace` varchar(255) NOT NULL default '',
  `sampleregex` varchar(255) NOT NULL default '',
  `description` varchar(255) NOT NULL default '',
  PRIMARY KEY  (`id`),
  KEY `tag` (`name`)
) ENGINE=MyISAM  DEFAULT CHARSET=utf8 AUTO_INCREMENT=94 ;

--
-- Dumping data for table `pptt_avr_tags`
--

INSERT INTO `pptt_avr_tags` (`id`, `version`, `player_id`, `ripper_id`, `local`, `plist`, `name`, `postreplace`, `sampleregex`, `description`) VALUES
(1, 0, 1, 0, 1, 1, 'flv', 'a:1:{s:6:"@MURL@";s:16:"@VLOC@@CODE@.flv";}', '^(.+)\\.flv$', 'Local FLV'),
(2, 0, 1, 0, 0, 1, 'flvremote', 'a:1:{s:6:"@MURL@";s:6:"@CODE@";}', '^(https{0,1}:\\/\\/.*\\.flv)$', 'Generic Remote FLV'),
(3, 0, 1, 0, 1, 1, 'swf', 'a:1:{s:6:"@MURL@";s:16:"@VLOC@@CODE@.swf";}', '^(.+)\\.swf$', 'Local SWF Video'),
(4, 0, 1, 0, 0, 1, 'swfremote', 'a:1:{s:6:"@MURL@";s:6:"@CODE@";}', '^(https{0,1}:\\/\\/.*\\.swf)$', 'Generic Remote SWF Video'),
(5, 0, 1, 0, 1, 1, 'mp3', 'a:3:{s:7:"@WIDTH@";s:8:"@AWIDTH@";s:8:"@HEIGHT@";s:9:"@AHEIGHT@";s:6:"@MURL@";s:16:"@ALOC@@CODE@.mp3";}', '^(.+)\\.mp3$', 'Local MP3'),
(6, 0, 1, 0, 0, 1, 'mp3remote', 'a:3:{s:7:"@WIDTH@";s:8:"@AWIDTH@";s:8:"@HEIGHT@";s:9:"@AHEIGHT@";s:6:"@MURL@";s:6:"@CODE@";}', '^(https{0,1}:\\/\\/.*\\.mp3)$', 'Generic Remote MP3'),
(7, 0, 1, 0, 1, 1, 'mp4-flv', 'a:2:{s:6:"@TYPE@";s:3:"flv";s:6:"@MURL@";s:16:"@VLOC@@CODE@.mp4";}', '^(.+)\\.mp4$', 'Local MP4 (JW Media Player)'),
(8, 0, 1, 0, 0, 1, 'mp4-flvremote', 'a:4:{s:7:"@WIDTH@";s:7:"@WIDTH@";s:8:"@HEIGHT@";s:8:"@HEIGHT@";s:6:"@TYPE@";s:3:"flv";s:6:"@MURL@";s:6:"@CODE@";}', '^(https{0,1}:\\/\\/.*\\.mp4)$', 'Generic Remote MP4 (JW Media Player)'),
(9, 0, 1, 0, 1, 1, 'm4v', 'a:1:{s:6:"@MURL@";s:16:"@VLOC@@CODE@.m4v";}', '^(.+)\\.m4v$', 'Local M4V'),
(10, 0, 1, 0, 0, 1, 'm4vremote', 'a:1:{s:6:"@MURL@";s:6:"@CODE@";}', '^(https{0,1}:\\/\\/.*\\.m4v)$', 'Generic Remote M4V'),
(11, 0, 1, 0, 1, 1, '3gp', 'a:1:{s:6:"@MURL@";s:16:"@VLOC@@CODE@.3gp";}', '^(.+)\\.3gp$', 'Local 3GP'),
(12, 0, 1, 0, 0, 1, '3gpremote', 'a:1:{s:6:"@MURL@";s:6:"@CODE@";}', '^(https{0,1}:\\/\\/.*\\.3gp)$', 'Generic Remote 3GP'),
(13, 0, 1, 0, 1, 1, 'rbs', 'a:1:{s:6:"@MURL@";s:16:"@VLOC@@CODE@.rbs";}', '^(.+)\\.rbs$', 'Local RBS'),
(14, 0, 1, 0, 0, 1, 'rbsremote', 'a:1:{s:6:"@MURL@";s:6:"@CODE@";}', '^(https{0,1}:\\/\\/.*\\.rbs)$', 'Generic Remote RBS'),
(15, 0, 1, 0, 1, 0, 'auto', 'a:1:{s:6:"@MURL@";s:12:"@VLOC@@CODE@";}', '^(.+\\.xml)$', 'Local Playlist'),
(16, 0, 1, 0, 0, 0, 'autoremote', 'a:1:{s:6:"@MURL@";s:6:"@CODE@";}', '^(https{0,1}:\\/\\/.*\\.xml)$', 'Generic Remote Playlist'),
(17, 0, 2, 0, 1, 0, 'wmv', 'a:1:{s:6:"@MURL@";s:16:"@VLOC@@CODE@.wmv";}', '^(.+)\\.wmv$', 'Local WMV'),
(18, 0, 2, 0, 0, 0, 'wmvremote', 'a:1:{s:6:"@MURL@";s:6:"@CODE@";}', '^(https{0,1}:\\/\\/.*\\.wmv)$', 'Generic Remote WMV'),
(19, 0, 2, 0, 1, 0, 'wma', 'a:1:{s:6:"@MURL@";s:16:"@VLOC@@CODE@.wma";}', '^(.+)\\.wma$', 'Local WMA'),
(20, 0, 2, 0, 0, 0, 'wmaremote', 'a:3:{s:7:"@WIDTH@";s:8:"@AWIDTH@";s:8:"@HEIGHT@";s:9:"@AHEIGHT@";s:6:"@MURL@";s:6:"@CODE@";}', '^(https{0,1}:\\/\\/.*\\.wma)$', 'Generic Remote WMA'),
(21, 0, 2, 0, 1, 0, 'avi', 'a:1:{s:6:"@MURL@";s:16:"@VLOC@@CODE@.avi";}', '^(.+)\\.avi$', 'Local AVI'),
(22, 0, 2, 0, 0, 0, 'aviremote', 'a:1:{s:6:"@MURL@";s:6:"@CODE@";}', '^(https{0,1}:\\/\\/.*\\.avi)$', 'Generic Remote AVI'),
(23, 0, 2, 0, 1, 0, 'mpg', 'a:1:{s:6:"@MURL@";s:16:"@VLOC@@CODE@.mpg";}', '^(.+)\\.mpg$', 'Local MPG'),
(24, 0, 2, 0, 0, 0, 'mpgremote', 'a:1:{s:6:"@MURL@";s:6:"@CODE@";}', '^(https{0,1}:\\/\\/.*\\.mpg)$', 'Generic Remote MPG'),
(25, 0, 2, 0, 1, 0, 'mpeg', 'a:1:{s:6:"@MURL@";s:17:"@VLOC@@CODE@.mpeg";}', '^(.+)\\.mpeg$', 'Local MPEG'),
(26, 0, 2, 0, 0, 0, 'mpegremote', 'a:1:{s:6:"@MURL@";s:6:"@CODE@";}', '^(https{0,1}:\\/\\/.*\\.mpeg)$', 'Generic Remote MPEG'),
(27, 0, 3, 0, 1, 0, 'mov', 'a:1:{s:6:"@MURL@";s:16:"@VLOC@@CODE@.mov";}', '^(.+)\\.mov$', 'Local MOV (QuickTime)'),
(28, 0, 3, 0, 0, 0, 'movremote', 'a:1:{s:6:"@MURL@";s:6:"@CODE@";}', '^(https{0,1}:\\/\\/.*\\.mov)$', 'Generic Remote MOV (QuickTime)'),
(29, 0, 3, 0, 1, 0, 'mp4', 'a:1:{s:6:"@MURL@";s:16:"@VLOC@@CODE@.mp4";}', '^(.+)\\.mp4', 'Local MP4 (QuickTime)'),
(30, 0, 3, 0, 0, 0, 'mp4remote', 'a:1:{s:6:"@MURL@";s:6:"@CODE@";}', '^(https{0,1}:\\/\\/.*\\.mp4)$', 'Generic Remote MP4 (QuickTime)'),
(31, 0, 4, 0, 1, 0, 'rm', 'a:1:{s:6:"@MURL@";s:15:"@VLOC@@CODE@.rm";}', '^(.+)\\.rm$', 'Local RM (RealMedia)'),
(32, 0, 4, 0, 2, 0, 'rmremote', 'a:1:{s:6:"@MURL@";s:6:"@CODE@";}', '^(https{0,1}:\\/\\/.*\\.rm)$', 'Generic Remote RM (RealMedia)'),
(33, 0, 4, 0, 1, 0, 'ram', 'a:1:{s:6:"@MURL@";s:16:"@VLOC@@CODE@.ram";}', '^(.+)\\.ram$', 'Local RAM (RealMedia)'),
(34, 0, 4, 0, 0, 0, 'ramremote', 'a:1:{s:6:"@MURL@";s:6:"@CODE@";}', '^(https{0,1}:\\/\\/.*\\.ram)$', 'Generic Remote RAM (RealMedia)'),
(35, 0, 5, 0, 1, 0, 'divx', 'a:1:{s:6:"@MURL@";s:17:"@VLOC@@CODE@.divx";}', '^(.+)\\.divx', 'Local DivX'),
(36, 0, 5, 0, 0, 0, 'divxremote', 'a:1:{s:6:"@MURL@";s:6:"@CODE@";}', '^(https{0,1}:\\/\\/.*\\.divx)$', 'Generic Remote DivX'),
(37, 0, 6, 1, 0, 0, '6cn', '', 'http:\\/\\/6\\.cn\\/watch\\/(\\d+)\\.html', '6CN.com'),
(38, 0, 7, 0, 0, 0, 'biku', '', 'http:\\/\\/www\\.biku\\.com\\/opus\\/(\\d+)\\.html', 'Biku.com'),
(39, 0, 8, 2, 0, 0, 'bofunk', '', 'http:\\/\\/www.bofunk.com\\/video\\/(\\d+\\/[^\\.]+)\\.html$', 'Bofunk.com'),
(40, 0, 9, 3, 0, 0, 'break', '', 'http:\\/\\/www\\.break\\.com\\/index\\/(.*)\\.html$', 'Break.com'),
(41, 0, 10, 0, 0, 0, 'clipfish', '', 'http:\\/\\/www\\.clipfish\\.de\\/player\\.php\\?videoid=(.+)', 'ClipFish.de'),
(42, 0, 11, 0, 0, 0, 'collegehumor', '', 'http:\\/\\/www\\.collegehumor\\.com\\/video:(\\d+)', 'College Humor'),
(43, 0, 12, 0, 0, 0, 'currenttv', '', 'http:\\/\\/current\\.com\\/items\\/(\\d+)_.*', 'Current-TV'),
(44, 0, 13, 0, 0, 0, 'dmotion', '', 'http:\\/\\/www\\.dailymotion\\.com\\/.*video\\/([^_]+)_[^\\/]+$', 'DailyMotion.com'),
(45, 0, 1, 4, 0, 0, 'dropshots', 'a:1:{s:6:"@MURL@";s:6:"@CODE@";}', '', 'Dropshots.com'),
(46, 0, 14, 0, 0, 0, 'freevideoblog', '', 'http:\\/\\/www\\.vidiac\\.com\\/video\\/([\\dabcdef\\-]+)\\.htm$', 'Vidiac.com (previously FreeVideoBlog)'),
(47, 0, 15, 0, 0, 0, 'gametrailers', '', 'http:\\/\\/www\\.gametrailers\\.com\\/player\\/(\\d+)\\.html$', 'GameTrailers'),
(48, 0, 16, 0, 0, 0, 'google', 'a:1:{s:6:"@LANG@";s:2:"en";}', 'http:\\/\\/video\\.google\\.com\\/videoplay\\?docid=(-{0,1}\\d+)', 'Google Video (international)'),
(49, 0, 16, 0, 0, 0, 'google.co.uk', 'a:1:{s:6:"@LANG@";s:5:"en-GB";}', 'http:\\/\\/video\\.google\\.co\\.uk\\/videoplay\\?docid=(-{0,1}\\d+)$', 'Google Video (UK)'),
(50, 0, 16, 0, 0, 0, 'google.com.au', 'a:1:{s:6:"@LANG@";s:5:"en-AU";}', 'http:\\/\\/video\\.google\\.com\\.au\\/videoplay\\?docid=(-{0,1}\\d+)$', 'Google Video (Australia)'),
(51, 0, 16, 0, 0, 0, 'google.de', 'a:1:{s:6:"@LANG@";s:2:"de";}', 'http:\\/\\/video\\.google\\.de\\/videoplay\\?docid=(-{0,1}\\d+)$', 'Google Video (Germany)'),
(52, 0, 16, 0, 0, 0, 'google.es', 'a:1:{s:6:"@LANG@";s:2:"es";}', 'http:\\/\\/video\\.google\\.es\\/videoplay\\?docid=(-{0,1}\\d+)$', 'Google Video (Spain)'),
(53, 0, 16, 0, 0, 0, 'google.fr', 'a:1:{s:6:"@LANG@";s:2:"fr";}', 'http:\\/\\/video\\.google\\.fr\\/videoplay\\?docid=(-{0,1}\\d+)$', 'Google Video (France)'),
(54, 0, 16, 0, 0, 0, 'google.it', 'a:1:{s:6:"@LANG@";s:2:"it";}', 'http:\\/\\/video\\.google\\.it\\/videoplay\\?docid=(-{0,1}\\d+)$', 'Google Video (Italy)'),
(55, 0, 16, 0, 0, 0, 'google.nl', 'a:1:{s:6:"@LANG@";s:2:"nl";}', 'http:\\/\\/video\\.google\\.nl\\/videoplay\\?docid=(-{0,1}\\d+)$', 'Google Video (Netherlands)'),
(56, 0, 16, 0, 0, 0, 'google.pl', 'a:1:{s:6:"@LANG@";s:2:"pl";}', 'http:\\/\\/video\\.google\\.pl\\/videoplay\\?docid=(-{0,1}\\d+)$', 'Google Video (Poland)'),
(57, 0, 17, 0, 0, 0, 'ifilm', '', '', 'Spike.com (previously iFilm.com)'),
(58, 0, 18, 0, 0, 0, 'jumpcut', '', 'http:\\/\\/www\\.jumpcut\\.com\\/view\\/{0,1}\\?id=([A-F\\d]+)$', 'JumpCut.com'),
(59, 0, 19, 5, 0, 0, 'mega', '', 'http:\\/\\/www\\.megavideo\\.com\\/\\?v=(\\w+)$', 'MegaVideo.com'),
(60, 0, 20, 0, 0, 0, 'metacafe', '', 'http:\\/\\/www\\.metacafe\\.com\\/watch\\/(\\d+\\/[a-z_]+)\\/$', 'Metacafe.com'),
(61, 0, 21, 0, 0, 0, 'mofile', '', 'http:\\/\\/tv\\.mofile\\.com\\/([^\\/]+)\\/$', 'Mofile TV'),
(62, 0, 22, 0, 0, 0, 'myvideo', '', 'http:\\/\\/www\\.myvideo\\.de\\/watch\\/(\\d+)', 'MyVideo.de'),
(63, 0, 23, 0, 0, 0, 'quxiu', '', 'http:\\/\\/www\\.quxiu\\.com\\/video\\/play_(\\d+_\\d+)\\.htm$', 'Quixu.com'),
(64, 0, 24, 0, 0, 0, 'revver', '', 'http:\\/\\/www\\.revver\\.com\\/video\\/(\\d+)\\/[^\\/]+\\/$', 'Revver.com (using Flash)'),
(65, 0, 25, 0, 0, 0, 'seehaha', '', 'http:\\/\\/www\\.seehaha\\.com\\/play\\/(\\d+)$', 'SeeHaha.com'),
(66, 0, 26, 0, 0, 0, 'sevenload', '', 'http:\\/\\/de\\.sevenload\\.com\\/videos\\/([^\\/\\-]{1,7})[^\\/\\-]?[\\/\\-][^\\/]+$', 'SevenLoad.de'),
(67, 0, 27, 0, 0, 0, 'stickam', '', 'http:\\/\\/www\\.stickam\\.com\\/editMediaComment\\.do\\?method=load&mId=(\\d+)$', 'StickAm.com'),
(68, 0, 28, 0, 0, 0, 'streetfire', '', 'http:\\/\\/videos\\.streetfire\\.net\\/video\\/([\\dabcdef-]+)\\.htm$', 'StreetFire Videos (Old variant)'),
(69, 0, 29, 6, 0, 0, 'ted', '', 'http:\\/\\/www\\.ted\\.com\\/(?:index\\.php\\/)?talks\\/view\\/id\\/(\\d+)$', 'TED.com (Original Player)'),
(70, 0, 30, 7, 0, 0, 'ted2', '', 'http:\\/\\/www\\.ted\\.com\\/index\\.php\\/talks\\/view\\/id\\/(\\d+)$', 'TED.com (Foreign Player)'),
(71, 0, 31, 0, 0, 0, 'tudou', '', 'http:\\/\\/www\\.tudou\\.com\\/programs\\/view\\/([^\\/]+)\\/$', 'Tudou.com'),
(72, 0, 32, 0, 0, 0, 'uume', '', 'http:\\/\\/www\\.uume\\.com\\/play_([^\\/]+)$', 'Uume.com'),
(73, 0, 33, 0, 0, 0, 'vimeo', '', 'http:\\/\\/(?:www\\.)?vimeo\\.com\\/(\\d+)$', 'Vimeo'),
(74, 0, 34, 0, 0, 0, 'virb', '', '', 'Virb.com'),
(75, 0, 1, 0, 0, 0, 'wangyou', 'a:1:{s:6:"@MURL@";s:50:"http://v.wangyou.com/playlistMedia.php%3Fid=@CODE@";}', 'http:\\/\\/v\\.wangyou\\.com\\/p([^\\.]+)\\.html', 'WangYou.com'),
(76, 0, 36, 8, 0, 0, 'yahoo', '', 'http:\\/\\/video\\.yahoo\\.com\\/watch\\/(\\d+)\\/.*$', 'Yahoo Video'),
(77, 0, 37, 0, 0, 0, 'youtube', '', 'http:\\/\\/(?:\\w+\\.)?youtube\\.com\\/watch\\?.*v=([^&]+).*$', 'YouTube (Original Player)'),
(78, 0, 1, 0, 0, 1, 'youtubejw', 'a:2:{s:10:"@IFS(IMG)@";s:59:"image:''http://i.ytimg.com/vi/@CODE@/default.jpg'',@IFS(IMG)@";s:6:"@MURL@";s:41:"http://www.youtube.com/watch%3Fv%3D@CODE@";}', 'http:\\/\\/(?:\\w+\\.)?youtube\\.com\\/watch\\?.*v=([^&]+).*$', 'YouTube (JW Media Player)');
INSERT INTO `pptt_avr_tags` (`id`, `version`, `player_id`, `ripper_id`, `local`, `plist`, `name`, `postreplace`, `sampleregex`, `description`) VALUES
(81, 0, 3, 0, 0, 0, 'revver-mov', 'a:1:{s:6:"@MURL@";s:50:"http://media.revver.com/broadcast/@CODE@/video.mov";}', '', 'Revver.com (using QuickTime)'),
(82, 0, 28, 9, 0, 0, 'streetfire2', '', 'http:\\/\\/videos\\.streetfire\\.net\\/video\\/([^\\/\\.]+)\\.htm$', 'StreetFire Videos'),
(83, 0, 14, 0, 0, 0, 'vidiac', '', 'http:\\/\\/www\\.vidiac\\.com\\/video\\/([\\dabcdef\\-]+)\\.htm$', 'Vidiac.com (previously FreeVideoBlog)'),
(84, 0, 39, 0, 1, 0, 'flash', 'a:1:{s:6:"@MURL@";s:16:"@VLOC@@CODE@.swf";}', '^(.+)\\.swf$', 'Plain local flash embedding (for flash animations)'),
(85, 0, 39, 0, 0, 0, 'flashremote', 'a:1:{s:6:"@MURL@";s:6:"@CODE@";}', '^(https{0,1}:\\/\\/.*\\.swf)$', 'Plain remote flash embedding (for flash animations)'),
(86, 0, 17, 0, 0, 0, 'spike', '', '^http:\\/\\/www\\.spike\\.com\\/video\\/.*\\/(\\d+)$', 'Spike.com (previously iFilm.com)'),
(87, 0, 40, 0, 0, 0, 'bcove', '', '^http:\\/\\/www\\.brightcove\\.tv\\/title\\.jsp\\?title=(\\d+).*$', 'Brightcove.tv'),
(88, 0, 41, 10, 0, 0, 'myshows', '', 'http:\\/\\/www\\.myshows\\.cn\\/myplayvideo\\.aspx\\?vid=(\\d+)', 'Myshows.cn (previouslyly seehaha.com)'),
(89, 0, 34, 11, 0, 0, 'virb2', '', 'http:\\/\\/www\\.virb\\.com\\/(.*)$', 'Virb.com'),
(90, 0, 42, 12, 0, 0, 'blip', '', '^http:\\/\\/(?:www\\.)?blip\\.tv\\/file\\/(\\d+).*', 'Blip.tv'),
(91, 0, 1, 12, 0, 0, 'blipjw', 'a:1:{s:6:"@MURL@";s:57:"http://blip.tv/rss/flash/@CODE@?referrer=blip.tv&source=1";}', '^http:\\/\\/(?:www\\.)?blip\\.tv\\/file\\/(\\d+)\\?.*', 'Blip.tv using JW Media Player'),
(92, 0, 3, 13, 0, 0, 'apple', 'a:1:{s:6:"@MURL@";s:6:"@CODE@";}', '^http:\\/\\/www\\.apple\\.com\\/trailers\\/(.*)', 'Apple.com trailers'),
(93, 0, 39, 0, 0, 0, 'movieweb', 'a:1:{s:6:"@MURL@";s:32:"http://www.movieweb.com/v/@CODE@";}', 'http:\\/\\/www\\.movieweb\\.com\\/video\\/(\\w+)$', 'MovieWeb');

-- --------------------------------------------------------

--
-- Table structure for table `pptt_banner`
--

CREATE TABLE IF NOT EXISTS `pptt_banner` (
  `bid` int(11) NOT NULL auto_increment,
  `cid` int(11) NOT NULL default '0',
  `type` varchar(30) NOT NULL default 'banner',
  `name` varchar(255) NOT NULL default '',
  `alias` varchar(255) NOT NULL default '',
  `imptotal` int(11) NOT NULL default '0',
  `impmade` int(11) NOT NULL default '0',
  `clicks` int(11) NOT NULL default '0',
  `imageurl` varchar(100) NOT NULL default '',
  `clickurl` varchar(200) NOT NULL default '',
  `date` datetime default NULL,
  `showBanner` tinyint(1) NOT NULL default '0',
  `checked_out` tinyint(1) NOT NULL default '0',
  `checked_out_time` datetime NOT NULL default '0000-00-00 00:00:00',
  `editor` varchar(50) default NULL,
  `custombannercode` text,
  `catid` int(10) unsigned NOT NULL default '0',
  `description` text NOT NULL,
  `sticky` tinyint(1) unsigned NOT NULL default '0',
  `ordering` int(11) NOT NULL default '0',
  `publish_up` datetime NOT NULL default '0000-00-00 00:00:00',
  `publish_down` datetime NOT NULL default '0000-00-00 00:00:00',
  `tags` text NOT NULL,
  `params` text NOT NULL,
  PRIMARY KEY  (`bid`),
  KEY `viewbanner` (`showBanner`),
  KEY `idx_banner_catid` (`catid`)
) ENGINE=MyISAM DEFAULT CHARSET=utf8 AUTO_INCREMENT=1 ;

--
-- Dumping data for table `pptt_banner`
--


-- --------------------------------------------------------

--
-- Table structure for table `pptt_bannerclient`
--

CREATE TABLE IF NOT EXISTS `pptt_bannerclient` (
  `cid` int(11) NOT NULL auto_increment,
  `name` varchar(255) NOT NULL default '',
  `contact` varchar(255) NOT NULL default '',
  `email` varchar(255) NOT NULL default '',
  `extrainfo` text NOT NULL,
  `checked_out` tinyint(1) NOT NULL default '0',
  `checked_out_time` time default NULL,
  `editor` varchar(50) default NULL,
  PRIMARY KEY  (`cid`)
) ENGINE=MyISAM DEFAULT CHARSET=utf8 AUTO_INCREMENT=1 ;

--
-- Dumping data for table `pptt_bannerclient`
--


-- --------------------------------------------------------

--
-- Table structure for table `pptt_bannertrack`
--

CREATE TABLE IF NOT EXISTS `pptt_bannertrack` (
  `track_date` date NOT NULL default '0000-00-00',
  `track_type` int(10) unsigned NOT NULL default '0',
  `banner_id` int(10) unsigned NOT NULL default '0'
) ENGINE=MyISAM DEFAULT CHARSET=utf8 ROW_FORMAT=FIXED;

--
-- Dumping data for table `pptt_bannertrack`
--


-- --------------------------------------------------------

--
-- Table structure for table `pptt_categories`
--

CREATE TABLE IF NOT EXISTS `pptt_categories` (
  `id` int(11) NOT NULL auto_increment,
  `parent_id` int(11) NOT NULL default '0',
  `title` varchar(255) NOT NULL default '',
  `name` varchar(255) NOT NULL default '',
  `alias` varchar(255) NOT NULL default '',
  `image` varchar(255) NOT NULL default '',
  `section` varchar(50) NOT NULL default '',
  `image_position` varchar(30) NOT NULL default '',
  `description` text NOT NULL,
  `published` tinyint(1) NOT NULL default '0',
  `checked_out` int(11) unsigned NOT NULL default '0',
  `checked_out_time` datetime NOT NULL default '0000-00-00 00:00:00',
  `editor` varchar(50) default NULL,
  `ordering` int(11) NOT NULL default '0',
  `access` tinyint(3) unsigned NOT NULL default '0',
  `count` int(11) NOT NULL default '0',
  `params` text NOT NULL,
  PRIMARY KEY  (`id`),
  KEY `cat_idx` (`section`,`published`,`access`),
  KEY `idx_access` (`access`),
  KEY `idx_checkout` (`checked_out`)
) ENGINE=MyISAM  DEFAULT CHARSET=utf8 AUTO_INCREMENT=27 ;

--
-- Dumping data for table `pptt_categories`
--

INSERT INTO `pptt_categories` (`id`, `parent_id`, `title`, `name`, `alias`, `image`, `section`, `image_position`, `description`, `published`, `checked_out`, `checked_out_time`, `editor`, `ordering`, `access`, `count`, `params`) VALUES
(1, 0, 'Actualitatea interna', 'Actualitatea interna', 'actualitatea-interna', '', '1', 'left', '', 1, 0, '0000-00-00 00:00:00', '', 2, 0, 0, 'imagefolders=*2*'),
(17, 0, 'Cereri materiale', 'Cereri materiale', 'cereri-materiale', '', '1', 'left', 'Aceasta categorie contine .....<br /><div align="right"><a href="#">+Adauga </a> <br /></div>', 0, 0, '0000-00-00 00:00:00', '', 13, 0, 0, 'imagefolders=*2*'),
(3, 0, 'Piata imobiliara', 'Piata imobiliara', 'piata-imobiliara', '', '1', 'left', '', 0, 0, '0000-00-00 00:00:00', '', 18, 0, 0, 'imagefolders=*2*'),
(4, 0, 'Analiza', 'Analiza', 'analiza', '', '1', 'left', '', 0, 0, '0000-00-00 00:00:00', '', 17, 0, 0, 'imagefolders=*2*'),
(11, 0, 'Licitatii si lucrari', 'Licitatii si lucrari', 'licitatii-si-lucrari', '', '1', 'left', '', 0, 0, '0000-00-00 00:00:00', '', 15, 0, 0, 'imagefolders=*2*'),
(7, 0, 'Agenda externa', 'Agenda externa', 'agenda-externa', '', '1', 'left', '', 1, 0, '0000-00-00 00:00:00', '', 7, 0, 0, 'imagefolders=*2*'),
(8, 0, 'Rampa', 'Rampa', 'rampa', '', 'com_contact_details', 'left', '', 1, 0, '0000-00-00 00:00:00', '', 1, 0, 0, ''),
(10, 0, 'Opinii', 'Opinii si Interviu', 'opinii', '', '1', 'left', '', 0, 0, '0000-00-00 00:00:00', NULL, 16, 0, 0, 'imagefolders=*2*'),
(12, 0, 'Oportunitati de afaceri', 'Oportunitati de afaceri', 'oportunitati-de-afaceri', '', '1', 'left', '', 0, 0, '0000-00-00 00:00:00', '', 14, 0, 0, 'imagefolders=/stiri/licitatii'),
(13, 0, 'Anunt Flash', 'Anunt Flash', 'anunt-flash', '', '3', 'left', '', 1, 0, '0000-00-00 00:00:00', '', 1, 0, 0, 'imagefolders=*2*'),
(16, 0, 'Info-Santiere', 'Info-Santiere', 'info-santiere', '', '1', 'left', '', 1, 0, '0000-00-00 00:00:00', '', 5, 0, 0, 'imagefolders=*1*'),
(18, 0, 'Autorizatii de construire', 'Autorizatii de construire', 'autorizatii-de-construire', '', '1', 'left', '', 0, 0, '0000-00-00 00:00:00', '', 12, 0, 0, 'imagefolders=*2*'),
(19, 0, 'Licitatii - anunturi si castigatori', 'Licitatii - anunturi si castigatori', 'licitatii-anunturi-si-castigatori', '', '1', 'left', '', 0, 0, '0000-00-00 00:00:00', '', 11, 0, 0, 'imagefolders=*2*'),
(20, 0, 'Proiecte si cereri de materiale', 'Proiecte si cereri de materiale', 'proiecte-si-cereri-de-materiale', '', '1', 'left', '', 0, 0, '0000-00-00 00:00:00', NULL, 10, 0, 0, 'imagefolders=*2*'),
(21, 0, 'TOP - Agenda Constructiilor', 'TOP - Agenda Constructiilor', 'top-agenda-constructiilor', '', '1', 'left', '', 1, 0, '0000-00-00 00:00:00', '', 4, 0, 0, 'imagefolders=*2*'),
(22, 0, 'Agenda tehnica', 'Agenda tehnica', 'agenda-tehnica', '', '1', 'left', '', 1, 0, '0000-00-00 00:00:00', '', 8, 0, 0, 'imagefolders=/agenda-tehnica'),
(23, 0, 'Comunicate & Anunturi', 'Comunicate & Anunturi', 'comunicate-a-anunturi', '', '1', 'left', '', 1, 0, '0000-00-00 00:00:00', '', 9, 0, 0, 'imagefolders=*2*'),
(24, 0, 'Actualitatea internationala', 'Actualitatea internationala', 'actualitatea-internationala', '', '1', 'left', '', 0, 0, '0000-00-00 00:00:00', '', 6, 0, 0, 'imagefolders=*2*'),
(25, 0, 'Companii', 'Companii', 'companii', '', '1', 'left', '', 0, 0, '0000-00-00 00:00:00', '', 3, 0, 0, 'imagefolders=*2*'),
(26, 0, 'Ultima ora', 'Ultima ora', 'ultima-ora', '', '1', 'left', '', 1, 0, '0000-00-00 00:00:00', '', 1, 0, 0, 'imagefolders=*2*');

-- --------------------------------------------------------

--
-- Table structure for table `pptt_cdlockarticle`
--

CREATE TABLE IF NOT EXISTS `pptt_cdlockarticle` (
  `id` int(11) unsigned NOT NULL auto_increment,
  `articleid` int(11) unsigned NOT NULL default '0',
  `password` varchar(255) default '',
  `headertext` mediumtext,
  `lockedby` int(11) unsigned NOT NULL default '0',
  PRIMARY KEY  (`id`)
) ENGINE=MyISAM DEFAULT CHARSET=utf8 AUTO_INCREMENT=1 ;

--
-- Dumping data for table `pptt_cdlockarticle`
--


-- --------------------------------------------------------

--
-- Table structure for table `pptt_components`
--

CREATE TABLE IF NOT EXISTS `pptt_components` (
  `id` int(11) NOT NULL auto_increment,
  `name` varchar(50) NOT NULL default '',
  `link` varchar(255) NOT NULL default '',
  `menuid` int(11) unsigned NOT NULL default '0',
  `parent` int(11) unsigned NOT NULL default '0',
  `admin_menu_link` varchar(255) NOT NULL default '',
  `admin_menu_alt` varchar(255) NOT NULL default '',
  `option` varchar(50) NOT NULL default '',
  `ordering` int(11) NOT NULL default '0',
  `admin_menu_img` varchar(255) NOT NULL default '',
  `iscore` tinyint(4) NOT NULL default '0',
  `params` text NOT NULL,
  `enabled` tinyint(4) NOT NULL default '1',
  PRIMARY KEY  (`id`),
  KEY `parent_option` (`parent`,`option`(32))
) ENGINE=MyISAM  DEFAULT CHARSET=utf8 AUTO_INCREMENT=456 ;

--
-- Dumping data for table `pptt_components`
--

INSERT INTO `pptt_components` (`id`, `name`, `link`, `menuid`, `parent`, `admin_menu_link`, `admin_menu_alt`, `option`, `ordering`, `admin_menu_img`, `iscore`, `params`, `enabled`) VALUES
(1, 'Banners', '', 0, 0, '', 'Banner Management', 'com_banners', 0, 'js/ThemeOffice/component.png', 0, 'track_impressions=0\ntrack_clicks=0\ntag_prefix=\n\n', 1),
(2, 'Banners', '', 0, 1, 'option=com_banners', 'Active Banners', 'com_banners', 1, 'js/ThemeOffice/edit.png', 0, '', 1),
(3, 'Clients', '', 0, 1, 'option=com_banners&c=client', 'Manage Clients', 'com_banners', 2, 'js/ThemeOffice/categories.png', 0, '', 1),
(4, 'Web Links', 'option=com_weblinks', 0, 0, '', 'Manage Weblinks', 'com_weblinks', 0, 'js/ThemeOffice/component.png', 0, 'show_comp_description=1\ncomp_description=\nshow_link_hits=1\nshow_link_description=1\nshow_other_cats=1\nshow_headings=1\nshow_page_title=1\nlink_target=0\nlink_icons=\n\n', 1),
(5, 'Links', '', 0, 4, 'option=com_weblinks', 'View existing weblinks', 'com_weblinks', 1, 'js/ThemeOffice/edit.png', 0, '', 1),
(6, 'Categories', '', 0, 4, 'option=com_categories&section=com_weblinks', 'Manage weblink categories', '', 2, 'js/ThemeOffice/categories.png', 0, '', 1),
(7, 'Contacts', 'option=com_contact', 0, 0, '', 'Edit contact details', 'com_contact', 0, 'js/ThemeOffice/component.png', 1, 'contact_icons=0\nicon_address=\nicon_email=\nicon_telephone=\nicon_fax=\nicon_misc=\nshow_headings=1\nshow_position=1\nshow_email=0\nshow_telephone=1\nshow_mobile=1\nshow_fax=1\nbannedEmail=\nbannedSubject=\nbannedText=\nsession=1\ncustomReply=0\n\n', 1),
(8, 'Contacts', '', 0, 7, 'option=com_contact', 'Edit contact details', 'com_contact', 0, 'js/ThemeOffice/edit.png', 1, '', 1),
(9, 'Categories', '', 0, 7, 'option=com_categories&section=com_contact_details', 'Manage contact categories', '', 2, 'js/ThemeOffice/categories.png', 1, 'contact_icons=0\nicon_address=\nicon_email=\nicon_telephone=\nicon_fax=\nicon_misc=\nshow_headings=1\nshow_position=1\nshow_email=0\nshow_telephone=1\nshow_mobile=1\nshow_fax=1\nbannedEmail=\nbannedSubject=\nbannedText=\nsession=1\ncustomReply=0\n\n', 1),
(10, 'Polls', 'option=com_poll', 0, 0, 'option=com_poll', 'Manage Polls', 'com_poll', 0, 'js/ThemeOffice/component.png', 0, '', 1),
(11, 'News Feeds', 'option=com_newsfeeds', 0, 0, '', 'News Feeds Management', 'com_newsfeeds', 0, 'js/ThemeOffice/component.png', 0, '', 1),
(12, 'Feeds', '', 0, 11, 'option=com_newsfeeds', 'Manage News Feeds', 'com_newsfeeds', 1, 'js/ThemeOffice/edit.png', 0, 'show_headings=1\nshow_name=1\nshow_articles=1\nshow_link=1\nshow_cat_description=1\nshow_cat_items=1\nshow_feed_image=1\nshow_feed_description=1\nshow_item_description=1\nfeed_word_count=0\n\n', 1),
(13, 'Categories', '', 0, 11, 'option=com_categories&section=com_newsfeeds', 'Manage Categories', '', 2, 'js/ThemeOffice/categories.png', 0, '', 1),
(14, 'User', 'option=com_user', 0, 0, '', '', 'com_user', 0, '', 1, '', 1),
(15, 'Search', 'option=com_search', 0, 0, 'option=com_search', 'Search Statistics', 'com_search', 0, 'js/ThemeOffice/component.png', 1, 'enabled=0\nshow_date=1\n\n', 1),
(16, 'Categories', '', 0, 1, 'option=com_categories&section=com_banner', 'Categories', '', 3, '', 1, '', 1),
(17, 'Wrapper', 'option=com_wrapper', 0, 0, '', 'Wrapper', 'com_wrapper', 0, '', 1, '', 1),
(18, 'Mail To', '', 0, 0, '', '', 'com_mailto', 0, '', 1, '', 1),
(19, 'Media Manager', '', 0, 0, 'option=com_media', 'Media Manager', 'com_media', 0, '', 1, 'upload_extensions=bmp,csv,doc,epg,gif,ico,jpg,odg,odp,ods,odt,pdf,png,ppt,swf,txt,xcf,xls,BMP,CSV,DOC,EPG,GIF,ICO,JPG,ODG,ODP,ODS,ODT,PDF,PNG,PPT,SWF,TXT,XCF,XLS\nupload_maxsize=10000000\nfile_path=images\nimage_path=images\nrestrict_uploads=1\nallowed_media_usergroup=3\ncheck_mime=1\nimage_extensions=bmp,gif,jpg,png\nignore_extensions=\nupload_mime=image/jpeg,image/gif,image/png,image/bmp,application/x-shockwave-flash,application/msword,application/excel,application/pdf,application/powerpoint,text/plain,application/x-zip\nupload_mime_illegal=text/html\nenable_flash=0\n\n', 1),
(20, 'Articles', 'option=com_content', 0, 0, '', '', 'com_content', 0, '', 1, 'show_noauth=0\nshow_title=1\nlink_titles=0\nshow_intro=1\nshow_section=0\nlink_section=0\nshow_category=1\nlink_category=1\nshow_author=1\nshow_create_date=1\nshow_modify_date=0\nshow_item_navigation=0\nshow_readmore=1\nshow_vote=0\nshow_icons=1\nshow_pdf_icon=0\nshow_print_icon=1\nshow_email_icon=1\nshow_hits=0\nfeed_summary=0\nfilter_groups=18|19\nfilter_type=BL\nfilter_tags=\nfilter_attritbutes=\n\n', 1),
(21, 'Configuration Manager', '', 0, 0, '', 'Configuration', 'com_config', 0, '', 1, '', 1),
(22, 'Installation Manager', '', 0, 0, '', 'Installer', 'com_installer', 0, '', 1, '', 1),
(23, 'Language Manager', '', 0, 0, '', 'Languages', 'com_languages', 0, '', 1, 'administrator=ro-RO\nsite=ro-RO\n\n', 1),
(24, 'Mass mail', '', 0, 0, '', 'Mass Mail', 'com_massmail', 0, '', 1, 'mailSubjectPrefix=\nmailBodySuffix=\n\n', 1),
(25, 'Menu Editor', '', 0, 0, '', 'Menu Editor', 'com_menus', 0, '', 1, '', 1),
(27, 'Messaging', '', 0, 0, '', 'Messages', 'com_messages', 0, '', 1, '', 1),
(28, 'Modules Manager', '', 0, 0, '', 'Modules', 'com_modules', 0, '', 1, '', 1),
(29, 'Plugin Manager', '', 0, 0, '', 'Plugins', 'com_plugins', 0, '', 1, '', 1),
(30, 'Template Manager', '', 0, 0, '', 'Templates', 'com_templates', 0, '', 1, '', 1),
(31, 'User Manager', '', 0, 0, '', 'Users', 'com_users', 0, '', 1, 'allowUserRegistration=1\nnew_usertype=Registered\nuseractivation=1\nfrontend_userparams=0\n\n', 1),
(32, 'Cache Manager', '', 0, 0, '', 'Cache', 'com_cache', 0, '', 1, '', 1),
(33, 'Control Panel', '', 0, 0, '', 'Control Panel', 'com_cpanel', 0, '', 1, '', 1),
(62, 'Formulare', 'option=com_artforms', 0, 0, 'option=com_artforms', 'ArtForms', 'com_artforms', 0, '../administrator/components/com_artforms/assets/images/iconlogo.png', 0, 'rootfronttitle=Formulare\nfronttext=Select+a+form', 1),
(63, 'Formulare', '', 0, 62, 'option=com_artforms&task=showaf', 'Forms', 'com_artforms', 0, '../administrator/components/com_artforms/assets/images/forms16.png', 0, '', 1),
(64, 'Inbox', '', 0, 62, 'option=com_artforms&task=rforms', 'Inbox Forms', 'com_artforms', 1, '../administrator/components/com_artforms/assets/images/rforms16.png', 0, '', 1),
(66, 'Editare limba', '', 0, 62, 'option=com_artforms&task=language', 'Edit Language', 'com_artforms', 3, '../administrator/components/com_artforms/assets/images/lang16.png', 0, '', 1),
(67, 'Edit CSS', '', 0, 62, 'option=com_artforms&task=cssedit', 'Edit CSS', 'com_artforms', 4, '../administrator/components/com_artforms/assets/images/css16.png', 0, '', 1),
(68, 'Setari', '', 0, 62, 'option=com_artforms&task=config', 'Settings', 'com_artforms', 5, '../administrator/components/com_artforms/assets/images/config16.png', 0, '', 1),
(116, 'sh404SEF', 'option=com_sh404sef', 0, 0, 'option=com_sh404sef', 'sh404SEF', 'com_sh404sef', 0, 'js/ThemeOffice/component.png', 0, '', 1),
(120, 'eXtplorer', 'option=com_extplorer', 0, 0, 'option=com_extplorer', 'eXtplorer', 'com_extplorer', 0, '../administrator/components/com_extplorer/images/joomla_x_icon.png', 0, '', 1),
(123, 'Publicitate', 'option=com_artbannersplus', 0, 0, 'option=com_artbannersplus', 'ArtBannersPlus', 'com_artbannersplus', 0, '../administrator/components/com_artbannersplus/images/icon.png', 0, '', 1),
(124, 'Control Pannel', '', 0, 123, 'option=com_artbannersplus', 'Control Pannel', 'com_artbannersplus', 0, 'js/ThemeOffice/controlpanel.png', 0, '', 1),
(125, 'Banner Manager', '', 0, 123, 'option=com_artbannersplus&task=banners', 'Banner Manager', 'com_artbannersplus', 1, 'js/ThemeOffice/edit.png', 0, '', 1),
(126, 'Category Manager', '', 0, 123, 'option=com_artbannersplus&task=categories', 'Category Manager', 'com_artbannersplus', 2, 'js/ThemeOffice/categories.png', 0, '', 1),
(127, 'Client Manager', '', 0, 123, 'option=com_artbannersplus&task=clients', 'Client Manager', 'com_artbannersplus', 3, 'js/ThemeOffice/user.png', 0, '', 1),
(132, 'Manager limbi', '', 0, 123, 'option=com_artbannersplus&task=langmanager', 'Manager limbi', 'com_artbannersplus', 8, 'js/ThemeOffice/language.png', 0, '', 1),
(449, 'Statistics', '', 0, 441, 'option=com_acymailing&gtask=stats', 'Statistics', 'com_acymailing', 7, '../components/com_acymailing/images/icons/icon-16-stats.png', 0, '', 1),
(174, 'Phoca Maps', 'option=com_phocamaps', 0, 0, 'option=com_phocamaps', 'Phoca Maps', 'com_phocamaps', 0, 'components/com_phocamaps/assets/images/icon-16-pmap-menu.png', 0, 'google_maps_api_key=ABQIAAAAYmWs3KtYEojOs_jPsImibxRKzGP9DkgcHluyfpKcc3DfkaM-GhT0G_mVRUP8YT5fwrDSByg6EK8h4A\ndisplay_phoca_info=0\n\n', 1),
(175, 'Control Panel', '', 0, 174, 'option=com_phocamaps', 'Control Panel', 'com_phocamaps', 0, 'components/com_phocamaps/assets/images/icon-16-pmap-menu-cp.png', 0, '', 1),
(176, 'Maps', '', 0, 174, 'option=com_phocamaps&view=phocamapsmaps', 'Maps', 'com_phocamaps', 1, 'components/com_phocamaps/assets/images/icon-16-pmap-menu-map.png', 0, '', 1),
(177, 'Markers', '', 0, 174, 'option=com_phocamaps&view=phocamapsmarkers', 'Markers', 'com_phocamaps', 2, 'components/com_phocamaps/assets/images/icon-16-pmap-menu-marker.png', 0, '', 1),
(178, 'Info', '', 0, 174, 'option=com_phocamaps&view=phocamapsinfo', 'Info', 'com_phocamaps', 3, 'components/com_phocamaps/assets/images/icon-16-pmap-menu-info.png', 0, '', 1),
(238, 'virtuemart_version', '', 0, 9999, '', '', '', 0, '', 0, 'RELEASE=1.1.3\r\nDEV_STATUS=stable', 1),
(245, 'Xmap', 'option=com_xmap', 0, 0, 'option=com_xmap', 'Xmap', 'com_xmap', 0, 'js/ThemeOffice/component.png', 0, '', 1),
(262, 'AvReloaded', '', 0, 0, '', 'AvReloaded', 'com_avreloaded', 0, '', 0, '', 1),
(263, 'AVR_TITLE_MANAGE_PLAYERS', '', 0, 262, 'option=com_avreloaded&view=players', 'AVR_TITLE_MANAGE_PLAYERS', 'com_avreloaded', 0, 'components/com_avreloaded/assets/avreloaded-16x16.png', 0, '', 1),
(264, 'AVR_TITLE_MANAGE_RIPPERS', '', 0, 262, 'option=com_avreloaded&view=rippers', 'AVR_TITLE_MANAGE_RIPPERS', 'com_avreloaded', 1, 'components/com_avreloaded/assets/avreloaded-16x16.png', 0, '', 1);
INSERT INTO `pptt_components` (`id`, `name`, `link`, `menuid`, `parent`, `admin_menu_link`, `admin_menu_alt`, `option`, `ordering`, `admin_menu_img`, `iscore`, `params`, `enabled`) VALUES
(265, 'AVR_TITLE_MANAGE_TAGS', '', 0, 262, 'option=com_avreloaded&view=tags', 'AVR_TITLE_MANAGE_TAGS', 'com_avreloaded', 2, 'components/com_avreloaded/assets/avreloaded-16x16.png', 0, '', 1),
(266, 'AVR_TITLE_MANAGE_PLAYLISTS', '', 0, 262, 'option=com_avreloaded&view=playlists', 'AVR_TITLE_MANAGE_PLAYLISTS', 'com_avreloaded', 3, 'components/com_avreloaded/assets/avreloaded-16x16.png', 0, '', 1),
(450, 'Configuration', '', 0, 441, 'option=com_acymailing&gtask=config', 'Configuration', 'com_acymailing', 8, '../includes/js/ThemeOffice/config.png', 0, '', 1),
(441, 'Newsletter', 'option=com_acymailing', 0, 0, 'option=com_acymailing', 'AcyMailing', 'com_acymailing', 0, '../components/com_acymailing/images/icons/icon-16-acymailing.png', 0, '', 1),
(282, 'RSS', 'option=com_ninjarsssyndicator', 0, 0, 'option=com_ninjarsssyndicator', 'Ninja RSS Syndicator', 'com_ninjarsssyndicator', 0, 'components/com_ninjarsssyndicator/assets/images/nficon.png', 0, '', 1),
(284, 'Feeds', '', 0, 282, 'option=com_ninjarsssyndicator&task=feeds', 'Feeds', 'com_ninjarsssyndicator', 1, 'js/ThemeOffice/component.png', 0, '', 1),
(285, 'Button Maker', '', 0, 282, 'option=com_ninjarsssyndicator&task=buttonmaker', 'Button Maker', 'com_ninjarsssyndicator', 2, 'js/ThemeOffice/component.png', 0, '', 1),
(286, 'Default Settings', '', 0, 282, 'option=com_ninjarsssyndicator&task=config', 'Default Settings', 'com_ninjarsssyndicator', 3, 'js/ThemeOffice/component.png', 0, '', 1),
(296, 'revista', 'option=com_revista', 0, 0, 'option=com_revista', 'revista', 'com_revista', 0, 'components/com_revista/images/icon_fb.png', 0, '', 1),
(297, 'Configuration', '', 0, 296, 'option=com_revista&task=configuration', 'Configuration', 'com_revista', 0, 'components/com_revista/images/icon_config.png', 0, '', 1),
(298, 'Manage Categories', '', 0, 296, 'option=com_revista&task=category_manager', 'Manage Categories', 'com_revista', 1, 'components/com_revista/images/icon_cm.png', 0, '', 1),
(299, 'Manage Books', '', 0, 296, 'option=com_revista&task=book_manager', 'Manage Books', 'com_revista', 2, 'components/com_revista/images/icon_bm.png', 0, '', 1),
(300, 'Manage Pages', '', 0, 296, 'option=com_revista&task=page_manager', 'Manage Pages', 'com_revista', 3, 'components/com_revista/images/icon_pm.png', 0, '', 1),
(301, 'Batch Add Pages', '', 0, 296, 'option=com_revista&task=batch_add_pages', 'Batch Add Pages', 'com_revista', 4, 'components/com_revista/images/icon_batch.png', 0, '', 1),
(302, 'Manage Files', '', 0, 296, 'option=com_revista&task=file_manager', 'Manage Files', 'com_revista', 5, 'components/com_revista/images/icon_fm.png', 0, '', 1),
(303, 'Phoca Gallery', 'option=com_phocagallery', 0, 0, 'option=com_phocagallery', 'Phoca Gallery', 'com_phocagallery', 0, 'components/com_phocagallery/assets/images/icon-16-pg-menu.png', 0, 'font_color=#333\nbackground_color=transparent\nbackground_color_hover=transparent\nimage_background_color=transparent\nimage_background_shadow=shadow4\nborder_color=transparent\nborder_color_hover=transparent\nmargin_box=5\npadding_box=5\ndisplay_name=1\ndisplay_icon_detail=0\ndisplay_icon_download=0\ndisplay_icon_folder=0\nfont_size_name=10\nchar_length_name=50\ncategory_box_space=0\ndisplay_categories_sub=0\ndisplay_subcat_page=0\ndisplay_category_icon_image=0\ncategory_image_ordering=6\ndisplay_back_button=0\ndisplay_categories_back_button=0\ndefault_pagination_category=6\npagination_category=6;12;18;24\ndisplay_img_desc_box=0\nfont_size_img_desc=9\nimg_desc_box_height=50\nchar_length_img_desc=300\ndisplay_categories_cv=0\ndisplay_subcat_page_cv=0\ndisplay_category_icon_image_cv=0\ncategory_image_ordering_cv=9\ndisplay_back_button_cv=1\ndisplay_categories_back_button_cv=1\ncategories_columns_cv=1\ndisplay_image_categories_cv=1\nimage_categories_size_cv=4\ncategories_columns=3\ndisplay_image_categories=1\nimage_categories_size=4\ncategories_image_ordering=9\ndisplay_subcategories=1\ndisplay_empty_categories=0\nhide_categories=\ndisplay_access_category=0\ndefault_pagination_categories=0\npagination_categories=6;12;18;24\ndetail_window=5\ndetail_window_background_color=#ffffff\nmodal_box_overlay_color=#000000\nmodal_box_overlay_opacity=0.3\nmodal_box_border_color=#6b6b6b\nmodal_box_border_width=2\nsb_slideshow_delay=5\nsb_lang=ro\nhighslide_class=wide-border\nhighslide_opacity=0\nhighslide_outline_type=none\nhighslide_fullimg=0\nhighslide_close_button=0\nhighslide_slideshow=1\njak_slideshow_delay=5\njak_orientation=vertical\njak_description=3\njak_description_height=50\ndisplay_description_detail=2\ndisplay_title_description=1\nfont_size_desc=11\nfont_color_desc=#333333\ndescription_detail_height=16\ndescription_lightbox_font_size=12\ndescription_lightbox_font_color=#ffffff\ndescription_lightbox_bg_color=#000000\nslideshow_delay=3000\nslideshow_pause=0\nslideshow_random=0\ndetail_buttons=1\nphocagallery_width=\nphocagallery_center=0\ndisplay_phoca_info=1\ncategory_ordering=1\nimage_ordering=6\nenable_piclens=0\nstart_piclens=0\npiclens_image=1\nswitch_image=0\nswitch_width=640\nswitch_height=480\nenable_overlib=2\nol_bg_color=#666666\nol_fg_color=#f6f6f6\nol_tf_color=#000000\nol_cf_color=#ffffff\noverlib_overlay_opacity=0.7\ncreate_watermark=2\nwatermark_position_x=center\nwatermark_position_y=middle\ndisplay_icon_vm=0\nenable_user_cp=0\nmax_create_cat_char=1000\ndisplay_rating=0\ndisplay_rating_img=0\ndisplay_comment=0\ncomment_width=500\nmax_comment_char=1000\ndisplay_category_statistics=0\ndisplay_main_cat_stat=1\ndisplay_lastadded_cat_stat=1\ncount_lastadded_cat_stat=3\ndisplay_mostviewed_cat_stat=1\ncount_mostviewed_cat_stat=3\ndisplay_camera_info=0\nexif_information=FILE.FileName;FILE.FileDateTime;FILE.FileSize;FILE.MimeType;COMPUTED.Height;COMPUTED.Width;COMPUTED.IsColor;COMPUTED.ApertureFNumber;IFD0.Make;IFD0.Model;IFD0.Orientation;IFD0.XResolution;IFD0.YResolution;IFD0.ResolutionUnit;IFD0.Software;IFD0.DateTime;IFD0.Exif_IFD_Pointer;IFD0.GPS_IFD_Pointer;EXIF.ExposureTime;EXIF.FNumber;EXIF.ExposureProgram;EXIF.ISOSpeedRatings;EXIF.ExifVersion;EXIF.DateTimeOriginal;EXIF.DateTimeDigitized;EXIF.ShutterSpeedValue;EXIF.ApertureValue;EXIF.ExposureBiasValue;EXIF.MaxApertureValue;EXIF.MeteringMode;EXIF.LightSource;EXIF.Flash;EXIF.FocalLength;EXIF.SubSecTimeOriginal;EXIF.SubSecTimeDigitized;EXIF.ColorSpace;EXIF.ExifImageWidth;EXIF.ExifImageLength;EXIF.SensingMethod;EXIF.CustomRendered;EXIF.ExposureMode;EXIF.WhiteBalance;EXIF.DigitalZoomRatio;EXIF.FocalLengthIn35mmFilm;EXIF.SceneCaptureType;EXIF.GainControl;EXIF.Contrast;EXIF.Saturation;EXIF.Sharpness;EXIF.SubjectDistanceRange;GPS.GPSLatitudeRef;GPS.GPSLatitude;GPS.GPSLongitudeRef;GPS.GPSLongitude;GPS.GPSAltitudeRef;GPS.GPSAltitude;GPS.GPSTimeStamp;GPS.GPSStatus;GPS.GPSMapDatum;GPS.GPSDateStamp\ngoogle_maps_api_key=\ndisplay_categories_geotagging=0\ncategories_lng=\ncategories_lat=\ncategories_zoom=2\ncategories_map_width=500\ncategories_map_height=500\ndisplay_icon_geotagging=0\ndisplay_category_geotagging=0\ncategory_map_width=500\ncategory_map_height=400\ndisplay_title_upload=1\ndisplay_description_upload=1\nmax_upload_char=200\nupload_maxsize=3000000\ncat_folder_maxsize=20000000\nenable_java=0\njava_resize_width=-1\njava_resize_height=-1\njava_box_width=480\njava_box_height=480\npagination_thumbnail_creation=0\nclean_thumbnails=1\nenable_thumb_creation=1\ncrop_thumbnail=5\njpeg_quality=85\nicon_format=gif\nlarge_image_width=640\nlarge_image_height=480\nmedium_image_width=200\nmedium_image_height=150\nsmall_image_width=50\nsmall_image_height=50\nfront_modal_box_width=680\nfront_modal_box_height=560\nadmin_modal_box_width=680\nadmin_modal_box_height=520\nfolder_permissions=0755\njfile_thumbs=1\n\n', 1),
(304, 'Control Panel', '', 0, 303, 'option=com_phocagallery', 'Control Panel', 'com_phocagallery', 0, 'components/com_phocagallery/assets/images/icon-16-pg-control-panel.png', 0, '', 1),
(305, 'Images', '', 0, 303, 'option=com_phocagallery&view=phocagallerys', 'Images', 'com_phocagallery', 1, 'components/com_phocagallery/assets/images/icon-16-pg-menu-gal.png', 0, '', 1),
(306, 'Categories', '', 0, 303, 'option=com_phocagallery&view=phocagallerycs', 'Categories', 'com_phocagallery', 2, 'components/com_phocagallery/assets/images/icon-16-pg-menu-cat.png', 0, '', 1),
(307, 'Themes', '', 0, 303, 'option=com_phocagallery&view=phocagalleryt', 'Themes', 'com_phocagallery', 3, 'components/com_phocagallery/assets/images/icon-16-pg-menu-theme.png', 0, '', 1),
(308, 'Category Rating', '', 0, 303, 'option=com_phocagallery&view=phocagalleryra', 'Category Rating', 'com_phocagallery', 4, 'components/com_phocagallery/assets/images/icon-16-pg-menu-vote.png', 0, '', 1),
(309, 'Image Rating', '', 0, 303, 'option=com_phocagallery&view=phocagalleryraimg', 'Image Rating', 'com_phocagallery', 5, 'components/com_phocagallery/assets/images/icon-16-pg-menu-vote-img.png', 0, '', 1),
(333, 'DIRECTOR 2', 'option=com_director', 0, 0, 'option=com_director', 'DIRECTOR 2', 'com_director', 0, 'components/com_director/images/director_sm.jpg', 0, '', 1),
(334, 'All Entries', '', 0, 333, 'option=com_director&task=listing&catid=-1', 'All Entries', 'com_director', 0, 'js/ThemeOffice/component.png', 0, '', 1),
(335, 'Entries Awaiting Approval', '', 0, 333, 'option=com_director&task=getUnapproved', 'Entries Awaiting Approval', 'com_director', 1, 'js/ThemeOffice/component.png', 0, '', 1),
(336, 'General Configuration', '', 0, 333, 'option=com_director&task=genConf', 'General Configuration', 'com_director', 2, 'js/ThemeOffice/component.png', 0, '', 1),
(337, 'Custom Fields Manager', '', 0, 333, 'option=com_director&task=editFields', 'Custom Fields Manager', 'com_director', 3, 'js/ThemeOffice/component.png', 0, '', 1),
(338, 'About DIRECTOR', '', 0, 333, 'option=com_director&task=about', 'About DIRECTOR', 'com_director', 4, 'js/ThemeOffice/component.png', 0, '', 1);
INSERT INTO `pptt_components` (`id`, `name`, `link`, `menuid`, `parent`, `admin_menu_link`, `admin_menu_alt`, `option`, `ordering`, `admin_menu_img`, `iscore`, `params`, `enabled`) VALUES
(339, '			tag\r\n		', 'option=com_customproperties', 0, 0, 'option=com_customproperties', '			tag\r\n		', 'com_customproperties', 0, 'components/com_customproperties/images/customproperties.png', 0, '', 1),
(340, '				Manage tag\r\n			', '', 0, 339, 'option=com_customproperties&controller=fields', '				Manage tag\r\n			', 'com_customproperties', 0, 'components/com_customproperties/images/editcp.png', 0, '', 1),
(341, '				Alocare tag\r\n			', '', 0, 339, 'option=com_customproperties&controller=assign', '				Alocare tag\r\n			', 'com_customproperties', 1, 'components/com_customproperties/images/assign.png', 0, '', 1),
(342, '				Util\r\n			', '', 0, 339, 'option=com_customproperties&controller=utilities', '				Util\r\n			', 'com_customproperties', 2, 'components/com_customproperties/images/controlpanel.png', 0, '', 1),
(343, '				Configurare\r\n			', '', 0, 339, 'option=com_customproperties&task=configure&controller=cpanel', '				Configurare\r\n			', 'com_customproperties', 3, 'components/com_customproperties/images/config.png', 0, '', 1),
(347, 'ANUNT 2', 'option=com_anunt', 0, 0, 'option=com_anunt', 'ANUNT 2', 'com_anunt', 0, 'components/com_anunt/images/anunt_sm.jpg', 0, '', 1),
(348, 'All Entries', '', 0, 347, 'option=com_anunt&task=listing&catid=-1', 'All Entries', 'com_anunt', 0, 'js/ThemeOffice/component.png', 0, '', 1),
(349, 'Entries Awaiting Approval', '', 0, 347, 'option=com_anunt&task=getUnapproved', 'Entries Awaiting Approval', 'com_anunt', 1, 'js/ThemeOffice/component.png', 0, '', 1),
(350, 'General Configuration', '', 0, 347, 'option=com_anunt&task=genConf', 'General Configuration', 'com_anunt', 2, 'js/ThemeOffice/component.png', 0, '', 1),
(351, 'Custom Fields Manager', '', 0, 347, 'option=com_anunt&task=editFields', 'Custom Fields Manager', 'com_anunt', 3, 'js/ThemeOffice/component.png', 0, '', 1),
(368, 'Akeeba Backup', 'option=com_akeeba', 0, 0, 'option=com_akeeba', 'Akeeba Backup', 'com_akeeba', 0, 'components/com_akeeba/assets/images/akeeba-16.png', 0, '', 1),
(369, 'BACKUP_NOW', '', 0, 368, 'option=com_akeeba&view=backup', 'BACKUP_NOW', 'com_akeeba', 0, 'components/com_akeeba/assets/images/backup-16.png', 0, '', 1),
(370, 'CONFIGURATION', '', 0, 368, 'option=com_akeeba&view=config', 'CONFIGURATION', 'com_akeeba', 1, 'components/com_akeeba/assets/images/config-16.png', 0, '', 1),
(371, 'ADMINISTER_BACKUP_FILES', '', 0, 368, 'option=com_akeeba&view=buadmin', 'ADMINISTER_BACKUP_FILES', 'com_akeeba', 2, 'components/com_akeeba/assets/images/bufa-16.png', 0, '', 1),
(444, 'Newsletters', '', 0, 441, 'option=com_acymailing&gtask=newsletter', 'Newsletters', 'com_acymailing', 2, '../components/com_acymailing/images/icons/icon-16-newsletter.png', 0, '', 1),
(445, 'Auto-Newsletters', '', 0, 441, 'option=com_acymailing&gtask=autonews', 'Auto-Newsletters', 'com_acymailing', 3, '../components/com_acymailing/images/icons/icon-16-autonewsletter.png', 0, '', 1),
(446, 'Campaign', '', 0, 441, 'option=com_acymailing&gtask=campaign', 'Campaign', 'com_acymailing', 4, '../components/com_acymailing/images/icons/icon-16-campaign.png', 0, '', 1),
(448, 'Queue', '', 0, 441, 'option=com_acymailing&gtask=queue', 'Queue', 'com_acymailing', 6, '../components/com_acymailing/images/icons/icon-16-process.png', 0, '', 1),
(447, 'Templates', '', 0, 441, 'option=com_acymailing&gtask=template', 'Templates', 'com_acymailing', 5, '../components/com_acymailing/images/icons/icon-16-acytemplate.png', 0, '', 1),
(443, 'Lists', '', 0, 441, 'option=com_acymailing&gtask=list', 'Lists', 'com_acymailing', 1, '../includes/js/ThemeOffice/static.png', 0, '', 1),
(442, 'Users', '', 0, 441, 'option=com_acymailing&gtask=subscriber', 'Users', 'com_acymailing', 0, '../includes/js/user.png', 0, '', 1),
(455, 'RD RSS', 'option=com_rd_rss', 0, 0, 'option=com_rd_rss', 'RD RSS', 'com_rd_rss', 0, 'js/ThemeOffice/component.png', 0, '', 1),
(452, 'Documente', 'option=com_sobi2', 0, 0, 'option=com_sobi2', 'Documente', 'com_sobi2', 0, 'components/com_sobi2/images/sobi_sm.jpg', 0, '', 1);

-- --------------------------------------------------------

--
-- Table structure for table `pptt_com_google_maps`
--

CREATE TABLE IF NOT EXISTS `pptt_com_google_maps` (
  `id` int(11) NOT NULL auto_increment,
  `catid` int(11) NOT NULL default '0',
  `author` varchar(48) NOT NULL default '',
  `userid` int(11) unsigned NOT NULL default '0',
  `name` varchar(48) NOT NULL default '',
  `address` varchar(48) NOT NULL default '',
  `city` varchar(48) NOT NULL default '',
  `state` varchar(24) NOT NULL default '',
  `zipcode` varchar(16) NOT NULL default '',
  `country` varchar(48) NOT NULL default '',
  `lat` varchar(20) NOT NULL default '0',
  `lng` varchar(20) NOT NULL default '0',
  `polycolor1` varchar(7) NOT NULL default '',
  `polycolor2` varchar(7) NOT NULL default '',
  `polyline` varchar(2) NOT NULL default '',
  `auxiliary` text NOT NULL,
  `meta` varchar(100) NOT NULL default '',
  `misc` text NOT NULL,
  `place` varchar(24) NOT NULL default '',
  `access` tinyint(3) NOT NULL default '0',
  `checked_out` int(11) unsigned NOT NULL default '0',
  `checked_out_time` datetime NOT NULL default '0000-00-00 00:00:00',
  `created` datetime NOT NULL default '0000-00-00 00:00:00',
  `modified` datetime NOT NULL default '0000-00-00 00:00:00',
  `markertype` tinyint(1) NOT NULL default '0',
  `ordering` int(11) NOT NULL default '0',
  `published` tinyint(1) NOT NULL default '0',
  `sidebar` tinyint(1) NOT NULL default '0',
  PRIMARY KEY  (`id`)
) ENGINE=MyISAM  DEFAULT CHARSET=utf8 AUTO_INCREMENT=2 ;

--
-- Dumping data for table `pptt_com_google_maps`
--

INSERT INTO `pptt_com_google_maps` (`id`, `catid`, `author`, `userid`, `name`, `address`, `city`, `state`, `zipcode`, `country`, `lat`, `lng`, `polycolor1`, `polycolor2`, `polyline`, `auxiliary`, `meta`, `misc`, `place`, `access`, `checked_out`, `checked_out_time`, `created`, `modified`, `markertype`, `ordering`, `published`, `sidebar`) VALUES
(1, 11, 'Administrator', 62, 'Sediul central', 'Str. Fabrica de Chibrituri 24-26, Sector 5,', 'Bucure?ti', 'Bucure?ti', '', 'Romania', '45.657057', '24.960938', '#F0F8FF', '#F0F8FF', '3', '', '', '', 'RO', 0, 0, '0000-00-00 00:00:00', '2009-10-12 15:49:14', '2009-10-12 15:49:30', 2, 1, 1, 1);

-- --------------------------------------------------------

--
-- Table structure for table `pptt_contact_details`
--

CREATE TABLE IF NOT EXISTS `pptt_contact_details` (
  `id` int(11) NOT NULL auto_increment,
  `name` varchar(255) NOT NULL default '',
  `alias` varchar(255) NOT NULL default '',
  `con_position` varchar(255) default NULL,
  `address` text,
  `suburb` varchar(100) default NULL,
  `state` varchar(100) default NULL,
  `country` varchar(100) default NULL,
  `postcode` varchar(100) default NULL,
  `telephone` varchar(255) default NULL,
  `fax` varchar(255) default NULL,
  `misc` mediumtext,
  `image` varchar(255) default NULL,
  `imagepos` varchar(20) default NULL,
  `email_to` varchar(255) default NULL,
  `default_con` tinyint(1) unsigned NOT NULL default '0',
  `published` tinyint(1) unsigned NOT NULL default '0',
  `checked_out` int(11) unsigned NOT NULL default '0',
  `checked_out_time` datetime NOT NULL default '0000-00-00 00:00:00',
  `ordering` int(11) NOT NULL default '0',
  `params` text NOT NULL,
  `user_id` int(11) NOT NULL default '0',
  `catid` int(11) NOT NULL default '0',
  `access` tinyint(3) unsigned NOT NULL default '0',
  `mobile` varchar(255) NOT NULL default '',
  `webpage` varchar(255) NOT NULL default '',
  PRIMARY KEY  (`id`),
  KEY `catid` (`catid`)
) ENGINE=MyISAM DEFAULT CHARSET=utf8 AUTO_INCREMENT=1 ;

--
-- Dumping data for table `pptt_contact_details`
--


-- --------------------------------------------------------

--
-- Table structure for table `pptt_content`
--

CREATE TABLE IF NOT EXISTS `pptt_content` (
  `id` int(11) unsigned NOT NULL auto_increment,
  `title` varchar(100) NOT NULL default '',
  `title_alias` varchar(100) NOT NULL default '',
  `introtext` mediumtext NOT NULL,
  `fulltext` mediumtext NOT NULL,
  `state` tinyint(3) NOT NULL default '0',
  `sectionid` int(11) unsigned NOT NULL default '0',
  `mask` int(11) unsigned NOT NULL default '0',
  `catid` int(11) unsigned NOT NULL default '0',
  `created` datetime NOT NULL default '0000-00-00 00:00:00',
  `created_by` int(11) unsigned NOT NULL default '0',
  `created_by_alias` varchar(100) character set latin1 NOT NULL default '',
  `modified` datetime NOT NULL default '0000-00-00 00:00:00',
  `modified_by` int(11) unsigned NOT NULL default '0',
  `checked_out` int(11) unsigned NOT NULL default '0',
  `checked_out_time` datetime NOT NULL default '0000-00-00 00:00:00',
  `publish_up` datetime NOT NULL default '0000-00-00 00:00:00',
  `publish_down` datetime NOT NULL default '0000-00-00 00:00:00',
  `images` text character set latin1 NOT NULL,
  `urls` text character set latin1 NOT NULL,
  `attribs` text character set latin1 NOT NULL,
  `version` int(11) unsigned NOT NULL default '1',
  `parentid` int(11) unsigned NOT NULL default '0',
  `ordering` int(11) NOT NULL default '0',
  `metakey` text character set latin1 NOT NULL,
  `metadesc` text character set latin1 NOT NULL,
  `access` int(11) unsigned NOT NULL default '0',
  `hits` int(11) unsigned NOT NULL default '0',
  `agenda` int(11) NOT NULL default '0',
  `fereastra` int(11) NOT NULL default '0',
  `frontpage_fereastra` int(11) NOT NULL default '0',
  `comment` text character set latin1,
  `pagina` varchar(250) character set latin1 default NULL,
  `alias` varchar(255) NOT NULL default '',
  `metadata` text character set latin1 NOT NULL,
  PRIMARY KEY  (`id`),
  KEY `idx_section` (`sectionid`),
  KEY `idx_access` (`access`),
  KEY `idx_checkout` (`checked_out`),
  KEY `idx_state` (`state`),
  KEY `idx_catid` (`catid`),
  KEY `idx_mask` (`mask`)
) ENGINE=MyISAM  DEFAULT CHARSET=utf8 AUTO_INCREMENT=4665 ;

--
-- Dumping data for table `pptt_content`
--



-- --------------------------------------------------------

--
-- Table structure for table `pptt_content_frontpage`
--

CREATE TABLE IF NOT EXISTS `pptt_content_frontpage` (
  `content_id` int(11) NOT NULL default '0',
  `ordering` int(11) NOT NULL default '0',
  PRIMARY KEY  (`content_id`)
) ENGINE=MyISAM DEFAULT CHARSET=utf8 ROW_FORMAT=FIXED;

--
-- Dumping data for table `pptt_content_frontpage`
--

INSERT INTO `pptt_content_frontpage` (`content_id`, `ordering`) VALUES
(4643, 2),
(4641, 5),
(3629, 9),
(3998, 8),
(4001, 7),
(4412, 6),
(4651, 4),
(4633, 1),
(4629, 3);

-- --------------------------------------------------------

--
-- Table structure for table `pptt_content_rating`
--

CREATE TABLE IF NOT EXISTS `pptt_content_rating` (
  `content_id` int(11) NOT NULL default '0',
  `rating_sum` int(11) unsigned NOT NULL default '0',
  `rating_count` int(11) unsigned NOT NULL default '0',
  `lastip` varchar(50) NOT NULL default '',
  PRIMARY KEY  (`content_id`)
) ENGINE=MyISAM DEFAULT CHARSET=utf8;

--
-- Dumping data for table `pptt_content_rating`
--


-- --------------------------------------------------------

--
-- Table structure for table `pptt_core_acl_aro`
--

CREATE TABLE IF NOT EXISTS `pptt_core_acl_aro` (
  `id` int(11) NOT NULL auto_increment,
  `section_value` varchar(240) NOT NULL default '0',
  `value` varchar(240) NOT NULL default '',
  `order_value` int(11) NOT NULL default '0',
  `name` varchar(255) NOT NULL default '',
  `hidden` int(11) NOT NULL default '0',
  PRIMARY KEY  (`id`),
  UNIQUE KEY `pptt_section_value_value_aro` (`section_value`(100),`value`(100)),
  KEY `pptt_gacl_hidden_aro` (`hidden`)
) ENGINE=MyISAM  DEFAULT CHARSET=utf8 AUTO_INCREMENT=523 ;

--
-- Dumping data for table `pptt_core_acl_aro`
--

INSERT INTO `pptt_core_acl_aro` (`id`, `section_value`, `value`, `order_value`, `name`, `hidden`) VALUES
(10, 'users', '62', 0, 'Administrator', 0),
(16, 'users', '68', 0, 'Lacramioara   Botezatu', 0),
(15, 'users', '67', 0, 'Claudia', 0),
(17, 'users', '69', 0, 'Cristina Barticel', 0),
(18, 'users', '70', 0, 'Lucia Ionescu', 0),
(19, 'users', '71', 0, 'Elena   Icleanu', 0),
(20, 'users', '72', 0, 'Razvan   Popa', 0),
(21, 'users', '73', 0, 'Constantin Ghita', 0),
(22, 'users', '74', 0, 'Constantin Badarau', 0),
(23, 'users', '75', 0, 'Adrian Panaite', 0),
(24, 'users', '76', 0, 'Ionut Daniel', 0),
(62, 'users', '114', 0, 'C.G.', 0),
(61, 'users', '113', 0, 'C.B.', 0),
(58, 'users', '110', 0, 'L.B.', 0),
(59, 'users', '111', 0, 'C.B.', 0),
(60, 'users', '112', 0, 'I.D.', 0),
(52, 'users', '104', 0, 'Valeriu Marinciu', 0),
(63, 'users', '115', 0, 'E.I.', 0),
(64, 'users', '116', 0, 'L.I.', 0),
(67, 'users', '119', 0, 'A.C.', 0),
(66, 'users', '118', 0, 'viorel.moranciu', 0),
(68, 'users', '120', 0, 'Lucian Fasola', 0),
(92, 'users', '144', 0, 'IOANA', 0),
(70, 'users', '122', 0, 'Adrian Parfenie', 0),
(71, 'users', '123', 0, 'Marius Ionescu', 0),
(72, 'users', '124', 0, 'BABENCU ROBERT', 0),
(73, 'users', '125', 0, 'EDIL REAL ESTATE', 0),
(74, 'users', '126', 0, 'Ovidiu Stefanescu', 0),
(75, 'users', '127', 0, 'O.S.', 0),
(76, 'users', '128', 0, 'Mirela Predan', 0),
(77, 'users', '129', 0, 'M.P.', 0),
(78, 'users', '130', 0, 'Camelia Pantel', 0),
(79, 'users', '131', 0, 'C.P', 0),
(80, 'users', '132', 0, 'Simona Ene', 0),
(81, 'users', '133', 0, 'S.E.', 0),
(82, 'users', '134', 0, 'orza florin', 0),
(83, 'users', '135', 0, 'iosif boldizsar', 0),
(84, 'users', '136', 0, 'IGNAT VALERIU', 0),
(85, 'users', '137', 0, 'SILAGHI', 0),
(86, 'users', '138', 0, 'DOROGA NICULITA', 0),
(87, 'users', '139', 0, 'sima', 0),
(88, 'users', '140', 0, 'Luiza Lola', 0),
(89, 'users', '141', 0, 'MIRONESCU LIDIA', 0),
(90, 'users', '142', 0, 'Amiel', 0),
(91, 'users', '143', 0, 'HARLESTEANU', 0),
(93, 'users', '145', 0, 'cremenescu carmen', 0),
(94, 'users', '146', 0, 'Mihai Boghean', 0),
(95, 'users', '147', 0, 'BUNEA-CALIN JEAN', 0),
(96, 'users', '148', 0, 'lucia maris', 0),
(97, 'users', '149', 0, 'corina', 0),
(98, 'users', '150', 0, 'Timiras Mircea', 0),
(99, 'users', '151', 0, 'Mihai', 0),
(100, 'users', '152', 0, 'CONSTANTIN', 0),
(101, 'users', '153', 0, 'Maianu Adrian', 0),
(102, 'users', '154', 0, 'Samuel Ursuta', 0),
(103, 'users', '155', 0, 'MAXIM CONSTANTIN', 0),
(104, 'users', '156', 0, 'Bogdan', 0),
(105, 'users', '157', 0, 'Anitei', 0),
(106, 'users', '158', 0, 'Zamfir', 0),
(107, 'users', '159', 0, 'Cristian Hasigan', 0),
(108, 'users', '160', 0, 'Laura Stir', 0),
(109, 'users', '161', 0, 'Hedes Dragos', 0),
(110, 'users', '162', 0, 'Matyus Eniko', 0),
(111, 'users', '163', 0, 'Razvan', 0),
(112, 'users', '164', 0, 'Cosmin Popescu', 0),
(113, 'users', '165', 0, 'CUREA', 0),
(114, 'users', '166', 0, 'Bradut Dima', 0),
(115, 'users', '167', 0, 'Lukacs Lehel', 0),
(116, 'users', '168', 0, 'Glassplast', 0),
(117, 'users', '169', 0, 'TEODORESCU MIHAELA', 0),
(118, 'users', '170', 0, 'craiu florin', 0),
(123, 'users', '175', 0, 'viorel', 0),
(120, 'users', '172', 0, 'Damian Andreea-Iulia', 0),
(121, 'users', '173', 0, 'ceasar marcel', 0),
(122, 'users', '174', 0, 'Cristi Cazoni', 0),
(124, 'users', '176', 0, 'Adrian Mitea', 0),
(125, 'users', '177', 0, 'Adrian Streng', 0),
(126, 'users', '178', 0, 'DUMITRU ION', 0),
(127, 'users', '179', 0, 'Munteanu EManuela', 0),
(128, 'users', '180', 0, 'Buzatu Liliana', 0),
(130, 'users', '182', 0, 'GAITAN MARIUS', 0),
(131, 'users', '183', 0, 'Sorin Grama', 0),
(132, 'users', '184', 0, 'Adriana Bodron', 0),
(190, 'users', '242', 0, 'Marinescu Tiberiu', 0),
(134, 'users', '186', 0, 'GIRBITA NELU', 0),
(135, 'users', '187', 0, 'LEUCA  GABRIELA', 0),
(136, 'users', '188', 0, 'corneliu voinea', 0),
(137, 'users', '189', 0, 'GOSA CAIUS IOAN', 0),
(138, 'users', '190', 0, 'MAXIM MIHAI', 0),
(139, 'users', '191', 0, 'Bandy Reka', 0),
(140, 'users', '192', 0, 'Stefan Aurelian', 0),
(141, 'users', '193', 0, 'Kaitar Istvan', 0),
(142, 'users', '194', 0, 'Mirela Corello', 0),
(143, 'users', '195', 0, 'Chirita Paul Florin', 0),
(144, 'users', '196', 0, 'Andrei Cretoiu', 0),
(145, 'users', '197', 0, 'Danciu Ionut', 0),
(146, 'users', '198', 0, 'Dumitru Madalina', 0),
(148, 'users', '200', 0, 'Preda Adrian', 0),
(149, 'users', '201', 0, 'mariana', 0),
(150, 'users', '202', 0, 'Mircea Simionescu', 0),
(151, 'users', '203', 0, 'Adrian \r\n\r\nPitutiu', 0),
(152, 'users', '204', 0, 'Popescu \r\n\r\nPaul', 0),
(153, 'users', '205', 0, 'costache \r\n\r\niulian', 0),
(154, 'users', '206', 0, 'TORBA \r\n\r\nADRIAN', 0),
(155, 'users', '207', 0, 'Daniela \r\n\r\nDumitrascu', 0),
(156, 'users', '208', 0, 'D.D.', 0),
(157, 'users', '209', 0, 'liviu  bratu', 0),
(158, 'users', '210', 0, 'Cristina Ortinsky', 0),
(159, 'users', '211', 0, 'ROTARU LARISA', 0),
(160, 'users', '212', 0, 'Addnann Sevastian Victor Dumitrescu', 0),
(161, 'users', '213', 0, 'Marian GHIONU', 0),
(162, 'users', '214', 0, 'G.Stefan', 0),
(163, 'users', '215', 0, 'dorin nistor', 0),
(164, 'users', '216', 0, 'Rizea Dragos', 0),
(165, 'users', '217', 0, 'Tilea Catalina', 0),
(166, 'users', '218', 0, 'caluschi teodor', 0),
(167, 'users', '219', 0, 'baciu claudia', 0),
(168, 'users', '220', 0, 'Oprea Rares', 0),
(169, 'users', '221', 0, 'COROGEANU CATALIN', 0),
(170, 'users', '222', 0, 'AGAFITEI DAN', 0),
(171, 'users', '223', 0, 'Rozalia Panait', 0),
(172, 'users', '224', 0, 'R.P.', 0),
(173, 'users', '225', 0, 'Moisei Carmen', 0),
(174, 'users', '226', 0, 'miclaus radu', 0),
(175, 'users', '227', 0, 'GRIGORESCU NICOLETA', 0),
(176, 'users', '228', 0, 'Pricopiuc Ionut', 0),
(177, 'users', '229', 0, 'LAZAR VIOREL', 0),
(178, 'users', '230', 0, 'toader sandu', 0),
(179, 'users', '231', 0, 'schineste adrian', 0),
(180, 'users', '232', 0, 'caprioreanu \r\n\r\nmihaela', 0),
(181, 'users', '233', 0, 'Harley \r\n\r\nFridner', 0),
(182, 'users', '234', 0, 'mirela \r\n\r\ndragan', 0),
(183, 'users', '235', 0, 'MIHAI \r\n\r\nPREDA', 0),
(184, 'users', '236', 0, 'diana \r\n\r\nfrancisco', 0),
(185, 'users', '237', 0, 'Chioibasu Iulian', 0),
(186, 'users', '238', 0, 'DIMA ANDREA', 0),
(187, 'users', '239', 0, 'LASLAU LAURENTIU', 0),
(188, 'users', '240', 0, 'Gribincia Ciprian Ionut', 0),
(189, 'users', '241', 0, 'Stanei Madalin', 0),
(191, 'users', '243', 0, 'PREDA LUCIAN', 0),
(192, 'users', '244', 0, 'Bandasila Nausica', 0),
(193, 'users', '245', 0, 'Pantea Alina', 0),
(194, 'users', '246', 0, 'Stefan Nicolae', 0),
(195, 'users', '247', 0, 'george morjan', 0),
(196, 'users', '248', 0, 'POPESCU MARIUS', 0),
(197, 'users', '249', 0, 'Muresan Anca', 0),
(198, 'users', '250', 0, 'musat sorin', 0),
(199, 'users', '251', 0, 'Dragomirescu Radu', 0),
(200, 'users', '252', 0, 'Oprescu Marius', 0),
(201, 'users', '253', 0, 'Liniers Alvaro', 0),
(202, 'users', '254', 0, 'Departamentul \r\n\r\ncomercial', 0),
(203, 'users', '255', 0, 'Horia \r\n\r\nChirobocea', 0),
(204, 'users', '256', 0, 'roban eugen', 0),
(205, 'users', '257', 0, 'sorin poinar', 0),
(206, 'users', '258', 0, 'Cristian Lucan', 0),
(207, 'users', '259', 0, 'uleia andrei', 0),
(208, 'users', '260', 0, 'dino dino', 0),
(209, 'users', '261', 0, 'ciuciudau mihai', 0),
(210, 'users', '262', 0, 'dulhai gheorghe', 0),
(211, 'users', '263', 0, 'Furtos Lavinia', 0),
(212, 'users', '264', 0, 'Dumitru Vlad', 0),
(213, 'users', '265', 0, 'adrian cimpeanu', 0),
(214, 'users', '266', 0, 'Monica Mesesan', 0),
(215, 'users', '267', 0, 'HUCAL STER ARCADIA', 0),
(216, 'users', '268', 0, 'cimpeanu adrian', 0),
(217, 'users', '269', 0, 'Zaharaia Liliana', 0),
(218, 'users', '270', 0, 'Dana Puiu', 0),
(219, 'users', '271', 0, 'constantin zamfirescu', 0),
(220, 'users', '272', 0, 'Gaspar Irina', 0),
(221, 'users', '273', 0, 'LUPU HORIA SORIN', 0),
(222, 'users', '274', 0, 'Colobatiu Gabriel', 0),
(223, 'users', '275', 0, 'lucaciu maria \r\n\r\nnicoleta', 0),
(224, 'users', '276', 0, 'Ionescu Catalin', 0),
(225, 'users', '277', 0, 'calin evelina', 0),
(226, 'users', '278', 0, 'chirion razvan', 0),
(227, 'users', '279', 0, 'Partenie Ovidiu', 0),
(228, 'users', '280', 0, 'Pascariu Adrian', 0),
(229, 'users', '281', 0, 'Ovidiu Lungu', 0),
(230, 'users', '282', 0, 'Itzhac Covaliu', 0),
(231, 'users', '283', 0, 'Andreas Graf', 0),
(232, 'users', '284', 0, 'test', 0),
(233, 'users', '285', 0, 'Jipa mihail gabriel', 0),
(234, 'users', '286', 0, 'Chisu Bogdan', 0),
(235, 'users', '287', 0, 'Borta Adina', 0),
(236, 'users', '288', 0, 'Mirela Gigica', 0),
(237, 'users', '289', 0, 'Anton Tamara', 0),
(238, 'users', '290', 0, 'Adrian Antoci', 0),
(239, 'users', '291', 0, 'DAVID IULIANA', 0),
(240, 'users', '292', 0, 'Balamaci Andrei', 0),
(241, 'users', '293', 0, 'LESSEK ADRIAN', 0),
(242, 'users', '294', 0, 'Tanase Razvan', 0),
(243, 'users', '295', 0, 'Duda Andrei', 0),
(244, 'users', '296', 0, 'marinescu', 0),
(245, 'users', '297', 0, 'ariton mihai', 0),
(246, 'users', '298', 0, 'Puiu Marian', 0),
(247, 'users', '299', 0, 'lutucons', 0),
(248, 'users', '300', 0, 'STELIAN POP', 0),
(249, 'users', '301', 0, 'Ancuta Cailean', 0),
(250, 'users', '302', 0, 'Roberto Casazza', 0),
(251, 'users', '303', 0, 'Curta Ciprian', 0),
(252, 'users', '304', 0, 'Simona Ciudin', 0),
(253, 'users', '305', 0, 'TODORAN NICOLAE MARIUS', 0),
(254, 'users', '306', 0, 'Donici Simona', 0),
(255, 'users', '307', 0, 'Anghel Silvia', 0),
(256, 'users', '308', 0, 'dutica dinu', 0),
(257, 'users', '309', 0, 'Preda Raluca', 0),
(258, 'users', '310', 0, 'Irina', 0),
(259, 'users', '311', 0, 'LIEB ROBERT', 0),
(260, 'users', '312', 0, 'Ciocanel Cristiana', 0),
(261, 'users', '313', 0, 'Tudor Maria', 0),
(262, 'users', '314', 0, 'moldoveanu cristian', 0),
(263, 'users', '315', 0, 'Cana Mihai', 0),
(264, 'users', '316', 0, 'Petre Rudeanu', 0),
(265, 'users', '317', 0, 'Ciutacu Gabriel Bogdan', 0),
(266, 'users', '318', 0, 'Camarasan', 0),
(267, 'users', '319', 0, 'SILAGHI AUGUSTIN FANEL', 0),
(268, 'users', '320', 0, 'dana burducea', 0),
(269, 'users', '321', 0, 'dragila dani', 0),
(270, 'users', '322', 0, 'Militaru \r\n\r\nCristian', 0),
(271, 'users', '323', 0, 'corneliu bogdan', 0),
(272, 'users', '324', 0, 'Plesca Valerian', 0),
(273, 'users', '325', 0, 'Droc Emilian', 0),
(274, 'users', '326', 0, 'Marian Mihailov', 0),
(275, 'users', '327', 0, 'parfene adrian', 0);
INSERT INTO `pptt_core_acl_aro` (`id`, `section_value`, `value`, `order_value`, `name`, `hidden`) VALUES
(276, 'users', '328', 0, 'Matei  Ilie', 0),
(277, 'users', '329', 0, 'BOSOI GHEORGHE', 0),
(278, 'users', '330', 0, 'Adrian Anghel', 0),
(279, 'users', '331', 0, 'Negoita Ciprian Dragomir', 0),
(280, 'users', '332', 0, 'Soporan Claudiu', 0),
(281, 'users', '333', 0, 'Orosan Oana', 0),
(282, 'users', '334', 0, 'radu andreea', 0),
(283, 'users', '335', 0, 'eremia cristian-robert', 0),
(284, 'users', '336', 0, 'Aurel Racautanu', 0),
(285, 'users', '337', 0, 'Hornea Andrei', 0),
(286, 'users', '338', 0, 'uzunov liana', 0),
(287, 'users', '339', 0, 'deniz erdal', 0),
(288, 'users', '340', 0, 'Calenic Claudia', 0),
(289, 'users', '341', 0, 'Marius Poroineanu', 0),
(290, 'users', '342', 0, 'radu dan', 0),
(291, 'users', '343', 0, 'TEODORESCU CATALINA', 0),
(292, 'users', '344', 0, 'pavelescu marius', 0),
(293, 'users', '345', 0, 'voicila \r\n\r\nconstantin', 0),
(294, 'users', '346', 0, 'CAMELIA RADU', 0),
(295, 'users', '347', 0, 'Liviu Adrian Dumitrache', 0),
(296, 'users', '348', 0, 'ALEXANDRU GABRIEL', 0),
(297, 'users', '349', 0, 'Sprianu Daniel', 0),
(298, 'users', '350', 0, 'Vasilescu Ionel', 0),
(299, 'users', '351', 0, 'MORAR   VASILE', 0),
(300, 'users', '352', 0, 'NEACSU CRISTIAN', 0),
(301, 'users', '353', 0, 'Vlad Irina Rori', 0),
(302, 'users', '354', 0, 'Birla Razvan', 0),
(303, 'users', '355', 0, 'Cepes Cosmin', 0),
(304, 'users', '356', 0, 'Mihai Amuza', 0),
(305, 'users', '357', 0, 'Stan Aurelia', 0),
(306, 'users', '358', 0, 'Clementina Iacolovici', 0),
(307, 'users', '359', 0, 'MARIN Silviu', 0),
(308, 'users', '360', 0, 'Bogdan Spircu', 0),
(309, 'users', '361', 0, 'Nitescu Dan', 0),
(310, 'users', '362', 0, 'honceriu marius', 0),
(311, 'users', '363', 0, 'bianca rotaru', 0),
(312, 'users', '364', 0, 'Antonio Rossi', 0),
(313, 'users', '365', 0, 'Cristi Girbea', 0),
(314, 'users', '366', 0, 'Ionescu Gabriel', 0),
(315, 'users', '367', 0, 'ticle', 0),
(316, 'users', '368', 0, 'DOREL COTAN', 0),
(317, 'users', '369', 0, 'marin florin', 0),
(318, 'users', '370', 0, 'ecolemn srl', 0),
(319, 'users', '371', 0, 'CHENG', 0),
(320, 'users', '372', 0, 'POPESCU VIOREL', 0),
(321, 'users', '373', 0, 'Olea Ioan', 0),
(322, 'users', '374', 0, 'Adrian Slave', 0),
(323, 'users', '375', 0, 'TODOR MIRCEA', 0),
(324, 'users', '376', 0, 'iliescu andreea', 0),
(325, 'users', '377', 0, 'SMART PROJECT TEAM', 0),
(326, 'users', '378', 0, 'vio_mora', 0),
(327, 'users', '379', 0, 'APETRACHEOAE NICOLAE', 0),
(328, 'users', '380', 0, 'Tanasa George', 0),
(329, 'users', '381', 0, 'Done Ionela', 0),
(330, 'users', '382', 0, 'lauda stefan', 0),
(331, 'users', '383', 0, 'lucian lacatus', 0),
(332, 'users', '384', 0, 'Iovita Radu', 0),
(333, 'users', '385', 0, 'Banescu Andrei', 0),
(334, 'users', '386', 0, 'Cozma Sterea', 0),
(335, 'users', '387', 0, 'Gheorghita Leonid', 0),
(336, 'users', '388', 0, 'ion grigoras', 0),
(337, 'users', '389', 0, 'BICONTRACTOR', 0),
(338, 'users', '390', 0, 'alex dobos', 0),
(339, 'users', '391', 0, 'Grigorescu \r\n\r\nRazvan', 0),
(340, 'users', '392', 0, 'PICIOREA \r\n\r\nVIOREL', 0),
(341, 'users', '393', 0, 'HEBEAN \r\n\r\nBOGDAN', 0),
(342, 'users', '394', 0, 'Dorin \r\n\r\nIATCO', 0),
(343, 'users', '395', 0, 'costea  \r\n\r\nflorentin', 0),
(344, 'users', '396', 0, 'Mihail PAVEL', 0),
(345, 'users', '397', 0, 'Ana Sprinciana', 0),
(346, 'users', '398', 0, 'Gelu Tudorache', 0),
(347, 'users', '399', 0, 'Sorin Hutu', 0),
(348, 'users', '400', 0, 'Cobzariu Eduard-Sorin', 0),
(349, 'users', '401', 0, 'rvmplast', 0),
(350, 'users', '402', 0, 'Eugen Muresan', 0),
(351, 'users', '403', 0, 'tarnavean petru', 0),
(352, 'users', '404', 0, 'TEODOR DORHOI', 0),
(353, 'users', '405', 0, 'Dana Octavia Pacurici', 0),
(354, 'users', '406', 0, 'Simona Cirlugea', 0),
(355, 'users', '407', 0, 'Felicia Puscas', 0),
(356, 'users', '408', 0, 'STEOROBANEANU IULIAN', 0),
(357, 'users', '409', 0, 'Gheta Cristina', 0),
(358, 'users', '410', 0, 'azoitei ion', 0),
(359, 'users', '411', 0, 'Vilcu Bogdan', 0),
(360, 'users', '412', 0, 'LUCACIU FLAVIUS', 0),
(361, 'users', '413', 0, 'georgescu marius', 0),
(362, 'users', '414', 0, 'voichita valerica', 0),
(363, 'users', '415', 0, 'NISTOR MIHAELA', 0),
(364, 'users', '416', 0, 'Dragos Anton ADINCU', 0),
(365, 'users', '417', 0, 'Mak Adalbert', 0),
(366, 'users', '418', 0, 'Mirela Sucu', 0),
(367, 'users', '419', 0, 'Alexandru \r\n\r\nVitalis', 0),
(368, 'users', '420', 0, 'Laurentiu Plesca', 0),
(369, 'users', '421', 0, 'CRISTESCU ADRIAN', 0),
(370, 'users', '422', 0, 'cotet marian', 0),
(371, 'users', '423', 0, 'peligrad ilie', 0),
(372, 'users', '424', 0, 'Adrian  Petre', 0),
(373, 'users', '425', 0, 'cristi costeiu', 0),
(374, 'users', '426', 0, 'Grajdeanu Nicoleta', 0),
(375, 'users', '427', 0, 'PITIGA  VASILE', 0),
(376, 'users', '428', 0, 'CATALIN MUNTEANU', 0),
(377, 'users', '429', 0, 'OPRISAN CRISTIAN', 0),
(378, 'users', '430', 0, 'HAN ANDRA VERONICA', 0),
(379, 'users', '431', 0, 'bizbac ionel', 0),
(380, 'users', '432', 0, 'Neamtu Lucian', 0),
(381, 'users', '433', 0, 'nickusor', 0),
(382, 'users', '434', 0, 'matei adrian', 0),
(383, 'users', '435', 0, 'Kurta Tamas', 0),
(384, 'users', '436', 0, 'Falamas Hortensia', 0),
(385, 'users', '437', 0, 'George TIMUS', 0),
(386, 'users', '438', 0, 'Darvas Laszlo', 0),
(387, 'users', '439', 0, 'TOMPA', 0),
(388, 'users', '440', 0, 'panait constantin', 0),
(389, 'users', '441', 0, 'vasile', 0),
(390, 'users', '442', 0, 'Georgeta Vladutescu', 0),
(391, 'users', '443', 0, 'amdaiil', 0),
(392, 'users', '444', 0, 'eterngrup', 0),
(393, 'users', '445', 0, 'Dumitrescu Roxana', 0),
(394, 'users', '446', 0, 'Dana Ifrim', 0),
(395, 'users', '447', 0, 'Soaita Cosmin', 0),
(396, 'users', '448', 0, 'dina george', 0),
(397, 'users', '449', 0, 'DIMITREVICI MIRCE', 0),
(398, 'users', '450', 0, 'GHICA TITUS', 0),
(399, 'users', '451', 0, 'surdulescu adina', 0),
(400, 'users', '452', 0, 'iaela cucu', 0),
(401, 'users', '453', 0, 'Alexandru \r\n\r\nAndrei', 0),
(402, 'users', '454', 0, 'Mardale \r\n\r\nMarius', 0),
(403, 'users', '455', 0, 'Marsovina Adrian', 0),
(404, 'users', '456', 0, 'gabriela gabi', 0),
(405, 'users', '457', 0, 'constanda vasile', 0),
(406, 'users', '458', 0, 'Alexandru Grigore', 0),
(407, 'users', '459', 0, 'Popescu George', 0),
(408, 'users', '460', 0, 'Andrei Alexandra', 0),
(409, 'users', '461', 0, 'serban doru', 0),
(410, 'users', '462', 0, 'Ghita Emilian', 0),
(411, 'users', '463', 0, 'Valeanu Emil', 0),
(412, 'users', '464', 0, 'Nedelcu Adrian', 0),
(413, 'users', '465', 0, 'szotákné b.katalin', 0),
(414, 'users', '466', 0, 'Baciu-Rosu Corina', 0),
(415, 'users', '467', 0, 'COSTACHE  GRIGORE', 0),
(416, 'users', '468', 0, 'Suciu Radu', 0),
(417, 'users', '469', 0, 'pencu ion \r\n\r\ncristian', 0),
(418, 'users', '470', 0, 'Niculae tinis', 0),
(419, 'users', '471', 0, 'Miresteanu Mihai', 0),
(420, 'users', '472', 0, 'Ing. Teodor BALAN', 0),
(421, 'users', '473', 0, 'Suciu Radu', 0),
(422, 'users', '474', 0, 'bagut victor', 0),
(423, 'users', '475', 0, 'mendel', 0),
(424, 'users', '476', 0, 'DAN ALEXANDRU GATA', 0),
(425, 'users', '477', 0, 'maftei ovidiu', 0),
(426, 'users', '478', 0, 'Bereczky Botond', 0),
(427, 'users', '479', 0, 'Lazar Mihai', 0),
(428, 'users', '480', 0, 'gradinaru mircea', 0),
(429, 'users', '481', 0, 'Iordache Cristina', 0),
(430, 'users', '482', 0, 's.c. dioconstruct s.r.l', 0),
(431, 'users', '483', 0, 'Ciupitu \r\n\r\nVasile', 0),
(432, 'users', '484', 0, 'zapis \r\n\r\nadelina', 0),
(433, 'users', '485', 0, 'Zaharia \r\n\r\nPaul', 0),
(434, 'users', '486', 0, 'Ghermeleu \r\n\r\nLavinia', 0),
(435, 'users', '487', 0, 'MIHAELA \r\n\r\nSENDROIU', 0),
(440, 'users', '492', 0, 'cerchez', 0),
(437, 'users', '489', 0, 'Kinga Becze', 0),
(438, 'users', '490', 0, 'Gabriel BRUDII', 0),
(439, 'users', '491', 0, 'proges', 0),
(441, 'users', '493', 0, 'Mihai Comanescu', 0),
(442, 'users', '494', 0, 'mmc', 0),
(443, 'users', '495', 0, 'tataru remus', 0),
(444, 'users', '496', 0, 'Mares George', 0),
(445, 'users', '497', 0, 'gavriluta rodica', 0),
(446, 'users', '498', 0, 'cotenescu irina', 0),
(447, 'users', '499', 0, 'horia bobolot', 0),
(448, 'users', '500', 0, 'bucurescu mihai', 0),
(449, 'users', '501', 0, 'raileanu iulian', 0),
(450, 'users', '502', 0, 'Adrian Petrisor', 0),
(451, 'users', '503', 0, 'Cosmin Dincu', 0),
(452, 'users', '504', 0, 'Sbircea Carmen Silvia', 0),
(453, 'users', '505', 0, 'Ghinea   Ciprian', 0),
(454, 'users', '506', 0, 'Csaba, Farkas', 0),
(455, 'users', '507', 0, 'Nicolcioiu Dan', 0),
(456, 'users', '508', 0, 'Aurelian Cretu', 0),
(457, 'users', '509', 0, 'serban alex', 0),
(458, 'users', '510', 0, 'Mirror Yours', 0),
(459, 'users', '511', 0, 'Bogdan Romaniuc', 0),
(460, 'users', '512', 0, 'C.D.', 0),
(461, 'users', '513', 0, 'ADRIAN SOLOMON', 0),
(462, 'users', '514', 0, 'Rusu Radu', 0),
(463, 'users', '515', 0, 'Alina Rosu', 0),
(464, 'users', '516', 0, 'Gigi tatavura', 0),
(465, 'users', '517', 0, 'Cristiaqn Ignaton', 0),
(466, 'users', '518', 0, 'Mindirigiu Eusebia', 0),
(467, 'users', '519', 0, 'Maria Rafael', 0),
(468, 'users', '520', 0, 'Georgescu Bogdan', 0),
(469, 'users', '521', 0, 'Emilian \r\n\r\nCiupitu', 0),
(470, 'users', '522', 0, 'Siretean  Florin', 0),
(471, 'users', '523', 0, 'Cornel Ionescu', 0),
(472, 'users', '524', 0, 'nicolae ciortan', 0),
(473, 'users', '525', 0, 'Sabina Naftica', 0),
(474, 'users', '526', 0, 'Rusu Andreea', 0),
(475, 'users', '527', 0, 'Traian Licsandru', 0),
(476, 'users', '528', 0, 'Lucian', 0),
(477, 'users', '529', 0, 'Camelia Pantel', 0),
(478, 'users', '530', 0, 'Cornel Dinu', 0),
(479, 'users', '531', 0, 'Laurentiu Nica', 0),
(480, 'users', '532', 0, 'Macra Nicusor', 0),
(481, 'users', '533', 0, 'Ardelean Stefania', 0),
(482, 'users', '534', 0, 'Dumitru Chehaia', 0),
(483, 'users', '535', 0, 'Horatiu Paltinescu', 0),
(484, 'users', '536', 0, 'Kovacs Paul', 0),
(485, 'users', '537', 0, 'Grigore Dorian', 0),
(486, 'users', '538', 0, 'Georgian ŞTEFĂNESCU', 0),
(487, 'users', '539', 0, 'Popescu Marian', 0),
(488, 'users', '540', 0, 'Gherasim Bogdan', 0),
(489, 'users', '541', 0, 'Gino Laios', 0),
(490, 'users', '542', 0, 'Raluca Matei', 0),
(491, 'users', '543', 0, 'condrea mariana', 0),
(492, 'users', '544', 0, 'Florin Stirbu', 0),
(493, 'users', '545', 0, 'NEMES VALER', 0),
(494, 'users', '546', 0, 'CALIN-MIHALTIAN Octavian', 0);
INSERT INTO `pptt_core_acl_aro` (`id`, `section_value`, `value`, `order_value`, `name`, `hidden`) VALUES
(495, 'users', '547', 0, 'Vaduva-Dumitru Vasilica', 0),
(496, 'users', '548', 0, 'bratu gabriel', 0),
(497, 'users', '549', 0, 'BOGDAN \r\n\r\nLUNGULESCU', 0),
(498, 'users', '550', 0, 'Sofronea Alexandru', 0),
(499, 'users', '551', 0, 'PANTEL Eugen', 0),
(500, 'users', '552', 0, 'Cristina Calin', 0),
(501, 'users', '553', 0, 'ELENA FILIP', 0),
(502, 'users', '554', 0, 'Petrescu Liviu', 0),
(503, 'users', '555', 0, 'Silvian IONITA', 0),
(504, 'users', '556', 0, 'Iancu Rares', 0),
(505, 'users', '557', 0, 'Sile Mardare', 0),
(506, 'users', '558', 0, 'Giurgiu Marius Dorin', 0),
(507, 'users', '559', 0, 'Ovidiu Stefanescu', 0),
(508, 'users', '560', 0, 'Cristi Brotea', 0),
(509, 'users', '561', 0, 'bbbbb', 0),
(513, 'users', '565', 0, 'vi_test', 0),
(511, 'users', '563', 0, 'Alexandru Robert', 0),
(512, 'users', '564', 0, 'Alexandraaa', 0),
(514, 'users', '566', 0, 'Vasile Diaconu', 0),
(515, 'users', '567', 0, 'CALIN', 0),
(516, 'users', '568', 0, 'andros distribution', 0),
(517, 'users', '569', 0, 'AZTEQUE CORPORATION', 0),
(518, 'users', '570', 0, 'BOSTAN FLORIN', 0),
(519, 'users', '571', 0, 'Barbu', 0),
(520, 'users', '572', 0, 'Sabin Maghiar', 0),
(521, 'users', '573', 0, 'Ionut Chise', 0),
(522, 'users', '574', 0, 'Grigorescu Irinel', 0);

-- --------------------------------------------------------

--
-- Table structure for table `pptt_core_acl_aro_groups`
--

CREATE TABLE IF NOT EXISTS `pptt_core_acl_aro_groups` (
  `id` int(11) NOT NULL auto_increment,
  `parent_id` int(11) NOT NULL default '0',
  `name` varchar(255) NOT NULL default '',
  `lft` int(11) NOT NULL default '0',
  `rgt` int(11) NOT NULL default '0',
  `value` varchar(255) NOT NULL default '',
  PRIMARY KEY  (`id`),
  KEY `pptt_gacl_parent_id_aro_groups` (`parent_id`),
  KEY `pptt_gacl_lft_rgt_aro_groups` (`lft`,`rgt`)
) ENGINE=MyISAM  DEFAULT CHARSET=utf8 AUTO_INCREMENT=31 ;

--
-- Dumping data for table `pptt_core_acl_aro_groups`
--

INSERT INTO `pptt_core_acl_aro_groups` (`id`, `parent_id`, `name`, `lft`, `rgt`, `value`) VALUES
(17, 0, 'ROOT', 1, 22, 'ROOT'),
(28, 17, 'USERS', 2, 21, 'USERS'),
(29, 28, 'Public \r\n\r\nFrontend', 3, 12, 'Public Frontend'),
(18, 29, 'Registered', 4, 11, 'Registered'),
(19, 18, 'Author', 5, 10, 'Author'),
(20, 19, 'Editor', 6, 9, 'Editor'),
(21, 20, 'Publisher', 7, 8, 'Publisher'),
(30, 28, 'Public Backend', 13, 20, 'Public Backend'),
(23, 30, 'Manager', 14, 19, 'Manager'),
(24, 23, 'Administrator', 15, 18, 'Administrator'),
(25, 24, 'Super Administrator', 16, 17, 'Super Administrator');

-- --------------------------------------------------------

--
-- Table structure for table `pptt_core_acl_aro_map`
--

CREATE TABLE IF NOT EXISTS `pptt_core_acl_aro_map` (
  `acl_id` int(11) NOT NULL default '0',
  `section_value` varchar(230) NOT NULL default '0',
  `value` varchar(100) NOT NULL default '',
  PRIMARY KEY  (`acl_id`,`section_value`,`value`)
) ENGINE=MyISAM DEFAULT CHARSET=utf8;

--
-- Dumping data for table `pptt_core_acl_aro_map`
--


-- --------------------------------------------------------

--
-- Table structure for table `pptt_core_acl_aro_sections`
--

CREATE TABLE IF NOT EXISTS `pptt_core_acl_aro_sections` (
  `id` int(11) NOT NULL auto_increment,
  `value` varchar(230) NOT NULL default '',
  `order_value` int(11) NOT NULL default '0',
  `name` varchar(230) NOT NULL default '',
  `hidden` int(11) NOT NULL default '0',
  PRIMARY KEY  (`id`),
  UNIQUE KEY `pptt_gacl_value_aro_sections` (`value`),
  KEY `pptt_gacl_hidden_aro_sections` (`hidden`)
) ENGINE=MyISAM  DEFAULT CHARSET=utf8 AUTO_INCREMENT=11 ;

--
-- Dumping data for table `pptt_core_acl_aro_sections`
--

INSERT INTO `pptt_core_acl_aro_sections` (`id`, `value`, `order_value`, `name`, `hidden`) VALUES
(10, 'users', 1, 'Users', 0);

-- --------------------------------------------------------

--
-- Table structure for table `pptt_core_acl_groups_aro_map`
--

CREATE TABLE IF NOT EXISTS `pptt_core_acl_groups_aro_map` (
  `group_id` int(11) NOT NULL default '0',
  `section_value` varchar(240) NOT NULL default '',
  `aro_id` int(11) NOT NULL default '0',
  UNIQUE KEY `group_id_aro_id_groups_aro_map` (`group_id`,`section_value`,`aro_id`)
) ENGINE=MyISAM DEFAULT CHARSET=utf8;

--
-- Dumping data for table `pptt_core_acl_groups_aro_map`
--

INSERT INTO `pptt_core_acl_groups_aro_map` (`group_id`, `section_value`, `aro_id`) VALUES
(18, '', 17),
(18, '', 18),
(18, '', 52),
(18, '', 68),
(18, '', 70),
(18, '', 71),
(18, '', 72),
(18, '', 73),
(18, '', 82),
(18, '', 83),
(18, '', 84),
(18, '', 85),
(18, '', 86),
(18, '', 87),
(18, '', 88),
(18, '', 89),
(18, '', 90),
(18, '', 91),
(18, '', 92),
(18, '', 93),
(18, '', 94),
(18, '', 95),
(18, '', 96),
(18, '', 97),
(18, '', 98),
(18, '', 99),
(18, '', 100),
(18, '', 101),
(18, '', 102),
(18, '', 103),
(18, '', 104),
(18, '', 105),
(18, '', 106),
(18, '', 107),
(18, '', 108),
(18, '', 109),
(18, '', 110),
(18, '', 111),
(18, '', 112),
(18, '', 113),
(18, '', 114),
(18, '', 115),
(18, '', 116),
(18, '', 117),
(18, '', 118),
(18, '', 120),
(18, '', 121),
(18, '', 122),
(18, '', 123),
(18, '', 124),
(18, '', 125),
(18, '', 126),
(18, '', 127),
(18, '', 128),
(18, '', 130),
(18, '', 131),
(18, '', 132),
(18, '', 134),
(18, '', 135),
(18, '', 136),
(18, '', 137),
(18, '', 138),
(18, '', 139),
(18, '', 140),
(18, '', 141),
(18, '', 142),
(18, '', 143),
(18, '', 144),
(18, '', 145),
(18, '', 146),
(18, '', 148),
(18, '', 149),
(18, '', 150),
(18, '', 151),
(18, '', 152),
(18, '', 153),
(18, '', 154),
(18, '', 157),
(18, '', 158),
(18, '', 159),
(18, '', 160),
(18, '', 161),
(18, '', 162),
(18, '', 163),
(18, '', 164),
(18, '', 165),
(18, '', 166),
(18, '', 167),
(18, '', 168),
(18, '', 169),
(18, '', 170),
(18, '', 173),
(18, '', 174),
(18, '', 175),
(18, '', 176),
(18, '', 177),
(18, '', 178),
(18, '', 179),
(18, '', 180),
(18, '', 181),
(18, '', 182),
(18, '', 183),
(18, '', 184),
(18, '', 185),
(18, '', 186),
(18, '', 187),
(18, '', 188),
(18, '', 189),
(18, '', 190),
(18, '', 191),
(18, '', 192),
(18, '', 193),
(18, '', 194),
(18, '', 195),
(18, '', 196),
(18, '', 197),
(18, '', 198),
(18, '', 199),
(18, '', 200),
(18, '', 201),
(18, '', 202),
(18, '', 203),
(18, '', 204),
(18, '', 205),
(18, '', 206),
(18, '', 207),
(18, '', 208),
(18, '', 209),
(18, '', 210),
(18, '', 211),
(18, '', 212),
(18, '', 213),
(18, '', 214),
(18, '', 215),
(18, '', 216),
(18, '', 217),
(18, '', 218),
(18, '', 219),
(18, '', 220),
(18, '', 221),
(18, '', 222),
(18, '', 223),
(18, '', 224),
(18, '', 225),
(18, '', 226),
(18, '', 227),
(18, '', 228),
(18, '', 229),
(18, '', 230),
(18, '', 231),
(18, '', 232),
(18, '', 233),
(18, '', 234),
(18, '', 235),
(18, '', 236),
(18, '', 237),
(18, '', 238),
(18, '', 239),
(18, '', 240),
(18, '', 241),
(18, '', 242),
(18, '', 243),
(18, '', 244),
(18, '', 245),
(18, '', 246),
(18, '', 247),
(18, '', 248),
(18, '', 249),
(18, '', 250),
(18, '', 251),
(18, '', 252),
(18, '', 253),
(18, '', 254),
(18, '', 255),
(18, '', 256),
(18, '', 257),
(18, '', 258),
(18, '', 259),
(18, '', 260),
(18, '', 261),
(18, '', 262),
(18, '', 263),
(18, '', 264),
(18, '', 265),
(18, '', 266),
(18, '', 267),
(18, '', 268),
(18, '', 269),
(18, '', 270),
(18, '', 271),
(18, '', 272),
(18, '', 273),
(18, '', 274),
(18, '', 275),
(18, '', 276),
(18, '', 277),
(18, '', 278),
(18, '', 279),
(18, '', 280),
(18, '', 281),
(18, '', 282),
(18, '', 283),
(18, '', 284),
(18, '', 285),
(18, '', 286),
(18, '', 287),
(18, '', 288),
(18, '', 289),
(18, '', 290),
(18, '', 291),
(18, '', 292),
(18, '', 293),
(18, '', 294),
(18, '', 295),
(18, '', 296),
(18, '', 297),
(18, '', 298),
(18, '', 299),
(18, '', 300),
(18, '', 301),
(18, '', 302),
(18, '', 303),
(18, '', 304),
(18, '', 305),
(18, '', 306),
(18, '', 307),
(18, '', 308),
(18, '', 309),
(18, '', 310),
(18, '', 311),
(18, '', 312),
(18, '', 313),
(18, '', 314),
(18, '', 315),
(18, '', 316),
(18, '', 317),
(18, '', 318),
(18, '', 319),
(18, '', 320),
(18, '', 321),
(18, '', 322),
(18, '', 323),
(18, '', 324),
(18, '', 325),
(18, '', 327),
(18, '', 328),
(18, '', 329),
(18, '', 330),
(18, '', 331),
(18, '', 332),
(18, '', 333),
(18, '', 334),
(18, '', 335),
(18, '', 336),
(18, '', 337),
(18, '', 338),
(18, '', 339),
(18, '', 340),
(18, '', 341),
(18, '', 342),
(18, '', 343),
(18, '', 344),
(18, '', 345),
(18, '', 346),
(18, '', 347),
(18, '', 348),
(18, '', 349),
(18, '', 350),
(18, '', 351),
(18, '', 352),
(18, '', 353),
(18, '', 354),
(18, '', 355),
(18, '', 356),
(18, '', 357),
(18, '', 358),
(18, '', 359),
(18, '', 360),
(18, '', 361),
(18, '', 362),
(18, '', 363),
(18, '', 364),
(18, '', 365),
(18, '', 366),
(18, '', 367),
(18, '', 368),
(18, '', 369),
(18, '', 370),
(18, '', 371),
(18, '', 372),
(18, '', 373),
(18, '', 374),
(18, '', 375),
(18, '', 376),
(18, '', 377),
(18, '', 378),
(18, '', 379),
(18, '', 380),
(18, '', 381),
(18, '', 382),
(18, '', 383),
(18, '', 384),
(18, '', 385),
(18, '', 386),
(18, '', 387),
(18, '', 388),
(18, '', 389),
(18, '', 390),
(18, '', 391),
(18, '', 392),
(18, '', 393),
(18, '', 394),
(18, '', 395),
(18, '', 396),
(18, '', 397),
(18, '', 398),
(18, '', 399),
(18, '', 400),
(18, '', 401),
(18, '', 402),
(18, '', 403),
(18, '', 404),
(18, '', 405),
(18, '', 406),
(18, '', 407),
(18, '', 408),
(18, '', 409),
(18, '', 410),
(18, '', 411),
(18, '', 412),
(18, '', 413),
(18, '', 414),
(18, '', 415),
(18, '', 416),
(18, '', 417),
(18, '', 418),
(18, '', 419),
(18, '', 420),
(18, '', 421),
(18, '', 422),
(18, '', 423),
(18, '', 424),
(18, '', 425),
(18, '', 426),
(18, '', 427),
(18, '', 428),
(18, '', 429),
(18, '', 430),
(18, '', 431),
(18, '', 432),
(18, '', 433),
(18, '', 434),
(18, '', 435),
(18, '', 437),
(18, '', 438),
(18, '', 439),
(18, '', 441),
(18, '', 442),
(18, '', 443),
(18, '', 444),
(18, '', 445),
(18, '', 446),
(18, '', 447),
(18, '', 448),
(18, '', 449),
(18, '', 450),
(18, '', 452),
(18, '', 453),
(18, '', 454),
(18, '', 455),
(18, '', 456),
(18, '', 457),
(18, '', 458),
(18, '', 459),
(18, '', 461),
(18, '', 462),
(18, '', 463),
(18, '', 464),
(18, '', 465),
(18, '', 466),
(18, '', 467),
(18, '', 468),
(18, '', 469),
(18, '', 470),
(18, '', 471),
(18, '', 472),
(18, '', 473),
(18, '', 474),
(18, '', 475),
(18, '', 476),
(18, '', 479),
(18, '', 480),
(18, '', 481),
(18, '', 482),
(18, '', 483),
(18, '', 484),
(18, '', 485),
(18, '', 486),
(18, '', 487),
(18, '', 488),
(18, '', 489),
(18, '', 490),
(18, '', 491),
(18, '', 492),
(18, '', 493),
(18, '', 494),
(18, '', 495),
(18, '', 496),
(18, '', 497),
(18, '', 498),
(18, '', 499),
(18, '', 500),
(18, '', 501),
(18, '', 502),
(18, '', 503),
(18, '', 504),
(18, '', 505),
(18, '', 506),
(18, '', 509),
(18, '', 511),
(18, '', 512),
(18, '', 513),
(18, '', 515),
(18, '', 516),
(18, '', 517),
(18, '', 518),
(18, '', 519),
(18, '', 520),
(18, '', 521),
(18, '', 522),
(19, '', 21),
(19, '', 22),
(19, '', 23),
(19, '', 24),
(19, '', 58),
(19, '', 59),
(19, '', 60),
(19, '', 61),
(19, '', 62),
(19, '', 63),
(19, '', 64),
(19, '', 67),
(19, '', 74),
(19, '', 75),
(19, '', 76),
(19, '', 77),
(19, '', 78),
(19, '', 79),
(19, '', 80),
(19, '', 81),
(19, '', 155),
(19, '', 156),
(19, '', 171),
(19, '', 172),
(19, '', 460),
(19, '', 478),
(23, '', 20),
(23, '', 451),
(23, '', 477),
(23, '', 507),
(24, '', 15),
(24, '', 16),
(24, '', 19),
(25, '', 10),
(25, '', 66),
(25, '', 326),
(25, '', 440),
(25, '', 508),
(25, '', 514);

-- --------------------------------------------------------

--
-- Table structure for table `pptt_core_log_items`
--

CREATE TABLE IF NOT EXISTS `pptt_core_log_items` (
  `time_stamp` date NOT NULL default '0000-00-00',
  `item_table` varchar(50) NOT NULL default '',
  `item_id` int(11) unsigned NOT NULL default '0',
  `hits` int(11) unsigned NOT NULL default '0'
) ENGINE=MyISAM DEFAULT CHARSET=utf8;

--
-- Dumping data for table `pptt_core_log_items`
--


-- --------------------------------------------------------

--
-- Table structure for table `pptt_core_log_searches`
--

CREATE TABLE IF NOT EXISTS `pptt_core_log_searches` (
  `search_term` varchar(128) NOT NULL default '',
  `hits` int(11) unsigned NOT NULL default '0'
) ENGINE=MyISAM DEFAULT CHARSET=utf8;

--
-- Dumping data for table `pptt_core_log_searches`
--


-- --------------------------------------------------------

--
-- Table structure for table `pptt_custom_properties`
--

CREATE TABLE IF NOT EXISTS `pptt_custom_properties` (
  `id` int(11) NOT NULL auto_increment,
  `ref_table` varchar(100) NOT NULL default 'content',
  `content_id` int(11) NOT NULL default '0',
  `field_id` int(11) NOT NULL default '0',
  `value_id` int(11) NOT NULL default '0',
  PRIMARY KEY  (`id`),
  UNIQUE KEY `t_c_f_v` (`ref_table`,`content_id`,`field_id`,`value_id`),
  KEY `content_id` (`content_id`),
  KEY `cp_field_id` (`field_id`),
  KEY `cp_value_id` (`value_id`),
  KEY `ref_table` (`ref_table`)
) ENGINE=MyISAM  DEFAULT CHARSET=utf8 AUTO_INCREMENT=55 ;

--
-- Dumping data for table `pptt_custom_properties`
--

INSERT INTO `pptt_custom_properties` (`id`, `ref_table`, `content_id`, `field_id`, `value_id`) VALUES
(51, 'content', 3888, 1, 3),
(52, 'content', 3888, 1, 19),
(53, 'content', 3888, 1, 2),
(54, 'content', 3888, 1, 4);

-- --------------------------------------------------------

--
-- Table structure for table `pptt_custom_properties_fields`
--

CREATE TABLE IF NOT EXISTS `pptt_custom_properties_fields` (
  `id` int(11) NOT NULL auto_increment,
  `name` varchar(50) NOT NULL default '',
  `label` varchar(255) NOT NULL default '',
  `field_type` varchar(50) NOT NULL default '',
  `modules` varchar(255) NOT NULL default '',
  `published` tinyint(1) NOT NULL default '0',
  `access` int(11) NOT NULL default '0',
  `ordering` int(11) NOT NULL default '0',
  `checked_out` int(11) NOT NULL default '0',
  PRIMARY KEY  (`id`),
  KEY `state` (`published`),
  KEY `access` (`access`),
  KEY `checked_out` (`checked_out`)
) ENGINE=MyISAM  DEFAULT CHARSET=utf8 AUTO_INCREMENT=2 ;

--
-- Dumping data for table `pptt_custom_properties_fields`
--

INSERT INTO `pptt_custom_properties_fields` (`id`, `name`, `label`, `field_type`, `modules`, `published`, `access`, `ordering`, `checked_out`) VALUES
(1, 'general', 'general', 'checkbox', '', 1, 0, 1, 0);

-- --------------------------------------------------------

--
-- Table structure for table `pptt_custom_properties_values`
--

CREATE TABLE IF NOT EXISTS `pptt_custom_properties_values` (
  `id` int(11) NOT NULL auto_increment,
  `field_id` int(11) NOT NULL default '0',
  `name` varchar(50) NOT NULL default '',
  `label` varchar(255) NOT NULL default '',
  `priority` tinyint(4) NOT NULL default '0',
  `default` tinyint(1) NOT NULL default '0',
  `ordering` int(11) NOT NULL default '0',
  PRIMARY KEY  (`id`),
  KEY `field_id` (`field_id`),
  KEY `name` (`name`),
  KEY `priority` (`priority`)
) ENGINE=MyISAM  DEFAULT CHARSET=utf8 AUTO_INCREMENT=21 ;

--
-- Dumping data for table `pptt_custom_properties_values`
--

INSERT INTO `pptt_custom_properties_values` (`id`, `field_id`, `name`, `label`, `priority`, `default`, `ordering`) VALUES
(1, 1, 'pptt', 'PPTT', 0, 0, 11),
(2, 1, 'tamplarie', 'Tamplarie', 0, 0, 17),
(3, 1, 'fatade', 'Fatade', 0, 0, 5),
(4, 1, 'termopan', 'Termopan', 0, 0, 18),
(5, 1, 'usi', 'Usi', 0, 0, 19),
(6, 1, 'ferestre', 'Ferestre', 0, 0, 6),
(7, 1, 'rulouri', 'Rulouri', 0, 0, 14),
(8, 1, 'sisteme', 'Sisteme', 0, 0, 15),
(9, 1, 'pvc', 'PVC', 0, 0, 13),
(10, 1, 'aluminiu', 'Aluminiu', 0, 0, 2),
(11, 1, 'feronerie', 'Feronerie', 0, 0, 7),
(12, 1, 'lemn', 'Lemn', 0, 0, 10),
(13, 1, 'sticla', 'Sticla', 0, 0, 16),
(14, 1, 'geam', 'Geam', 0, 0, 9),
(15, 1, 'utilaje', 'Utilaje', 0, 0, 20),
(16, 1, 'adezivi', 'Adezivi', 0, 0, 1),
(17, 1, 'companii', 'Companii', 0, 0, 3),
(18, 1, 'furnizor', 'Furnizor', 0, 0, 8),
(19, 1, 'producator', 'Producator', 0, 0, 12),
(20, 1, 'distributor', 'Distributor', 0, 0, 4);

-- --------------------------------------------------------

--
-- Table structure for table `pptt_dbcache`
--

CREATE TABLE IF NOT EXISTS `pptt_dbcache` (
  `id` varchar(32) NOT NULL default '',
  `groupname` varchar(32) NOT NULL default '',
  `expire` datetime NOT NULL default '0000-00-00 00:00:00',
  `value` mediumblob NOT NULL,
  PRIMARY KEY  (`id`,`groupname`),
  KEY `expire` (`expire`,`groupname`)
) ENGINE=InnoDB DEFAULT CHARSET=utf8;

--
-- Dumping data for table `pptt_dbcache`
--


-- --------------------------------------------------------

--
-- Table structure for table `pptt_director_cache`
--

CREATE TABLE IF NOT EXISTS `pptt_director_cache` (
  `validtime` int(11) NOT NULL default '0',
  `task` varchar(20) NOT NULL default '',
  `sid` int(11) NOT NULL default '0',
  `cid` int(11) NOT NULL default '0',
  `uid` tinyint(11) NOT NULL default '0',
  `limitstart` int(11) NOT NULL default '0',
  `limitall` tinyint(11) NOT NULL default '0',
  `Itemid` int(11) NOT NULL default '0',
  `section` varchar(50) NOT NULL default '',
  `params` text NOT NULL,
  `html` blob NOT NULL,
  `opt` text NOT NULL,
  `slang` varchar(50) NOT NULL default '',
  `schecksum` varchar(50) NOT NULL default '',
  KEY `sid` (`sid`),
  KEY `cid` (`cid`),
  KEY `uid` (`uid`),
  KEY `validtime` (`validtime`),
  KEY `slang` (`slang`),
  KEY `section` (`section`),
  KEY `task` (`task`)
) ENGINE=InnoDB DEFAULT CHARSET=utf8;

--
-- Dumping data for table `pptt_director_cache`
--


-- --------------------------------------------------------

--
-- Table structure for table `pptt_director_categories`
--

CREATE TABLE IF NOT EXISTS `pptt_director_categories` (
  `catid` int(11) NOT NULL auto_increment,
  `name` varchar(100) default NULL,
  `image` varchar(100) default NULL,
  `image_position` varchar(10) default NULL,
  `description` text,
  `introtext` varchar(100) default NULL,
  `published` tinyint(1) default NULL,
  `checked_out` int(11) default NULL,
  `checked_out_time` datetime default NULL,
  `ordering` int(11) default NULL,
  `access` tinyint(3) default NULL,
  `count` int(11) default NULL,
  `params` text,
  `icon` varchar(100) NOT NULL default '',
  PRIMARY KEY  (`catid`)
) ENGINE=InnoDB  DEFAULT CHARSET=utf8 AUTO_INCREMENT=193 ;

--
-- Dumping data for table `pptt_director_categories`
--

INSERT INTO `pptt_director_categories` (`catid`, `name`, `image`, `image_position`, `description`, `introtext`, `published`, `checked_out`, `checked_out_time`, `ordering`, `access`, `count`, `params`, `icon`) VALUES
(1, 'root category', '', 'right', '<div><strong style=\\"font-size: 16px;\\">Categorii furnizori:</strong></div>', '', 0, 0, '0000-00-00 00:00:00', NULL, NULL, 0, '', ''),
(178, 'Antreprenori de constructii', '', 'left', '<span style=\\\\\\"font-weight: bold; font-size: 16px; text-transform: uppercase\\\\\\">Antreprenori de constructii</span>', '', 1, 0, '0000-00-00 00:00:00', 1, NULL, 4002, '', ''),
(179, 'Arhitectura si proiectare', '', 'left', '<span style=\\\\\\"font-weight: bold; font-size: 16px; text-transform: uppercase\\\\\\">Arhitectura si proiectare</span>', '', 1, 0, '0000-00-00 00:00:00', 2, NULL, 1757, '', ''),
(180, 'Amenajari interioare/exterioare', '', 'left', '<span style=\\\\\\"font-weight: bold; font-size: 16px; text-transform: uppercase\\\\\\">Amenajari interioare si exterioare</span>', '', 1, 0, '0000-00-00 00:00:00', 5, NULL, 1672, '', ''),
(181, 'Agentii imobiliare/developeri', '', 'left', '<span style=\\\\\\"font-weight: bold; font-size: 16px; text-transform: uppercase\\\\\\">Agentii imobiliare si developeri</span>', '', 1, 0, '0000-00-00 00:00:00', 4, NULL, 894, '', ''),
(182, 'Constructii/instalatii - executie', '', 'left', '<span style=\\\\\\"font-weight: bold; font-size: 16px; text-transform: uppercase\\\\\\">Constructii si instalatii - executie</span>', '', 1, 0, '0000-00-00 00:00:00', 3, NULL, 2390, '', ''),
(183, 'Materiale pentru hale', '', 'left', '<span style=\\\\\\"font-weight: bold; font-size: 16px; text-transform: uppercase\\\\\\">Materiale pentru hale si structuri metalice</span>', '', 1, 0, '0000-00-00 00:00:00', 10, NULL, 2041, '', ''),
(184, 'Executie de izolatii/etansari', '', 'left', '<span style=\\\\\\"font-weight: bold; font-size: 16px; text-transform: uppercase\\\\\\">Executie de izolatii si etansari</span>', '', 1, 0, '0000-00-00 00:00:00', 6, NULL, 1091, '', ''),
(185, 'Renovari, consolidari, restaurari', '', 'left', '<span style=\\\\\\"font-weight: bold; font-size: 16px; text-transform: uppercase\\\\\\">Renovari, consolidari si restaurari</span>', '', 1, 0, '0000-00-00 00:00:00', 7, NULL, 949, '', ''),
(186, 'Materiale de constructii/instalatii', '', 'left', '<span style=\\\\\\"font-weight: bold; font-size: 16px; text-transform: uppercase\\\\\\">Materiale de constructii si instalatii</span>', '', 1, 0, '0000-00-00 00:00:00', 9, NULL, 6174, '', ''),
(189, 'Tamplarie, pereti cortina, placari', '', 'left', '<span style=\\\\\\"font-weight: bold; font-size: 16px; text-transform: uppercase\\\\\\">Tamplarie, pereti cortina si placari fatade</span>', '', 1, 0, '0000-00-00 00:00:00', 8, NULL, 2635, '', ''),
(190, 'Utilaje, scule, echipamente', '', 'left', '<span style=\\\\\\"font-weight: bold; font-size: 16px; text-transform: uppercase\\\\\\">Utilaje, scule si echipamente pentru constructii</span>', '', 1, 0, '0000-00-00 00:00:00', 12, NULL, 1843, '', ''),
(191, 'Servicii in constructii/instalatii', '', 'left', '<span style=\\\\\\"font-weight: bold; font-size: 16px; text-transform: uppercase\\\\\\">Servicii in constructii si instalatii</span>', '', 1, 0, '0000-00-00 00:00:00', 14, NULL, 1337, '', ''),
(192, 'Alte domenii de constructii', '', 'left', '<span style=\\\\\\"font-weight: bold; font-size: 16px; text-transform: uppercase\\\\\\">Alte domenii de constructii</span>', '', 1, 0, '0000-00-00 00:00:00', 15, NULL, 1495, '', '');

-- --------------------------------------------------------

--
-- Table structure for table `pptt_director_cats_relations`
--

CREATE TABLE IF NOT EXISTS `pptt_director_cats_relations` (
  `catid` int(11) NOT NULL default '0',
  `parentid` int(11) NOT NULL default '0',
  PRIMARY KEY  (`catid`,`parentid`),
  KEY `category_parent_id` (`parentid`),
  KEY `category_child_id` (`catid`)
) ENGINE=InnoDB DEFAULT CHARSET=utf8;

--
-- Dumping data for table `pptt_director_cats_relations`
--

INSERT INTO `pptt_director_cats_relations` (`catid`, `parentid`) VALUES
(178, 1),
(179, 1),
(180, 1),
(181, 1),
(182, 1),
(183, 1),
(184, 1),
(185, 1),
(186, 1),
(189, 1),
(190, 1),
(191, 1),
(192, 1);

-- --------------------------------------------------------

--
-- Table structure for table `pptt_director_cat_items_relations`
--

CREATE TABLE IF NOT EXISTS `pptt_director_cat_items_relations` (
  `catid` int(11) NOT NULL default '0',
  `itemid` int(11) NOT NULL default '0',
  `ordering` int(11) NOT NULL default '0',
  PRIMARY KEY  (`catid`,`itemid`),
  KEY `itemid` (`itemid`),
  KEY `catid` (`catid`)
) ENGINE=InnoDB DEFAULT CHARSET=utf8;

--
-- Dumping data for table `pptt_director_cat_items_relations`
--

INSERT INTO `pptt_director_cat_items_relations` (`catid`, `itemid`, `ordering`) VALUES
(178, 14, 1),
(178, 53, 2),
(178, 54, 3),
(178, 70, 4),
(178, 83, 5),
(178, 84, 6),
(178, 89, 7),
(178, 97, 8),
(178, 103, 9),
(178, 105, 10),
(178, 111, 11),
(178, 115, 12),
(178, 120, 13),
(178, 122, 14),
(178, 124, 15),
(178, 128, 16),
(178, 131, 17),
(178, 135, 18),
(178, 136, 19),
(178, 190, 20),
(178, 191, 21),
(178, 215, 22),
(178, 225, 23),
(178, 259, 24),
(178, 261, 25),
(178, 297, 26),
(178, 299, 27),
(179, 14, 1),
(179, 51, 2),
(179, 52, 3),
(179, 84, 4),
(179, 89, 5),
(179, 92, 6),
(179, 103, 7),
(179, 111, 8),
(179, 120, 9),
(179, 174, 11),
(179, 175, 12),
(179, 192, 13),
(179, 254, 14),
(179, 299, 15),
(180, 14, 1),
(180, 59, 2),
(180, 83, 3),
(180, 84, 4),
(180, 86, 5),
(180, 93, 6),
(180, 96, 7),
(180, 100, 8),
(180, 103, 9),
(180, 105, 10),
(180, 110, 11),
(180, 111, 12),
(180, 115, 13),
(180, 119, 14),
(180, 126, 15),
(180, 136, 16),
(180, 140, 17),
(180, 155, 18),
(180, 156, 19),
(180, 157, 20),
(180, 196, 21),
(180, 253, 22),
(180, 289, 23),
(180, 290, 24),
(180, 297, 25),
(180, 298, 26),
(180, 299, 27),
(181, 14, 1),
(181, 130, 2),
(181, 261, 3),
(182, 14, 1),
(182, 27, 2),
(182, 70, 3),
(182, 80, 4),
(182, 81, 7),
(182, 83, 5),
(182, 84, 6),
(182, 85, 8),
(182, 89, 9),
(182, 92, 10),
(182, 94, 11),
(182, 99, 12),
(182, 103, 13),
(182, 105, 14),
(182, 107, 15),
(182, 114, 16),
(182, 115, 17),
(182, 120, 18),
(182, 121, 19),
(182, 124, 20),
(182, 125, 21),
(182, 127, 22),
(182, 143, 23),
(182, 190, 24),
(182, 191, 25),
(182, 193, 26),
(182, 196, 27),
(182, 215, 28),
(182, 225, 29),
(182, 229, 30),
(182, 232, 31),
(182, 253, 32),
(182, 260, 36),
(182, 275, 33),
(182, 278, 34),
(182, 279, 35),
(182, 290, 37),
(182, 296, 38),
(182, 297, 39),
(183, 14, 1),
(183, 23, 2),
(183, 29, 3),
(183, 33, 4),
(183, 50, 5),
(183, 84, 6),
(183, 86, 7),
(183, 89, 8),
(183, 92, 9),
(183, 93, 10),
(183, 97, 11),
(183, 98, 12),
(183, 102, 13),
(183, 106, 14),
(183, 109, 15),
(183, 115, 16),
(183, 120, 17),
(183, 121, 18),
(183, 124, 19),
(183, 125, 20),
(183, 158, 21),
(183, 165, 22),
(183, 183, 23),
(183, 191, 33),
(183, 205, 24),
(183, 214, 25),
(183, 215, 26),
(183, 216, 27),
(183, 248, 29),
(183, 252, 30),
(183, 254, 31),
(183, 255, 32),
(183, 261, 34),
(183, 268, 35),
(183, 274, 36),
(183, 287, 37),
(183, 288, 38),
(183, 298, 39),
(184, 14, 1),
(184, 16, 2),
(184, 60, 10),
(184, 83, 11),
(184, 89, 12),
(184, 99, 13),
(184, 105, 14),
(184, 109, 15),
(184, 114, 16),
(184, 115, 17),
(184, 120, 18),
(184, 124, 19),
(184, 131, 20),
(184, 195, 21),
(184, 297, 22),
(185, 14, 1),
(185, 83, 2),
(185, 84, 3),
(185, 97, 4),
(185, 103, 5),
(185, 105, 6),
(185, 111, 7),
(185, 115, 8),
(185, 120, 9),
(185, 131, 10),
(185, 155, 11),
(185, 196, 12),
(185, 210, 13),
(185, 253, 14),
(185, 299, 15),
(186, 14, 1),
(186, 16, 24),
(186, 17, 2),
(186, 24, 22),
(186, 28, 23),
(186, 30, 3),
(186, 38, 4),
(186, 39, 5),
(186, 41, 6),
(186, 42, 10),
(186, 44, 11),
(186, 45, 12),
(186, 47, 7),
(186, 48, 13),
(186, 49, 8),
(186, 50, 9),
(186, 54, 47),
(186, 55, 21),
(186, 56, 20),
(186, 57, 19),
(186, 58, 18),
(186, 59, 14),
(186, 61, 17),
(186, 62, 15),
(186, 69, 16),
(186, 80, 25),
(186, 82, 26),
(186, 86, 27),
(186, 93, 28),
(186, 94, 29),
(186, 97, 30),
(186, 98, 31),
(186, 99, 32),
(186, 103, 33),
(186, 104, 34),
(186, 109, 35),
(186, 111, 36),
(186, 112, 37),
(186, 115, 38),
(186, 120, 39),
(186, 123, 40),
(186, 125, 41),
(186, 129, 42),
(186, 133, 43),
(186, 137, 44),
(186, 139, 45),
(186, 143, 46),
(186, 152, 48),
(186, 153, 49),
(186, 155, 50),
(186, 156, 51),
(186, 157, 52),
(186, 158, 53),
(186, 159, 54),
(186, 160, 55),
(186, 161, 56),
(186, 162, 57),
(186, 166, 58),
(186, 169, 60),
(186, 170, 59),
(186, 171, 61),
(186, 172, 62),
(186, 176, 63),
(186, 177, 64),
(186, 178, 65),
(186, 181, 66),
(186, 183, 67),
(186, 185, 68),
(186, 187, 69),
(186, 188, 70),
(186, 189, 71),
(186, 194, 72),
(186, 196, 73),
(186, 197, 74),
(186, 199, 75),
(186, 201, 76),
(186, 202, 77),
(186, 203, 78),
(186, 206, 79),
(186, 207, 80),
(186, 208, 81),
(186, 211, 82),
(186, 212, 83),
(186, 215, 84),
(186, 220, 85),
(186, 221, 86),
(186, 228, 87),
(186, 229, 88),
(186, 231, 89),
(186, 233, 90),
(186, 234, 91),
(186, 236, 92),
(186, 237, 93),
(186, 238, 94),
(186, 239, 95),
(186, 240, 96),
(186, 244, 97),
(186, 246, 98),
(186, 251, 99),
(186, 258, 100),
(186, 262, 101),
(186, 263, 102),
(186, 265, 103),
(186, 266, 104),
(186, 269, 105),
(186, 276, 106),
(186, 277, 107),
(186, 280, 108),
(186, 281, 109),
(186, 282, 110),
(186, 291, 111),
(186, 292, 112),
(186, 298, 113),
(187, 14, 1),
(189, 37, 1),
(189, 40, 2),
(189, 46, 3),
(189, 63, 7),
(189, 64, 5),
(189, 65, 6),
(189, 66, 4),
(189, 72, 8),
(189, 73, 9),
(189, 74, 10),
(189, 75, 11),
(189, 76, 12),
(189, 77, 13),
(189, 78, 14),
(189, 79, 15),
(189, 84, 16),
(189, 86, 17),
(189, 87, 18),
(189, 88, 19),
(189, 89, 20),
(189, 90, 21),
(189, 95, 22),
(189, 96, 23),
(189, 97, 24),
(189, 105, 25),
(189, 108, 26),
(189, 115, 27),
(189, 122, 29),
(189, 134, 28),
(189, 136, 30),
(189, 137, 31),
(189, 140, 32),
(189, 141, 33),
(189, 142, 34),
(189, 146, 35),
(189, 147, 36),
(189, 148, 37),
(189, 149, 38),
(189, 150, 39),
(189, 173, 40),
(189, 179, 41),
(189, 180, 42),
(189, 205, 43),
(189, 209, 44),
(189, 214, 45),
(189, 216, 46),
(189, 226, 47),
(189, 228, 48),
(189, 250, 49),
(189, 253, 50),
(189, 255, 51),
(189, 256, 52),
(189, 257, 53),
(189, 260, 58),
(189, 270, 54),
(189, 283, 55),
(189, 285, 56),
(189, 286, 57),
(189, 287, 59),
(189, 288, 60),
(189, 291, 61),
(189, 294, 62),
(189, 295, 63),
(189, 297, 64),
(189, 298, 65),
(190, 18, 1),
(190, 25, 2),
(190, 26, 3),
(190, 31, 4),
(190, 32, 5),
(190, 34, 6),
(190, 35, 7),
(190, 36, 8),
(190, 43, 9),
(190, 67, 10),
(190, 71, 11),
(190, 101, 12),
(190, 115, 13),
(190, 116, 14),
(190, 117, 15),
(190, 129, 16),
(190, 135, 17),
(190, 138, 18),
(190, 144, 19),
(190, 154, 20),
(190, 167, 21),
(190, 184, 22),
(190, 198, 23),
(190, 204, 24),
(190, 213, 25),
(190, 217, 26),
(190, 218, 27),
(190, 219, 28),
(190, 224, 29),
(190, 227, 36),
(190, 230, 30),
(190, 241, 31),
(190, 242, 32),
(190, 243, 33),
(190, 245, 34),
(190, 247, 35),
(190, 264, 37),
(190, 271, 38),
(190, 272, 39),
(190, 293, 40),
(191, 31, 1),
(191, 32, 2),
(191, 34, 3),
(191, 35, 4),
(191, 81, 5),
(191, 89, 6),
(191, 92, 7),
(191, 108, 8),
(191, 114, 9),
(191, 115, 10),
(191, 120, 11),
(191, 125, 12),
(191, 129, 13),
(191, 132, 14),
(191, 136, 15),
(191, 139, 16),
(191, 143, 17),
(191, 154, 20),
(191, 155, 18),
(191, 175, 21),
(191, 186, 23),
(191, 196, 24),
(191, 200, 25),
(191, 210, 26),
(191, 215, 27),
(191, 229, 28),
(191, 235, 29),
(191, 260, 30),
(191, 267, 31),
(191, 293, 32),
(191, 297, 33),
(191, 298, 34),
(192, 19, 2),
(192, 68, 3),
(192, 89, 4),
(192, 91, 5),
(192, 103, 6),
(192, 105, 7),
(192, 108, 8),
(192, 113, 9),
(192, 114, 10),
(192, 115, 11),
(192, 120, 12),
(192, 121, 13),
(192, 125, 14),
(192, 131, 15),
(192, 139, 16),
(192, 140, 17),
(192, 143, 18),
(192, 145, 19),
(192, 155, 20),
(192, 164, 21),
(192, 169, 23),
(192, 170, 24),
(192, 196, 25),
(192, 206, 26),
(192, 222, 27),
(192, 223, 28),
(192, 227, 29),
(192, 249, 30),
(192, 273, 31),
(192, 284, 32),
(192, 288, 33),
(192, 290, 34),
(192, 299, 35);

-- --------------------------------------------------------

--
-- Table structure for table `pptt_director_cobj`
--

CREATE TABLE IF NOT EXISTS `pptt_director_cobj` (
  `atime` int(11) NOT NULL default '0',
  `sid` int(11) NOT NULL default '0',
  `cid` int(11) NOT NULL default '0',
  `svars` text NOT NULL,
  `oid` int(11) NOT NULL default '0',
  `cl` int(11) NOT NULL default '0',
  `params` text NOT NULL,
  `slang` varchar(50) NOT NULL default '',
  `schecksum` varchar(50) NOT NULL default '',
  PRIMARY KEY  (`sid`,`cid`,`oid`,`cl`,`slang`),
  KEY `sid` (`sid`),
  KEY `cid` (`cid`),
  KEY `cl` (`cl`),
  KEY `slang` (`slang`)
) ENGINE=InnoDB DEFAULT CHARSET=utf8;

--
-- Dumping data for table `pptt_director_cobj`
--

INSERT INTO `pptt_director_cobj` (`atime`, `sid`, `cid`, `svars`, `oid`, `cl`, `params`, `slang`, `schecksum`) VALUES
(1271921018, 0, 178, 'S7QysqoutjKxUkpOLClWss60MrAutjK1UsosSc0F8outDK2UzJSsawE=', 0, 0, '', 'romanian', '2'),
(1271921018, 0, 179, 'S7QysqoutjKxUkpOLClWss60MrAutjK1UsosSc0F8outDK2UjJWsawE=', 0, 0, '', 'romanian', '2'),
(1271921018, 0, 180, 'S7QysqoutjKxUkpOLClWss60MrAutjK1UsosSc0F8outDK2UjJWsawE=', 0, 0, '', 'romanian', '2'),
(1271921018, 0, 181, 'S7QysqoutjKxUkpOLClWss60MrAutjK1UsosSc0F8outDK2UDJWsawE=', 0, 0, '', 'romanian', '2'),
(1271921018, 0, 182, 'S7QysqoutjKxUkpOLClWss60MrAutjK1UsosSc0F8ouB8kqGJkrWtQA=', 0, 0, '', 'romanian', '2'),
(1271921019, 0, 183, 'S7QysqoutjKxUkpOLClWss60MrAutjK1UsosSc0F8ouB8kqGJkrWtQA=', 0, 0, '', 'romanian', '2'),
(1271921019, 0, 184, 'S7QysqoutjKxUkpOLClWss60MrAutjK1UsosSc0F8outDK2UDJWsawE=', 0, 0, '', 'romanian', '2'),
(1271921019, 0, 185, 'S7QysqoutjKxUkpOLClWss60MrAutjK1UsosSc0F8outDK2UjJSsawE=', 0, 0, '', 'romanian', '2'),
(1271921019, 0, 186, 'S7QysqoutjKxUkpOLClWss60MrAutjK1UsosSc0F8ouB8komBkrWtQA=', 0, 0, '', 'romanian', '2'),
(1271921019, 0, 189, 'S7QysqoutjKxUkpOLClWss60MrAutjK1UsosSc0F8ouB8kpGhkrWtQA=', 0, 0, '', 'romanian', '2'),
(1271921019, 0, 190, 'S7QysqoutjKxUkpOLClWss60MrAutjK1UsosSc0F8ouB8kqGZkrWtQA=', 0, 0, '', 'romanian', '2'),
(1271921019, 0, 191, 'S7QysqoutjKxUkpOLClWss60MrAutjK1UsosSc0F8outDK2ULJWsawE=', 0, 0, '', 'romanian', '2'),
(1271921019, 0, 192, 'S7QysqoutjKxUkpOLClWss60MrAutjK1UsosSc0F8outDK2ULJWsawE=', 0, 0, '', 'romanian', '2');

-- --------------------------------------------------------

--
-- Table structure for table `pptt_director_config`
--

CREATE TABLE IF NOT EXISTS `pptt_director_config` (
  `configKey` varchar(100) NOT NULL default '',
  `configValue` text,
  `directorSection` varchar(100) NOT NULL default '',
  `description` text,
  PRIMARY KEY  (`configKey`,`directorSection`)
) ENGINE=InnoDB DEFAULT CHARSET=utf8;

--
-- Dumping data for table `pptt_director_config`
--

INSERT INTO `pptt_director_config` (`configKey`, `configValue`, `directorSection`, `description`) VALUES
('acceptEntryRules1', 'Sunt de acord cu', 'editForm', NULL),
('acceptEntryRules2', '', 'editForm', NULL),
('admPermission', '0', 'adm', NULL),
('ajaxSearchCatsContHeight', '100', 'frontpage', NULL),
('ajaxSearchCatsFieldsDepend', '0', 'frontpage', NULL),
('ajaxSearchCatsForFields', '0', 'frontpage', NULL),
('ajaxSearchSlidInAfterSearch', '1', 'frontpage', NULL),
('ajaxSearchSlidInOnStart', '1', 'frontpage', NULL),
('ajaxSearchUseSlider', '1', 'frontpage', NULL),
('allowAddingToParentCats', '1', 'editForm', NULL),
('allowAnoDetails', '1', 'general', NULL),
('allowAnonymous', '1', 'editForm', NULL),
('allowFeEntr', '1', 'general', NULL),
('allowMultiTitle', '1', 'editForm', NULL),
('allowQuickEdit', '1', 'general', NULL),
('allowRenew', '0', 'general', NULL),
('allowRenewDaysForExp', '14', 'general', NULL),
('allowUserDelete', '0', 'general', '0 - no\r\n1 - yes\r\n2 - only unpublish'),
('allowUserToEditEntry', '1', 'general', NULL),
('allowUsingBackground', '0', 'general', NULL),
('allowUsingIco', '0', 'editForm', '0 - no\r\n1 - yes and is free\r\n2- yes but is no free'),
('allowUsingImg', '1', 'editForm', '0 - no\r\n1 - yes and is free\r\n2- yes but is no free'),
('autopublishEntry', '0', 'general', NULL),
('bankData', '<b>S.C. Rampa Invest SRL</b><br />\\r\\nStr. Enachita Vacarescu nr. 17, Sector 4, Bucuresti<br />\\r\\nCod Fiscal: RO 13506167<br />\\r\\nNumar de inregistrare RC: J40/10200/2000<br />\\r\\nCont Bancar: RO23 BACX 0000 0000 3649 6250<br />\\r\\nBanca: Unicredit Tiriac Bank suc. Charles de Gaulle', 'payment', NULL),
('basicPrice', '0', 'general', NULL),
('basicPriceLabel', 'Firma', 'general', NULL),
('cacheL2dvEnabled', '0', 'cache', NULL),
('cacheL2Enabled', '0', 'cache', NULL),
('cacheL2Lifetime', '432000', 'cache', NULL),
('cacheL2strLen', '500000', 'cache', NULL),
('cacheL3Enabled', '0', 'cache', NULL),
('cacheL3strLen', '500000', 'cache', NULL),
('cat2price', '0', 'editForm', NULL),
('cat3price', '0', 'editForm', NULL),
('cat4price', '0', 'editForm', NULL),
('cat5price', '0', 'editForm', NULL),
('catListAs', '2', 'frontpage', '1 = list,\r\n2 = symbols with icon and introtext'),
('catsListInLine', '3', 'frontpage', NULL),
('catsOrdering', 'ordering ASC', 'general', NULL),
('componentName', 'INDEX FURNIZORI', 'general', NULL),
('curencyDecSeparator', ',', 'general', NULL),
('currency', 'EUR', 'editForm', NULL),
('debug', '7', 'frontpage', NULL),
('debugTmpl', '1', 'frontpage', NULL),
('defTpl', 'default', 'general', NULL),
('directorBackgroundImg', '', 'general', NULL),
('directorBorderColor', '808080', 'general', NULL),
('efEntryTitleLabel', 'Firma', 'editForm', NULL),
('efEntryTitleLength', '75', 'editForm', NULL),
('efIcoLabel', 'Sigla', 'editForm', NULL),
('efImgLabel', 'Sigla', 'editForm', NULL),
('emailOnAppr', '0', 'editForm', NULL),
('emailOnRenew', '0', 'editForm', NULL),
('emailOnRenewAdm', '0', 'editForm', NULL),
('email_on_renew_text', 'An entry in {director} on {sitename} has been renewed. \n\n User: {user} \nTitle: {title} \n\n{link_details}', 'editForm', NULL),
('email_on_renew_title', 'An entry in {director} on {sitename} has been renewed', 'editForm', NULL),
('email_on_submit_text', 'O noua inregistare in {director} in site-ul {sitename} a fost adaugata \n\nUser: {user} \nTitle: {title} \n\n{link_details}', 'editForm', NULL),
('email_on_submit_title', 'O noua inregistare in {director} in site-ul {sitename} a fost adaugata', 'editForm', NULL),
('email_on_update_text', 'An entry in {director} on {sitename} has been updated. \n\nUser: {user} \nTitle: {title} \n\n{link_details}', 'editForm', NULL),
('email_on_update_title', 'An entry in {director} on {sitename} has been updated', 'editForm', NULL),
('email_payments_text', 'An entry in {director} on {sitename} has been added. \n\nUser: {user} \nTitle: {title} \n\n{link_details} \n\n{selected_options} \n\nTotal Amount: {total} \n\nExpiration date: {expiration_date}', 'payment', NULL),
('email_payments_title', 'An entry in {director} on {sitename} (payments details)', 'payment', NULL),
('entryExpirationTime', '0000-00-00 00:00:00', 'general', NULL),
('entryRulesURL', 'index.php?option=com_content&view=article&id=161', 'editForm', NULL),
('entryRulesURLextern', '0', 'editForm', NULL),
('entryRulesURLlabel', 'termeni de utilizare', 'editForm', NULL),
('forceMenuId', '1', 'general', NULL),
('googleMapsApiKey', '0', 'google', NULL),
('googleMapsBubble', '0', 'google', NULL),
('googleMapsHeight', '120', 'google', NULL),
('googleMapsLatField', '0', 'google', NULL),
('googleMapsLongField', '0', 'google', NULL),
('googleMapsWidth', '280', 'google', NULL),
('googleMapsZoom', '14', 'google', NULL),
('imgHeigth', '95', 'editForm', NULL),
('imgWidth', '130', 'editForm', NULL),
('itemsInLine', '2', 'frontpage', NULL),
('language', 'default', 'frontpage', NULL),
('lineOnSite', '30', 'frontpage', NULL),
('listingOrdering', 'relation.ordering ASC', 'general', NULL),
('mailAdmGid', '25', 'general', NULL),
('mailFees', '1', 'payment', NULL),
('mailFeesAdm', '0', 'payment', NULL),
('mailFieldId', '0', 'general', NULL),
('mailFooter', 'Echipa Fereastra', 'editForm', NULL),
('mailSoJ', '0', 'general', NULL),
('maxCatsForEntry', '5', 'editForm', 'define max categories for one entry'),
('maxFileSize', '307200', 'editForm', NULL),
('needToAcceptEntryRules', '1', 'editForm', NULL),
('notifyAdminChanges', '0', 'editForm', NULL),
('notifyAdmins', '1', 'editForm', NULL),
('notifyAuthorChanges', '0', 'editForm', NULL),
('notifyAuthorNew', '0', 'editForm', NULL),
('payPalCurrency', 'EUR', 'payment', NULL),
('payPalMail', 'change@me.com', 'payment', NULL),
('payPalReturnUrl', 'http://fereastra.ro', 'payment', NULL),
('payPalUrl', 'https://www.paypal.com/cgi-bin/webscr', 'payment', NULL),
('payTitle', 'Inregistrare in INDEX-FURNIZORI', 'payment', NULL),
('pby', '1', 'general', NULL),
('priceForIco', '0', 'editForm', NULL),
('priceForImg', '0', 'editForm', NULL),
('recount', '1', 'cache', NULL),
('renewDeleteFees', '0', 'payment', NULL),
('renewDiscount', '0', 'general', NULL),
('renewExpirationTime', '0', 'general', NULL),
('searchShowCountryList', '1', 'search', NULL),
('searchShowCountyList', '1', 'search', NULL),
('searchShowFederalList', '1', 'search', NULL),
('secImgBgColor', '', 'editForm', NULL),
('secImgBorderColor', '', 'editForm', NULL),
('secImgFontColor', '', 'editForm', NULL),
('secImgLineColor', '', 'editForm', NULL),
('showAddedDate', '0', 'details', NULL),
('showAddNewEntryLink', '0', 'frontpage', NULL),
('showAlphaIndex', '0', 'frontpage', NULL),
('showCatDesc', '1', 'frontpage', NULL),
('showCatItemsCount', '0', 'general', NULL),
('showCatListInCat', '1', 'frontpage', NULL),
('showCatListOnFp', '1', 'frontpage', NULL),
('showComponentDescInSearch', '1', 'general', NULL),
('showComponentDescription', '1', 'frontpage', NULL),
('showComponentLink', '0', 'frontpage', NULL),
('showEntriesFromSubcats', '0', 'frontpage', NULL),
('showHits', '0', 'details', NULL),
('showIcoInDetails', '1', 'details', NULL),
('showIcoInVC', '1', 'frontpage', NULL),
('showImageInDetails', '1', 'details', NULL),
('showImgInVC', '1', 'frontpage', NULL),
('showListingOnFp', '1', 'frontpage', NULL),
('showSearchLink', '0', 'frontpage', NULL),
('SigsiuTreeImages', 'root=components/com_director/images/base.gif,folder=components/com_director/images/folder.gif,folderOpen=components/com_director/images/folderopen.gif,join=components/com_director/images/join.gif,joinBottom=components/com_director/images/joinbottom.gif,plus=components/com_director/images/plus.gif,plusBottom=components/com_director/images/plusbottom.gif,minus=components/com_director/images/minus.gif,minusBottom=components/com_director/images/minusbottom.gif,line=components/com_director/images/line.gif,empty=components/com_director/images/empty.gif', 'general', NULL),
('ssrs', '0', 'general', NULL),
('subcatsNumber', '25', 'frontpage', NULL),
('subcatsOrdering', 'ordering ASC', 'frontpage', NULL),
('subcatsShow', '1', 'frontpage', NULL),
('thumbHeigth', '80', 'editForm', NULL),
('thumbWidth', '80', 'editForm', NULL),
('useBankTransfer', '2', 'payment', NULL),
('useDetailsView', '1', 'frontpage', NULL),
('useFormTpl', '1', 'general', NULL),
('useGoogleMaps', '0', 'details', NULL),
('useMeta', '1', 'general', NULL),
('usePayPal', '0', 'payment', NULL),
('useRSSfeed', '0', 'general', NULL),
('useSecurityCode', '0', 'editForm', NULL),
('useWaySearch', '0', 'details', NULL),
('version', '$Revision: 5314 $', 'version', NULL),
('waySearchFields', 'STREET=1;ZIPCODE=2;CITY=3;COUNTRY=6;FEDSTATE=5;COUNTY=4;', 'general', NULL),
('waySearchLabel', 'WaySearch', 'details', NULL),
('waySearchUrl', 'http://maps.google.com/?ie=UTF8&hl=en&q=STREET+ZIPCODE+CITY+COUNTY+FEDSTATE+COUNTRY', 'details', NULL);

-- --------------------------------------------------------

--
-- Table structure for table `pptt_director_fields`
--

CREATE TABLE IF NOT EXISTS `pptt_director_fields` (
  `fieldid` int(11) NOT NULL auto_increment,
  `fieldType` int(11) default NULL,
  `wysiwyg` tinyint(1) default NULL,
  `fieldDescription` text,
  `explanation` text,
  `is_free` tinyint(1) default NULL,
  `payment` double default NULL,
  `fieldChars` int(11) default NULL,
  `fieldRows` int(11) default NULL,
  `fieldColumns` int(11) default NULL,
  `preferred_size` int(11) default NULL,
  `CSSclass` text,
  `enabled` tinyint(1) default NULL,
  `isEditable` tinyint(1) default NULL,
  `is_required` tinyint(1) default NULL,
  `in_promoted` tinyint(1) default NULL,
  `in_vcard` tinyint(1) default NULL,
  `in_details` tinyint(1) NOT NULL default '0',
  `position` int(11) default NULL,
  `in_search` int(2) NOT NULL default '0',
  `with_label` tinyint(1) NOT NULL default '0',
  `in_newline` tinyint(1) NOT NULL default '0',
  `isUrl` int(2) NOT NULL default '0',
  `checked_out` int(11) NOT NULL default '0',
  `checked_out_time` datetime NOT NULL default '0000-00-00 00:00:00',
  `displayed` tinyint(1) NOT NULL default '0',
  PRIMARY KEY  (`fieldid`)
) ENGINE=InnoDB  DEFAULT CHARSET=utf8 AUTO_INCREMENT=20 ;

--
-- Dumping data for table `pptt_director_fields`
--

INSERT INTO `pptt_director_fields` (`fieldid`, `fieldType`, `wysiwyg`, `fieldDescription`, `explanation`, `is_free`, `payment`, `fieldChars`, `fieldRows`, `fieldColumns`, `preferred_size`, `CSSclass`, `enabled`, `isEditable`, `is_required`, `in_promoted`, `in_vcard`, `in_details`, `position`, `in_search`, `with_label`, `in_newline`, `isUrl`, `checked_out`, `checked_out_time`, `displayed`) VALUES
(1, 1, 0, '', NULL, 1, 0, 100, 0, 0, 30, 'inputbox', 1, 0, 1, 0, 1, 1, 2, 1, 0, 0, 0, 0, '0000-00-00 00:00:00', 0),
(2, 1, 0, '', NULL, 1, 0, 10, 0, 0, 30, 'inputbox', 1, 0, 0, 0, 0, 1, 5, 0, 0, 1, 0, 0, '0000-00-00 00:00:00', 0),
(3, 1, 0, '', NULL, 1, 0, 100, 0, 0, 30, 'inputbox', 1, 0, 1, 0, 1, 1, 3, 1, 0, 0, 0, 0, '0000-00-00 00:00:00', 0),
(4, 1, 0, '', NULL, 1, 0, 100, 0, 0, 30, 'inputbox', 1, 0, 1, 0, 1, 1, 4, 2, 0, 0, 0, 0, '0000-00-00 00:00:00', 0),
(5, 1, 0, '', NULL, 1, 0, 100, 0, 0, 30, 'inputbox', 1, 0, 0, 0, 0, 1, 9, 0, 1, 0, 0, 0, '0000-00-00 00:00:00', 0),
(6, 1, 0, '', NULL, 1, 0, 100, 0, 0, 30, 'inputbox', 0, 0, 1, 0, 1, 1, 10, 2, 0, 0, 0, 0, '0000-00-00 00:00:00', 0),
(7, 1, 0, '', NULL, 1, 0, 100, 0, 0, 30, 'inputbox', 1, 0, 1, 0, 0, 1, 11, 0, 0, 0, 2, 0, '0000-00-00 00:00:00', 0),
(8, 1, 0, '', NULL, 1, 10, 100, 0, 0, 30, 'inputbox', 1, 1, 0, 0, 1, 1, 12, 1, 0, 0, 1, 0, '0000-00-00 00:00:00', 0),
(9, 1, 0, '', NULL, 1, 0, 100, 0, 0, 30, 'inputbox', 1, 1, 0, 0, 0, 1, 13, 1, 1, 0, 0, 0, '0000-00-00 00:00:00', 0),
(10, 1, 0, '', NULL, 1, 0, 100, 0, 0, 30, 'inputbox', 1, 1, 1, 0, 0, 1, 6, 1, 0, 0, 0, 0, '0000-00-00 00:00:00', 0),
(11, 1, 0, '', NULL, 1, 0, 100, 0, 0, 30, 'inputbox', 1, 1, 1, 0, 0, 1, 8, 1, 1, 0, 0, 0, '0000-00-00 00:00:00', 0),
(12, 1, 0, '', NULL, 1, 0, 100, 0, 0, 30, 'inputbox', 1, 1, 0, 0, 0, 1, 14, 1, 1, 0, 0, 0, '0000-00-00 00:00:00', 0),
(13, 2, 1, '', NULL, 1, 25, 0, 10, 50, 0, 'inputbox', 0, 1, 0, 0, 1, 0, 15, 1, 0, 0, 0, 0, '0000-00-00 00:00:00', 0),
(14, 2, 0, '', NULL, 1, 10, 0, 10, 50, 0, 'inputbox', 1, 1, 0, 0, 0, 1, 16, 1, 0, 1, 0, 0, '0000-00-00 00:00:00', 0),
(15, 1, 0, '', NULL, 1, 0, 0, 0, 0, 30, 'inputbox', 0, 1, 1, 0, 0, 0, 1, 0, 0, 1, 0, 0, '0000-00-00 00:00:00', 0),
(16, 1, 0, '', NULL, 1, 0, 0, 0, 0, 30, 'inputbox', 1, 1, 0, 0, 0, 1, 7, 1, 0, 0, 0, 0, '0000-00-00 00:00:00', 0),
(18, 4, 0, '{basicPrice} Euro (TVA inclus)<br/>dshgjsdg', NULL, 1, 40, 0, 0, 0, 30, 'inputbox', 0, 1, 0, 0, 0, 1, 18, 0, 0, 1, 0, 0, '0000-00-00 00:00:00', 0),
(19, 3, 0, '', NULL, 0, 40, 0, 0, 0, 30, 'inputbox', 0, 1, 0, 0, 0, 1, 19, 0, 0, 1, 0, 0, '0000-00-00 00:00:00', 0);

-- --------------------------------------------------------

--
-- Table structure for table `pptt_director_fields_data`
--

CREATE TABLE IF NOT EXISTS `pptt_director_fields_data` (
  `id` int(11) NOT NULL auto_increment,
  `fieldid` int(11) default NULL,
  `data_txt` text,
  `data_bool` tinyint(1) default NULL,
  `data_int` int(20) default '0',
  `data_float` float default '0',
  `data_char` varchar(255) NOT NULL default '',
  `itemid` int(11) default NULL,
  `expiration` datetime default NULL,
  PRIMARY KEY  (`id`),
  KEY `itemid` (`itemid`)
) ENGINE=InnoDB  DEFAULT CHARSET=utf8 AUTO_INCREMENT=3894 ;

--
-- Dumping data for table `pptt_director_fields_data`
--

INSERT INTO `pptt_director_fields_data` (`id`, `fieldid`, `data_txt`, `data_bool`, `data_int`, `data_float`, `data_char`, `itemid`, `expiration`) VALUES
(178, 1, 'Str. Liviu Rebreanu Nr. 158', NULL, 0, 0, '', 16, NULL),
(179, 3, 'Timisoara', NULL, 0, 0, '', 16, NULL),
(180, 4, 'Timis', NULL, 0, 0, '', 16, NULL),
(181, 10, '0256/486.755', NULL, 0, 0, '', 16, NULL),
(182, 11, '0256/464.741', NULL, 0, 0, '', 16, NULL),
(183, 5, '', NULL, 0, 0, '', 16, NULL),
(184, 7, 'timisoara@nmconstruct.ro', NULL, 0, 0, '', 16, NULL),
(185, 8, '', NULL, 0, 0, '', 16, NULL),
(186, 14, 'Materiale izolante, acoperiri speciale, tigle metalice, izolatii.', NULL, 0, 0, '', 16, NULL),
(187, 2, '', NULL, 0, 0, '', 16, NULL),
(188, 16, '', NULL, 0, 0, '', 16, NULL),
(189, 9, '', NULL, 0, 0, '', 16, NULL),
(190, 12, '', NULL, 0, 0, '', 16, NULL),
(192, 1, 'Str. Zorelelor nr. 69B', NULL, 0, 0, '', 17, NULL),
(193, 3, 'Constanta', NULL, 0, 0, '', 17, NULL),
(194, 4, 'Constanta', NULL, 0, 0, '', 17, NULL),
(195, 10, '0241/513.782', NULL, 0, 0, '', 17, NULL),
(196, 11, '0241/513.732', NULL, 0, 0, '', 17, NULL),
(197, 5, '0744-375.320', NULL, 0, 0, '', 17, NULL),
(198, 7, 'office@astek.com.ro', NULL, 0, 0, '', 17, NULL),
(199, 8, 'http://www.astek.com.ro', NULL, 0, 0, '', 17, NULL),
(200, 14, 'Producator de tencuieli decorative, vopsele, solutii hidroizolatoare pentru exterior, adezivi', NULL, 0, 0, '', 17, NULL),
(201, 2, '', NULL, 0, 0, '', 17, NULL),
(202, 16, '', NULL, 0, 0, '', 17, NULL),
(203, 9, '', NULL, 0, 0, '', 17, NULL),
(204, 12, '', NULL, 0, 0, '', 17, NULL),
(206, 1, 'B-dul 1 Decembrie 1918 nr. 4', NULL, 0, 0, '', 18, NULL),
(207, 3, 'Cluj Napoca', NULL, 0, 0, '', 18, NULL),
(208, 4, 'Cluj', NULL, 0, 0, '', 18, NULL),
(209, 10, '0364/109.775', NULL, 0, 0, '', 18, NULL),
(210, 11, '0264/587.942', NULL, 0, 0, '', 18, NULL),
(211, 5, '0721-900.633', NULL, 0, 0, '', 18, NULL),
(212, 7, 'mahill@mahill.ro', NULL, 0, 0, '', 18, NULL),
(213, 8, 'http://www.mahill.ro', NULL, 0, 0, '', 18, NULL),
(214, 14, 'Sisteme de reciclare ale betonului rezidual si ecologizare a statiilor de betoane, utilaje pentru nivelat pardoseli, utilaje si tehnologii pentru prefabricate din beton', NULL, 0, 0, '', 18, NULL),
(216, 1, 'Str. Primariei nr. 3/20', NULL, 0, 0, '', 19, NULL),
(217, 3, 'Targu-Mures', NULL, 0, 0, '', 19, NULL),
(218, 4, 'Mures', NULL, 0, 0, '', 19, NULL),
(219, 10, '0265/263.291', NULL, 0, 0, '', 19, NULL),
(220, 11, '0265/268.418', NULL, 0, 0, '', 19, NULL),
(221, 5, '0721-279.440', NULL, 0, 0, '', 19, NULL),
(222, 7, 'office@upss.ro', NULL, 0, 0, '', 19, NULL),
(223, 8, 'http://www.upss.ro', NULL, 0, 0, '', 19, NULL),
(224, 14, 'UPS-uri, stabilizatoare, redresoare, invertoare, grupuri electrogene', NULL, 0, 0, '', 19, NULL),
(239, 2, '', NULL, 0, 0, '', 19, NULL),
(240, 16, '', NULL, 0, 0, '', 19, NULL),
(241, 9, '', NULL, 0, 0, '', 19, NULL),
(242, 12, '', NULL, 0, 0, '', 19, NULL),
(274, 15, '14591276', NULL, 0, 0, '', 16, NULL),
(275, 15, 'bla', NULL, 0, 0, '', 17, NULL),
(276, 15, 'bla', NULL, 0, 0, '', 18, NULL),
(277, 2, '', NULL, 0, 0, '', 18, NULL),
(278, 16, '', NULL, 0, 0, '', 18, NULL),
(279, 9, '', NULL, 0, 0, '', 18, NULL),
(280, 12, '', NULL, 0, 0, '', 18, NULL),
(281, 15, 'bla', NULL, 0, 0, '', 23, NULL),
(282, 1, 'Str. Gradinitei nr. 1', NULL, 0, 0, '', 23, NULL),
(283, 3, 'Pascani', NULL, 0, 0, '', 23, NULL),
(284, 4, 'Iasi', NULL, 0, 0, '', 23, NULL),
(285, 10, '0232-760.050', NULL, 0, 0, '', 23, NULL),
(286, 11, '0232-760.040', NULL, 0, 0, '', 23, NULL),
(287, 7, 'office@mbscom.ro', NULL, 0, 0, '', 23, NULL),
(288, 8, 'http://www.mbscom.ro', NULL, 0, 0, '', 23, NULL),
(289, 14, 'Proiectare, productie si montaj sisteme de constructii metalice', NULL, 0, 0, '', 23, NULL),
(290, 15, 'bla', NULL, 0, 0, '', 24, NULL),
(291, 1, 'Str. Mihai Bravu nr. 233', NULL, 0, 0, '', 24, NULL),
(292, 3, 'Ploiesti', NULL, 0, 0, '', 24, NULL),
(293, 4, 'Prahova', NULL, 0, 0, '', 24, NULL),
(294, 10, '0244-519.536', NULL, 0, 0, '', 24, NULL),
(295, 11, '0244-511.026', NULL, 0, 0, '', 24, NULL),
(296, 7, 'isover@isover.ro', NULL, 0, 0, '', 24, NULL),
(297, 8, 'http://www.isover.ro', NULL, 0, 0, '', 24, NULL),
(298, 14, 'Vata minerala de sticla, bazaltica, tavane suspendate, spume de izolare', NULL, 0, 0, '', 24, NULL),
(299, 15, 'bla', NULL, 0, 0, '', 25, NULL),
(300, 1, 'Sos. de Centura nr. 34', NULL, 0, 0, '', 25, NULL),
(301, 3, 'Tunari', NULL, 0, 0, '', 25, NULL),
(302, 4, 'Ilfov', NULL, 0, 0, '', 25, NULL),
(303, 10, '021/206.49.50', NULL, 0, 0, '', 25, NULL),
(304, 11, '021/206.49.97', NULL, 0, 0, '', 25, NULL),
(305, 7, 'romania@doka.com', NULL, 0, 0, '', 25, NULL),
(306, 8, 'http://www.doka.com', NULL, 0, 0, '', 25, NULL),
(307, 14, 'Cofraje pentru plansee, diafragme, stalpi, poduri marka &ldquo;Doka&rdquo;, import Austria', NULL, 0, 0, '', 25, NULL),
(308, 15, 'bla', NULL, 0, 0, '', 26, NULL),
(309, 1, 'Str. Actiunii nr. 26', NULL, 0, 0, '', 26, NULL),
(310, 3, 'Bucuresti', NULL, 0, 0, '', 26, NULL),
(311, 4, 'Sector 4', NULL, 0, 0, '', 26, NULL),
(312, 10, '021/450.30.02', NULL, 0, 0, '', 26, NULL),
(313, 11, '021/450.47.10', NULL, 0, 0, '', 26, NULL),
(314, 7, 'office@energoutilaj.ro', NULL, 0, 0, '', 26, NULL),
(315, 8, 'http://www.energoutilaj.ro', NULL, 0, 0, '', 26, NULL),
(316, 14, 'Inchirieri macarale mobile', NULL, 0, 0, '', 26, NULL),
(317, 15, 'bla', NULL, 0, 0, '', 19, NULL),
(318, 2, '', NULL, 0, 0, '', 26, NULL),
(319, 16, '', NULL, 0, 0, '', 26, NULL),
(320, 5, '', NULL, 0, 0, '', 26, NULL),
(321, 9, '', NULL, 0, 0, '', 26, NULL),
(322, 12, '', NULL, 0, 0, '', 26, NULL),
(323, 2, '', NULL, 0, 0, '', 24, NULL),
(324, 16, '', NULL, 0, 0, '', 24, NULL),
(325, 5, '', NULL, 0, 0, '', 24, NULL),
(326, 9, '', NULL, 0, 0, '', 24, NULL),
(327, 12, '', NULL, 0, 0, '', 24, NULL),
(328, 2, '', NULL, 0, 0, '', 25, NULL),
(329, 16, '', NULL, 0, 0, '', 25, NULL),
(330, 5, '', NULL, 0, 0, '', 25, NULL),
(331, 9, '', NULL, 0, 0, '', 25, NULL),
(332, 12, '', NULL, 0, 0, '', 25, NULL),
(333, 15, 'bla', NULL, 0, 0, '', 27, NULL),
(334, 1, 'Str. Pandurului nr.41', NULL, 0, 0, '', 27, NULL),
(335, 3, 'Constanta', NULL, 0, 0, '', 27, NULL),
(336, 4, 'Constanta', NULL, 0, 0, '', 27, NULL),
(337, 2, '900082', NULL, 0, 0, '', 27, NULL),
(338, 10, '0241-675021', NULL, 0, 0, '', 27, NULL),
(339, 11, '0241-513064', NULL, 0, 0, '', 27, NULL),
(340, 5, '0743-328509', NULL, 0, 0, '', 27, NULL),
(341, 7, 'office@convas.ro', NULL, 0, 0, '', 27, NULL),
(342, 8, 'http://www.convas.ro', NULL, 0, 0, '', 27, NULL),
(343, 14, 'constructii civile, industriale, hidrotehnice, lucrari de drumuri, poduri, aeroporturi', NULL, 0, 0, '', 27, NULL),
(344, 15, 'bla', NULL, 0, 0, '', 28, NULL),
(345, 1, 'Str. Muncii nr.14', NULL, 0, 0, '', 28, NULL),
(346, 3, 'Baia Mare', NULL, 0, 0, '', 28, NULL),
(347, 4, 'Maramures', NULL, 0, 0, '', 28, NULL),
(348, 10, '0262-215673', NULL, 0, 0, '', 28, NULL),
(349, 11, '0262-213688', NULL, 0, 0, '', 28, NULL),
(350, 5, '0745-519113; 0729-519113', NULL, 0, 0, '', 28, NULL),
(351, 7, 'office@bigimpex.ro', NULL, 0, 0, '', 28, NULL),
(352, 8, 'http://www.bigimpex.ro', NULL, 0, 0, '', 28, NULL),
(353, 14, 'panouri celulare din policarbonat, glafuri si lambriuri din PVC, parchet PVC rezistent la apa', NULL, 0, 0, '', 28, NULL),
(354, 15, 'bla', NULL, 0, 0, '', 29, NULL),
(355, 1, 'Str. Zizinului nr.123', NULL, 0, 0, '', 29, NULL),
(356, 3, 'Brasov', NULL, 0, 0, '', 29, NULL),
(357, 4, 'Brasov', NULL, 0, 0, '', 29, NULL),
(358, 10, '0268-331399', NULL, 0, 0, '', 29, NULL),
(359, 16, '0268-333492', NULL, 0, 0, '', 29, NULL),
(360, 11, '0268-330652', NULL, 0, 0, '', 29, NULL),
(361, 7, 'office@energobv.ro', NULL, 0, 0, '', 29, NULL),
(362, 8, 'http://www.energobv.ro', NULL, 0, 0, '', 29, NULL),
(363, 14, 'structuri metalice pentru constructii metalice civile si industriale', NULL, 0, 0, '', 29, NULL),
(364, 15, 'bla', NULL, 0, 0, '', 30, NULL),
(365, 1, 'Str. Epure nr.6-8', NULL, 0, 0, '', 30, NULL),
(366, 3, 'Timisoara', NULL, 0, 0, '', 30, NULL),
(367, 4, 'Timis', NULL, 0, 0, '', 30, NULL),
(368, 10, '0256-201871', NULL, 0, 0, '', 30, NULL),
(369, 11, '0256-492768', NULL, 0, 0, '', 30, NULL),
(370, 7, 'office-tm@generalbeton.ro', NULL, 0, 0, '', 30, NULL),
(371, 8, 'http://www.generalbeton.ro', NULL, 0, 0, '', 30, NULL),
(372, 14, 'produce si livreaza betoane de inalta calitate', NULL, 0, 0, '', 30, NULL),
(373, 15, 'bla', NULL, 0, 0, '', 31, NULL),
(374, 1, 'Sos. Pipera nr. 48', NULL, 0, 0, '', 31, NULL),
(375, 3, 'bucuresti', NULL, 0, 0, '', 31, NULL),
(376, 4, 'sector 2', NULL, 0, 0, '', 31, NULL),
(377, 2, '020112', NULL, 0, 0, '', 31, NULL),
(378, 10, '021/233.20.07', NULL, 0, 0, '', 31, NULL),
(379, 11, '021/232.84.01', NULL, 0, 0, '', 31, NULL),
(380, 7, 'infob@alfa-cluj.ro', NULL, 0, 0, '', 31, NULL),
(381, 8, 'http://www.alfalogistic.ro', NULL, 0, 0, '', 31, NULL),
(382, 14, 'tehnica de ridicare; palane cu lant; cabluri de otel; chingi de ancoraj, logistica pentru depozite, rafturi industriale, usi industriale, egalizatoare de rampa', NULL, 0, 0, '', 31, NULL),
(383, 16, '', NULL, 0, 0, '', 31, NULL),
(384, 5, '', NULL, 0, 0, '', 31, NULL),
(385, 9, '', NULL, 0, 0, '', 31, NULL),
(386, 12, '', NULL, 0, 0, '', 31, NULL),
(387, 15, 'bla', NULL, 0, 0, '', 32, NULL),
(388, 1, 'B-DUL MUNCII NR. 14/10', NULL, 0, 0, '', 32, NULL),
(389, 3, 'Cluj-Napoca', NULL, 0, 0, '', 32, NULL),
(390, 4, 'Cluj', NULL, 0, 0, '', 32, NULL),
(391, 2, '400641', NULL, 0, 0, '', 32, NULL),
(392, 10, '0264-415.662', NULL, 0, 0, '', 32, NULL),
(393, 11, '0264-415.478', NULL, 0, 0, '', 32, NULL),
(394, 7, 'info@alfa-cluj.ro', NULL, 0, 0, '', 32, NULL),
(395, 8, 'http://www.alfa-cluj.ro', NULL, 0, 0, '', 32, NULL),
(396, 14, 'tehnica de ridicare; palane cu lant; cabluri de otel; chingi de ancoraj, logistica pentru depozite, rafturi industriale, usi industriale, egalizatoare de rampa', NULL, 0, 0, '', 32, NULL),
(397, 16, '', NULL, 0, 0, '', 32, NULL),
(398, 5, '', NULL, 0, 0, '', 32, NULL),
(399, 9, '', NULL, 0, 0, '', 32, NULL),
(400, 12, '', NULL, 0, 0, '', 32, NULL),
(401, 15, 'bla', NULL, 0, 0, '', 33, NULL),
(402, 1, 'Prelungirea Sos. Giurgiului Nr. 33/A - Incinta Pielorex', NULL, 0, 0, '', 33, NULL),
(403, 3, 'Jilava', NULL, 0, 0, '', 33, NULL),
(404, 4, 'Ilfov', NULL, 0, 0, '', 33, NULL),
(405, 2, '077120', NULL, 0, 0, '', 33, NULL),
(406, 10, '021/451.01.31', NULL, 0, 0, '', 33, NULL);
INSERT INTO `pptt_director_fields_data` (`id`, `fieldid`, `data_txt`, `data_bool`, `data_int`, `data_float`, `data_char`, `itemid`, `expiration`) VALUES
(407, 11, '021/451.01.41', NULL, 0, 0, '', 33, NULL),
(408, 7, 'romatermit@romatermit.ro', NULL, 0, 0, '', 33, NULL),
(409, 8, 'http://www.romatermit.ro', NULL, 0, 0, '', 33, NULL),
(410, 14, 'Producator panouri sandwich, tabla cutata, profil Z si C, tigle metalice', NULL, 0, 0, '', 33, NULL),
(411, 15, 'bla', NULL, 0, 0, '', 34, NULL),
(412, 1, 'Str. Poienilor nr. 5, poarta 6', NULL, 0, 0, '', 34, NULL),
(413, 3, 'brasov', NULL, 0, 0, '', 34, NULL),
(414, 4, 'brasov', NULL, 0, 0, '', 34, NULL),
(415, 2, '500041', NULL, 0, 0, '', 34, NULL),
(416, 10, '0368-427.378', NULL, 0, 0, '', 34, NULL),
(417, 11, '0368-427.378', NULL, 0, 0, '', 34, NULL),
(418, 7, 'infobv@alfa-cluj.ro', NULL, 0, 0, '', 34, NULL),
(419, 8, 'http://www.alfalogistik.ro', NULL, 0, 0, '', 34, NULL),
(420, 14, 'tehnica de ridicare; palane cu lant; cabluri de otel; chingi de ancoraj, logistica pentru depozite, rafturi industriale, usi industriale, egalizatoare de rampa', NULL, 0, 0, '', 34, NULL),
(421, 15, 'bla', NULL, 0, 0, '', 35, NULL),
(422, 1, 'Platou Abator Nr. 3', NULL, 0, 0, '', 35, NULL),
(423, 3, 'Iasi', NULL, 0, 0, '', 35, NULL),
(424, 4, 'Iasi', NULL, 0, 0, '', 35, NULL),
(425, 2, '700382', NULL, 0, 0, '', 35, NULL),
(426, 10, '0232-244.700', NULL, 0, 0, '', 35, NULL),
(427, 11, '0232-244.700', NULL, 0, 0, '', 35, NULL),
(428, 7, 'infois@alfa-cluj.ro', NULL, 0, 0, '', 35, NULL),
(429, 8, 'http://www.alfalogistik.ro', NULL, 0, 0, '', 35, NULL),
(430, 14, 'Tehnica de ridicare; palane cu lant; cabluri de otel; chingi de ancoraj, logistica pentru depozite, rafturi industriale, usi industriale, egalizatoare de rampa', NULL, 0, 0, '', 35, NULL),
(431, 16, '', NULL, 0, 0, '', 33, NULL),
(432, 5, '', NULL, 0, 0, '', 33, NULL),
(433, 9, '', NULL, 0, 0, '', 33, NULL),
(434, 12, '', NULL, 0, 0, '', 33, NULL),
(435, 15, 'bla', NULL, 0, 0, '', 36, NULL),
(436, 1, 'Str. Horia Macelariu nr. 30-34', NULL, 0, 0, '', 36, NULL),
(437, 3, 'Bucuresti', NULL, 0, 0, '', 36, NULL),
(438, 4, 'Sector 1', NULL, 0, 0, '', 36, NULL),
(439, 2, '013937', NULL, 0, 0, '', 36, NULL),
(440, 10, '021/405.75.63', NULL, 0, 0, '', 36, NULL),
(441, 11, '021/233.13.13', NULL, 0, 0, '', 36, NULL),
(442, 7, 'office@bosch.com.ro', NULL, 0, 0, '', 36, NULL),
(443, 8, 'http://www.bosch.com.ro', NULL, 0, 0, '', 36, NULL),
(444, 14, 'Scule, unelte si echipamente pentru profesionosti - gaurire, daltuire si taiere', NULL, 0, 0, '', 36, NULL),
(445, 16, '', NULL, 0, 0, '', 35, NULL),
(446, 5, '', NULL, 0, 0, '', 35, NULL),
(447, 9, '', NULL, 0, 0, '', 35, NULL),
(448, 12, '', NULL, 0, 0, '', 35, NULL),
(449, 2, '', NULL, 0, 0, '', 29, NULL),
(450, 5, '', NULL, 0, 0, '', 29, NULL),
(451, 9, '', NULL, 0, 0, '', 29, NULL),
(452, 12, '', NULL, 0, 0, '', 29, NULL),
(453, 16, '', NULL, 0, 0, '', 27, NULL),
(454, 9, '', NULL, 0, 0, '', 27, NULL),
(455, 12, '', NULL, 0, 0, '', 27, NULL),
(456, 15, 'bla', NULL, 0, 0, '', 37, NULL),
(457, 1, 'Str. Locotenent Av. Tanase Banciu nr.2', NULL, 0, 0, '', 37, NULL),
(458, 3, 'Popesti Leordeni', NULL, 0, 0, '', 37, NULL),
(459, 4, 'Ilfov', NULL, 0, 0, '', 37, NULL),
(460, 10, '021-492.10.32', NULL, 0, 0, '', 37, NULL),
(461, 11, '021-492.11.92', NULL, 0, 0, '', 37, NULL),
(462, 7, '-', NULL, 0, 0, '', 37, NULL),
(463, 8, 'http://www.biatgroup.ro', NULL, 0, 0, '', 37, NULL),
(464, 14, 'producator de profile din aluminiu, extrudate si vopsite electrostatic.', NULL, 0, 0, '', 37, NULL),
(465, 15, 'bla', NULL, 0, 0, '', 38, NULL),
(466, 1, 'Str. Santuhalm nr. 1', NULL, 0, 0, '', 38, NULL),
(467, 3, 'Deva', NULL, 0, 0, '', 38, NULL),
(468, 4, 'Hunedoara', NULL, 0, 0, '', 38, NULL),
(469, 2, '330190', NULL, 0, 0, '', 38, NULL),
(470, 10, '0254-213.930', NULL, 0, 0, '', 38, NULL),
(471, 11, '0254-213.930', NULL, 0, 0, '', 38, NULL),
(472, 7, 'office@macon.ro', NULL, 0, 0, '', 38, NULL),
(473, 8, 'http://www.macon.ro', NULL, 0, 0, '', 38, NULL),
(474, 14, 'BCA plan si profilat nut-feder, stalpi LEA, elemente prefabricate din beton pentru hale industriale si pentru poduri, podete; tuburi premo; vata minerala bazaltica; cahle teracota; caramizi diatomit.', NULL, 0, 0, '', 38, NULL),
(475, 16, '', NULL, 0, 0, '', 34, NULL),
(476, 5, '', NULL, 0, 0, '', 34, NULL),
(477, 9, '', NULL, 0, 0, '', 34, NULL),
(478, 12, '', NULL, 0, 0, '', 34, NULL),
(479, 15, 'bla', NULL, 0, 0, '', 39, NULL),
(480, 1, 'Soseaua Cristianului nr. 11', NULL, 0, 0, '', 39, NULL),
(481, 3, 'Brasov', NULL, 0, 0, '', 39, NULL),
(482, 4, 'brasov', NULL, 0, 0, '', 39, NULL),
(483, 2, '500053', NULL, 0, 0, '', 39, NULL),
(484, 10, '0268-413.922', NULL, 0, 0, '', 39, NULL),
(485, 11, '0268-413.922', NULL, 0, 0, '', 39, NULL),
(486, 7, 'vanzari@kew.ro', NULL, 0, 0, '', 39, NULL),
(487, 8, 'http://www.kew-werke.de', NULL, 0, 0, '', 39, NULL),
(488, 14, 'dibluri din plastic si metalice pentru fixari generale; sisteme de fixare:rame, placi si cavitati; termoizolatii, schele, instalatii sanitare; fixari chimice si electro.', NULL, 0, 0, '', 39, NULL),
(489, 15, 'bla', NULL, 0, 0, '', 40, NULL),
(490, 1, 'Str. Nicolae Caramfil nr. 63A', NULL, 0, 0, '', 40, NULL),
(491, 3, 'Bucuresti', NULL, 0, 0, '', 40, NULL),
(492, 4, 'sector 1', NULL, 0, 0, '', 40, NULL),
(493, 2, '014146', NULL, 0, 0, '', 40, NULL),
(494, 10, '021-232.56.51', NULL, 0, 0, '', 40, NULL),
(495, 11, '021-232.99.41', NULL, 0, 0, '', 40, NULL),
(496, 7, 'office@osys.ro', NULL, 0, 0, '', 40, NULL),
(497, 8, 'http://www.osys.ro', NULL, 0, 0, '', 40, NULL),
(498, 14, 'producator de tamplarie din lemn stratificat', NULL, 0, 0, '', 40, NULL),
(499, 15, 'bla', NULL, 0, 0, '', 41, NULL),
(500, 1, 'Sos. Ploiesti-Targoviste km 7, Parc industrial', NULL, 0, 0, '', 41, NULL),
(501, 3, 'Ploiesti', NULL, 0, 0, '', 41, NULL),
(502, 4, 'Prahova', NULL, 0, 0, '', 41, NULL),
(503, 10, '0344-403.200', NULL, 0, 0, '', 41, NULL),
(504, 11, '0344-403.298', NULL, 0, 0, '', 41, NULL),
(505, 7, 'proiecte@piritex.ro', NULL, 0, 0, '', 41, NULL),
(506, 8, 'http://www.piritex.ro', NULL, 0, 0, '', 41, NULL),
(507, 14, 'solutii complete de pardoseli: mocheta profesionala, pardoseli PVC profesionale, pardoseli tehnice si sportive', NULL, 0, 0, '', 41, NULL),
(508, 15, 'bla', NULL, 0, 0, '', 42, NULL),
(509, 1, 'Sos. Viilor nr. 79', NULL, 0, 0, '', 42, NULL),
(510, 3, 'bucuresti', NULL, 0, 0, '', 42, NULL),
(511, 4, 'sector 5', NULL, 0, 0, '', 42, NULL),
(512, 10, '021-335.45.92', NULL, 0, 0, '', 42, NULL),
(513, 11, '021-337.33.92', NULL, 0, 0, '', 42, NULL),
(514, 7, 'office@verder.ro', NULL, 0, 0, '', 42, NULL),
(515, 8, 'http://www.verder.ro', NULL, 0, 0, '', 42, NULL),
(516, 14, 'echipamente Leister pentru sudarea materialelor termoplastice si aer cald pentru procese industriale; sisteme industriale de conducte, fitinguri si armaturi din PVC, PP, PVDF si ABS; electro sau motopompe centrifugale', NULL, 0, 0, '', 42, NULL),
(517, 15, 'bla', NULL, 0, 0, '', 43, NULL),
(518, 1, 'B-dul Grivitei nr. 1Y', NULL, 0, 0, '', 43, NULL),
(519, 3, 'Brasov', NULL, 0, 0, '', 43, NULL),
(520, 4, 'Brasov', NULL, 0, 0, '', 43, NULL),
(521, 2, '500177', NULL, 0, 0, '', 43, NULL),
(522, 10, '0268-308.700', NULL, 0, 0, '', 43, NULL),
(523, 11, '0268-308.705', NULL, 0, 0, '', 43, NULL),
(524, 5, '0723-362.378', NULL, 0, 0, '', 43, NULL),
(525, 7, 'office@elmas.ro', NULL, 0, 0, '', 43, NULL),
(526, 8, 'http://www.elmas.ro', NULL, 0, 0, '', 43, NULL),
(527, 14, 'poduri rulante, stivuitoare, ascensoare, scari rulante, sisteme de depozitare, sisteme de parcare auto', NULL, 0, 0, '', 43, NULL),
(528, 15, 'bla', NULL, 0, 0, '', 44, NULL),
(529, 1, 'Str. Emanoil Porumbaru nr. 80', NULL, 0, 0, '', 44, NULL),
(530, 3, 'bucuresti', NULL, 0, 0, '', 44, NULL),
(531, 4, 'sector 1', NULL, 0, 0, '', 44, NULL),
(532, 2, '011428', NULL, 0, 0, '', 44, NULL),
(533, 10, '021-222.63.42', NULL, 0, 0, '', 44, NULL),
(534, 11, '021-222.63.44', NULL, 0, 0, '', 44, NULL),
(535, 5, '0742-177.702', NULL, 0, 0, '', 44, NULL),
(536, 7, 'office@naue.ro', NULL, 0, 0, '', 44, NULL),
(537, 8, 'http://www.naue.ro', NULL, 0, 0, '', 44, NULL),
(538, 14, 'geosintetice pentru: drumuri, cai ferate, constructii hidrotehnice; depozite de deseuri menajere, industriale si periculoase', NULL, 0, 0, '', 44, NULL),
(539, 16, '', NULL, 0, 0, '', 38, NULL),
(540, 5, '', NULL, 0, 0, '', 38, NULL),
(541, 9, '', NULL, 0, 0, '', 38, NULL),
(542, 12, '', NULL, 0, 0, '', 38, NULL),
(543, 16, '', NULL, 0, 0, '', 36, NULL),
(544, 5, '', NULL, 0, 0, '', 36, NULL),
(545, 9, '', NULL, 0, 0, '', 36, NULL),
(546, 12, '', NULL, 0, 0, '', 36, NULL),
(547, 15, 'RO 15238630', NULL, 0, 0, '', 45, NULL),
(548, 1, 'Sos. Andronache Nr. 42', NULL, 0, 0, '', 45, NULL),
(549, 3, 'Bucuresti', NULL, 0, 0, '', 45, NULL),
(550, 4, 'Sector 2', NULL, 0, 0, '', 45, NULL),
(551, 2, '022527', NULL, 0, 0, '', 45, NULL),
(552, 10, '021/240.82.22', NULL, 0, 0, '', 45, NULL),
(553, 11, '021/240.82.23', NULL, 0, 0, '', 45, NULL),
(554, 7, 'office@alphapompe.ro', NULL, 0, 0, '', 45, NULL),
(555, 8, 'http://www.alphapompe.ro', NULL, 0, 0, '', 45, NULL),
(556, 14, 'Pompe de suprafata, pompe submersibile pentru ape uzate si puturi, grupuri de pompare.', NULL, 0, 0, '', 45, NULL),
(557, 16, '', NULL, 0, 0, '', 45, NULL),
(558, 5, '', NULL, 0, 0, '', 45, NULL),
(559, 9, '', NULL, 0, 0, '', 45, NULL),
(560, 12, '', NULL, 0, 0, '', 45, NULL),
(561, 15, '14815594', NULL, 0, 0, '', 46, NULL),
(562, 1, 'B-dul Biruintei nr. 100 (Neferal)', NULL, 0, 0, '', 46, NULL),
(563, 3, 'Bucuresti', NULL, 0, 0, '', 46, NULL),
(564, 4, 'Sector 6', NULL, 0, 0, '', 46, NULL),
(565, 2, '077145', NULL, 0, 0, '', 46, NULL),
(566, 10, '021/350.20.26', NULL, 0, 0, '', 46, NULL),
(567, 16, '021/350.20.27', NULL, 0, 0, '', 46, NULL),
(568, 11, '021/350.20.31', NULL, 0, 0, '', 46, NULL),
(569, 7, 'office@aluset.ro', NULL, 0, 0, '', 46, NULL),
(570, 8, 'http://www.aluset.gr', NULL, 0, 0, '', 46, NULL),
(571, 14, 'Paneluri din aluminiu pentru usi; sisteme de profile din aluminiu pentru ferestre si usi; accesorii pentru tamplarie din aluminiu.', NULL, 0, 0, '', 46, NULL),
(572, 15, '10473502', NULL, 0, 0, '', 47, NULL),
(573, 1, 'B-dul Preciziei nr. 5', NULL, 0, 0, '', 47, NULL),
(574, 3, 'Bucuresti', NULL, 0, 0, '', 47, NULL),
(575, 4, 'Sector 6', NULL, 0, 0, '', 47, NULL);
INSERT INTO `pptt_director_fields_data` (`id`, `fieldid`, `data_txt`, `data_bool`, `data_int`, `data_float`, `data_char`, `itemid`, `expiration`) VALUES
(576, 2, '062202', NULL, 0, 0, '', 47, NULL),
(577, 10, '021/316.01.21', NULL, 0, 0, '', 47, NULL),
(578, 11, '021/316.01.20', NULL, 0, 0, '', 47, NULL),
(579, 7, 'marketing@assaabloy.ro', NULL, 0, 0, '', 47, NULL),
(580, 8, 'http://www.assaabloy.ro', NULL, 0, 0, '', 47, NULL),
(581, 14, 'Sisteme de inchidere mecanice pentru usi si ferestre, balamale, accesorii, amortizori, incuietori electrice si electromagnetice, bare anipanica, lacate, seifuri, automatizari.', NULL, 0, 0, '', 47, NULL),
(582, 15, '9975831', NULL, 0, 0, '', 48, NULL),
(583, 1, 'Str. Spatarul Mihai nr. 12', NULL, 0, 0, '', 48, NULL),
(584, 3, 'Bucuresti', NULL, 0, 0, '', 48, NULL),
(585, 4, 'Sector 2', NULL, 0, 0, '', 48, NULL),
(586, 2, '023452', NULL, 0, 0, '', 48, NULL),
(587, 10, '021/210.99.27', NULL, 0, 0, '', 48, NULL),
(588, 11, '021/210.99.27', NULL, 0, 0, '', 48, NULL),
(589, 5, '0744-545.502', NULL, 0, 0, '', 48, NULL),
(590, 7, 'coloseum@rdslink.ro', NULL, 0, 0, '', 48, NULL),
(591, 8, 'http://www.coloseum.ro', NULL, 0, 0, '', 48, NULL),
(592, 14, 'Materiale pentru pereti cortina, tamplarie PVC si aluminiu; productie geam termoizolant: sigilanti siliconici, spuma poliuretanica, poliuretan, tiokol, butil, bagheta aluminiu, sisteme fixare.', NULL, 0, 0, '', 48, NULL),
(593, 15, '328750', NULL, 0, 0, '', 49, NULL),
(594, 1, 'Aleea Modrogan nr. 20', NULL, 0, 0, '', 49, NULL),
(595, 3, 'Bucuresti', NULL, 0, 0, '', 49, NULL),
(596, 4, 'Sector 1', NULL, 0, 0, '', 49, NULL),
(597, 2, '011826', NULL, 0, 0, '', 49, NULL),
(598, 10, '021/307.53.00', NULL, 0, 0, '', 49, NULL),
(599, 11, '021/307.52.82', NULL, 0, 0, '', 49, NULL),
(600, 7, 'ciment@lafarge.ro', NULL, 0, 0, '', 49, NULL),
(601, 8, 'http://www.lafarge.ro', NULL, 0, 0, '', 49, NULL),
(602, 14, 'Producator de cimenturi, lianti rutieri, lianti pentru mortare.', NULL, 0, 0, '', 49, NULL),
(603, 15, '12727666', NULL, 0, 0, '', 50, NULL),
(604, 1, 'FN', NULL, 0, 0, '', 50, NULL),
(605, 3, 'Ceptura', NULL, 0, 0, '', 50, NULL),
(606, 4, 'Prahova', NULL, 0, 0, '', 50, NULL),
(607, 2, '107126', NULL, 0, 0, '', 50, NULL),
(608, 10, '0244/445.800', NULL, 0, 0, '', 50, NULL),
(609, 11, '0244/445.801', NULL, 0, 0, '', 50, NULL),
(610, 7, 'info@coilprofil.ro', NULL, 0, 0, '', 50, NULL),
(611, 8, 'http://www.coilprofil.ro', NULL, 0, 0, '', 50, NULL),
(612, 14, 'Produce in Romania: tigla metalica, tabla cutata, casete, piese de finisaj cu lungimi de pana la 6 m si accesorii.', NULL, 0, 0, '', 50, NULL),
(613, 2, '', NULL, 0, 0, '', 37, NULL),
(614, 16, '', NULL, 0, 0, '', 37, NULL),
(615, 5, '', NULL, 0, 0, '', 37, NULL),
(616, 9, '', NULL, 0, 0, '', 37, NULL),
(617, 12, '', NULL, 0, 0, '', 37, NULL),
(618, 5, '', NULL, 0, 0, '', 46, NULL),
(619, 9, '', NULL, 0, 0, '', 46, NULL),
(620, 12, '', NULL, 0, 0, '', 46, NULL),
(621, 16, '', NULL, 0, 0, '', 49, NULL),
(622, 5, '', NULL, 0, 0, '', 49, NULL),
(623, 9, '', NULL, 0, 0, '', 49, NULL),
(624, 12, '', NULL, 0, 0, '', 49, NULL),
(625, 2, '', NULL, 0, 0, '', 30, NULL),
(626, 16, '', NULL, 0, 0, '', 30, NULL),
(627, 5, '', NULL, 0, 0, '', 30, NULL),
(628, 9, '', NULL, 0, 0, '', 30, NULL),
(629, 12, '', NULL, 0, 0, '', 30, NULL),
(630, 2, '', NULL, 0, 0, '', 42, NULL),
(631, 16, '', NULL, 0, 0, '', 42, NULL),
(632, 5, '', NULL, 0, 0, '', 42, NULL),
(633, 9, '', NULL, 0, 0, '', 42, NULL),
(634, 12, '', NULL, 0, 0, '', 42, NULL),
(635, 16, '', NULL, 0, 0, '', 44, NULL),
(636, 9, '', NULL, 0, 0, '', 44, NULL),
(637, 12, '', NULL, 0, 0, '', 44, NULL),
(638, 16, '', NULL, 0, 0, '', 48, NULL),
(639, 9, '', NULL, 0, 0, '', 48, NULL),
(640, 12, '', NULL, 0, 0, '', 48, NULL),
(641, 15, 'bla', NULL, 0, 0, '', 51, NULL),
(642, 1, 'Str. Sucevei nr. 5A, Ap. 37', NULL, 0, 0, '', 51, NULL),
(643, 3, 'Oradea', NULL, 0, 0, '', 51, NULL),
(644, 4, 'Bihor', NULL, 0, 0, '', 51, NULL),
(645, 10, '0722-384.802', NULL, 0, 0, '', 51, NULL),
(646, 11, '0722-384.802', NULL, 0, 0, '', 51, NULL),
(647, 5, '0722-384.802', NULL, 0, 0, '', 51, NULL),
(648, 7, 'artgothic2005@yahoo.com', NULL, 0, 0, '', 51, NULL),
(649, 8, 'http://www.artgothic.go.ro', NULL, 0, 0, '', 51, NULL),
(650, 14, 'proiectare si consultanta pentru constructii civile si industriale', NULL, 0, 0, '', 51, NULL),
(651, 15, 'bla', NULL, 0, 0, '', 52, NULL),
(652, 1, 'Str. Tudor Arghezi nr.16, et.1, ap.6', NULL, 0, 0, '', 52, NULL),
(653, 3, 'Bucuresti', NULL, 0, 0, '', 52, NULL),
(654, 4, 'Sector 1', NULL, 0, 0, '', 52, NULL),
(655, 10, '021/311.54.71', NULL, 0, 0, '', 52, NULL),
(656, 11, '021/311.54.71', NULL, 0, 0, '', 52, NULL),
(657, 7, 'office@arhiart.ro', NULL, 0, 0, '', 52, NULL),
(658, 8, 'http://www.arhiart.ro', NULL, 0, 0, '', 52, NULL),
(659, 14, 'Proiectare si consultanta pentru constructii civile si industriale', NULL, 0, 0, '', 52, NULL),
(660, 2, '', NULL, 0, 0, '', 52, NULL),
(661, 16, '', NULL, 0, 0, '', 52, NULL),
(662, 5, '', NULL, 0, 0, '', 52, NULL),
(663, 9, '', NULL, 0, 0, '', 52, NULL),
(664, 12, '', NULL, 0, 0, '', 52, NULL),
(665, 15, '1', NULL, 0, 0, '', 53, NULL),
(666, 1, 'Str. Iuliu Maniu nr.38', NULL, 0, 0, '', 53, NULL),
(667, 3, 'Baia Mare', NULL, 0, 0, '', 53, NULL),
(668, 4, 'Maramures', NULL, 0, 0, '', 53, NULL),
(669, 2, '430131', NULL, 0, 0, '', 53, NULL),
(670, 10, '026/225.528', NULL, 0, 0, '', 53, NULL),
(671, 16, '0262/223.412', NULL, 0, 0, '', 53, NULL),
(672, 11, '0262/223.412', NULL, 0, 0, '', 53, NULL),
(673, 7, 'inserv@inserv.ro', NULL, 0, 0, '', 53, NULL),
(674, 8, 'http://www.inservgroup.ro', NULL, 0, 0, '', 53, NULL),
(675, 14, 'Antrepriza generala de constructii montaj.', NULL, 0, 0, '', 53, NULL),
(676, 15, 'bla', NULL, 0, 0, '', 54, NULL),
(677, 1, 'Str. Nicopole nr. 10', NULL, 0, 0, '', 54, NULL),
(678, 3, 'Bucuresti', NULL, 0, 0, '', 54, NULL),
(679, 4, 'Sector 3', NULL, 0, 0, '', 54, NULL),
(680, 2, '040591', NULL, 0, 0, '', 54, NULL),
(681, 10, '021/335.97.52', NULL, 0, 0, '', 54, NULL),
(682, 11, '021/335.97.52', NULL, 0, 0, '', 54, NULL),
(683, 7, 'office@masterbuild.ro', NULL, 0, 0, '', 54, NULL),
(684, 8, 'http://www.masterbuild.ro', NULL, 0, 0, '', 54, NULL),
(685, 14, 'Antreprenor general in constructii si distribuitor de  materiale pentru constructii.', NULL, 0, 0, '', 54, NULL),
(686, 15, 'bla', NULL, 0, 0, '', 55, NULL),
(687, 1, 'Sos Bucium nr. 55F', NULL, 0, 0, '', 55, NULL),
(688, 3, 'Iasi', NULL, 0, 0, '', 55, NULL),
(689, 4, 'Iasi', NULL, 0, 0, '', 55, NULL),
(690, 10, '0232/216.663', NULL, 0, 0, '', 55, NULL),
(691, 16, '0232/215.066', NULL, 0, 0, '', 55, NULL),
(692, 11, '0232/240.397', NULL, 0, 0, '', 55, NULL),
(693, 7, 'office@according.ro', NULL, 0, 0, '', 55, NULL),
(694, 8, 'http://www.according.ro', NULL, 0, 0, '', 55, NULL),
(695, 14, 'Importator etansanti siliconici, spuma poliuretanica, adezivi, componente si utilaje pentru geam termoizolant.', NULL, 0, 0, '', 55, NULL),
(696, 15, 'RO6529508', NULL, 0, 0, '', 56, NULL),
(697, 1, 'Str. Korosi Csoma Sandor nr. 32', NULL, 0, 0, '', 56, NULL),
(698, 3, 'Sfantu Gheorghe', NULL, 0, 0, '', 56, NULL),
(699, 4, 'Covasna', NULL, 0, 0, '', 56, NULL),
(700, 2, '520009', NULL, 0, 0, '', 56, NULL),
(701, 10, '0267/314.229', NULL, 0, 0, '', 56, NULL),
(702, 11, '0267/351.896', NULL, 0, 0, '', 56, NULL),
(703, 7, 'office@arcon.com.ro', NULL, 0, 0, '', 56, NULL),
(704, 8, 'http://www.arcon.com.ro', NULL, 0, 0, '', 56, NULL),
(705, 14, 'Fabrica de membrane bituminoase ARCO si PLUVITEC.', NULL, 0, 0, '', 56, NULL),
(706, 15, 'RO6529508', NULL, 0, 0, '', 57, NULL),
(707, 1, 'Str. Korosi Csoma Sandor nr. 32', NULL, 0, 0, '', 57, NULL),
(708, 3, 'Sfantu Gheorghe', NULL, 0, 0, '', 57, NULL),
(709, 4, 'Covasna', NULL, 0, 0, '', 57, NULL),
(710, 2, '520009', NULL, 0, 0, '', 57, NULL),
(711, 10, '0267/314.229', NULL, 0, 0, '', 57, NULL),
(712, 11, '0267/351.896', NULL, 0, 0, '', 57, NULL),
(713, 7, 'office@arcon.com.ro', NULL, 0, 0, '', 57, NULL),
(714, 8, 'http://www.arcon.com.ro', NULL, 0, 0, '', 57, NULL),
(715, 14, 'Fabrica de polistiren expandat.', NULL, 0, 0, '', 57, NULL),
(716, 15, 'RO14679301', NULL, 0, 0, '', 58, NULL),
(717, 1, 'Str. Conului Nr. 8, Parc Industrial', NULL, 0, 0, '', 58, NULL),
(718, 3, 'Ploiesti', NULL, 0, 0, '', 58, NULL),
(719, 4, 'Prahova', NULL, 0, 0, '', 58, NULL),
(720, 2, '100213', NULL, 0, 0, '', 58, NULL),
(721, 10, '0244/516.020', NULL, 0, 0, '', 58, NULL),
(722, 11, '0244/516.011', NULL, 0, 0, '', 58, NULL),
(723, 7, 'office@baumix.ro', NULL, 0, 0, '', 58, NULL),
(724, 8, 'http://www.baumix.ro', NULL, 0, 0, '', 58, NULL),
(725, 14, 'Producator de mortare uscate.', NULL, 0, 0, '', 58, NULL),
(726, 15, 'RO13673670', NULL, 0, 0, '', 59, NULL),
(727, 1, 'Str. Principala nr. 201', NULL, 0, 0, '', 59, NULL),
(728, 3, 'Targu-Mures', NULL, 0, 0, '', 59, NULL),
(729, 4, 'Mures', NULL, 0, 0, '', 59, NULL),
(730, 2, '547525', NULL, 0, 0, '', 59, NULL),
(731, 10, '0265/320.354', NULL, 0, 0, '', 59, NULL),
(732, 16, '0265/320.522', NULL, 0, 0, '', 59, NULL),
(733, 11, '0265/320.522', NULL, 0, 0, '', 59, NULL),
(734, 7, 'office@caparol.ro', NULL, 0, 0, '', 59, NULL),
(735, 8, 'http://www.caparol.ro', NULL, 0, 0, '', 59, NULL),
(736, 14, 'Vopsele, grunduri, sisteme de termoizolatii, tencuieli decorative.', NULL, 0, 0, '', 59, NULL),
(737, 15, 'RO22155146', NULL, 0, 0, '', 60, NULL),
(738, 1, 'Str. Ardealului nr. 9 H', NULL, 0, 0, '', 60, NULL),
(739, 3, 'Otopeni', NULL, 0, 0, '', 60, NULL),
(740, 4, 'Ilfov', NULL, 0, 0, '', 60, NULL),
(741, 2, '075100', NULL, 0, 0, '', 60, NULL),
(742, 10, '0727ecocel', NULL, 0, 0, '', 60, NULL),
(743, 16, '0744/795.795', NULL, 0, 0, '', 60, NULL),
(744, 11, '11', NULL, 0, 0, '', 60, NULL),
(745, 7, 'office@ecocel.ro', NULL, 0, 0, '', 60, NULL),
(746, 8, 'http://www.ecocel.ro', NULL, 0, 0, '', 60, NULL),
(747, 14, 'Termo si fonoizolatii cu celuloza pentru constructii.', NULL, 0, 0, '', 60, NULL),
(748, 15, 'RO12177830', NULL, 0, 0, '', 61, NULL),
(749, 1, 'Str. Daniel Danielopolu nr. 4-6, etaj 4', NULL, 0, 0, '', 61, NULL),
(750, 3, 'Bucuresti', NULL, 0, 0, '', 61, NULL),
(751, 4, 'sector 1', NULL, 0, 0, '', 61, NULL),
(752, 2, '020325', NULL, 0, 0, '', 61, NULL),
(753, 10, '021/204.86.78', NULL, 0, 0, '', 61, NULL),
(754, 11, '021/204.86.79', NULL, 0, 0, '', 61, NULL),
(755, 7, 'test@agendaconstructiilor.ro', NULL, 0, 0, '', 61, NULL);
INSERT INTO `pptt_director_fields_data` (`id`, `fieldid`, `data_txt`, `data_bool`, `data_int`, `data_float`, `data_char`, `itemid`, `expiration`) VALUES
(756, 14, 'Izolanti si etansanti siliconici pentru constructii.', NULL, 0, 0, '', 61, NULL),
(757, 15, 'bla', NULL, 0, 0, '', 62, NULL),
(758, 1, 'Str. Gen. Ion Dragalina, nr. 14', NULL, 0, 0, '', 62, NULL),
(759, 3, 'Bucuresti', NULL, 0, 0, '', 62, NULL),
(760, 4, 'Sector 5', NULL, 0, 0, '', 62, NULL),
(761, 2, '050565', NULL, 0, 0, '', 62, NULL),
(762, 10, '021/311.78.19', NULL, 0, 0, '', 62, NULL),
(763, 16, '021/311.78.20', NULL, 0, 0, '', 62, NULL),
(764, 11, '021/311.78.21', NULL, 0, 0, '', 62, NULL),
(765, 7, 'office@mapei.ro', NULL, 0, 0, '', 62, NULL),
(766, 8, 'http://www.mapei.ro', NULL, 0, 0, '', 62, NULL),
(767, 14, 'adezivi pentru  constructii, ofera noua linii de produse.', NULL, 0, 0, '', 62, NULL),
(768, 15, 'RO15485370', NULL, 0, 0, '', 63, NULL),
(769, 1, 'Sos. Giurgiului nr. 27', NULL, 0, 0, '', 63, NULL),
(770, 3, 'Jilava', NULL, 0, 0, '', 63, NULL),
(771, 4, 'Ilfov', NULL, 0, 0, '', 63, NULL),
(772, 2, '077120', NULL, 0, 0, '', 63, NULL),
(773, 10, '021/457.06.08', NULL, 0, 0, '', 63, NULL),
(774, 16, '021/457.06.37', NULL, 0, 0, '', 63, NULL),
(775, 11, '021/457.04.15', NULL, 0, 0, '', 63, NULL),
(776, 5, '0742-157.537', NULL, 0, 0, '', 63, NULL),
(777, 7, 'info@schachermayer.ro', NULL, 0, 0, '', 63, NULL),
(778, 8, 'http://www.schachermayer.ro', NULL, 0, 0, '', 63, NULL),
(779, 14, 'Feronerie si accesorii pentru tamplarie si pentru industria mobilei, materiale si accesorii pentru amenajari in constructii.', NULL, 0, 0, '', 63, NULL),
(780, 15, 'bla', NULL, 0, 0, '', 64, NULL),
(781, 1, 'Str. Surorile Martir Caceu nr. 7, et. 1, SAD III', NULL, 0, 0, '', 64, NULL),
(782, 3, 'Timisoara', NULL, 0, 0, '', 64, NULL),
(783, 4, 'Timis', NULL, 0, 0, '', 64, NULL),
(784, 2, '300585', NULL, 0, 0, '', 64, NULL),
(785, 10, '0256/466.061', NULL, 0, 0, '', 64, NULL),
(786, 11, '0256/466.065', NULL, 0, 0, '', 64, NULL),
(787, 7, 'timisoara@schachermayer.ro', NULL, 0, 0, '', 64, NULL),
(788, 8, 'http://www.schachermayer.ro', NULL, 0, 0, '', 64, NULL),
(789, 14, 'Feronerie si accesorii pentru tamplarie sii pentru industria mobilei, materiale si accesorii pentru amenajari in constructii.', NULL, 0, 0, '', 64, NULL),
(790, 15, 'bla', NULL, 0, 0, '', 65, NULL),
(791, 1, 'Str. Avram Iancu nr. 442 – 446 , Hala 4 si 21', NULL, 0, 0, '', 65, NULL),
(792, 3, 'Floresti', NULL, 0, 0, '', 65, NULL),
(793, 4, 'Cluj', NULL, 0, 0, '', 65, NULL),
(794, 2, '407280', NULL, 0, 0, '', 65, NULL),
(795, 10, '0364/860.001', NULL, 0, 0, '', 65, NULL),
(796, 11, '0364/860.000', NULL, 0, 0, '', 65, NULL),
(797, 7, 'transilvania@schachermayer.ro', NULL, 0, 0, '', 65, NULL),
(798, 8, 'http://www.schachermayer.ro', NULL, 0, 0, '', 65, NULL),
(799, 14, 'Feronerie si accesorii pentru tamplarie si pentru industria mobilei, materiale si accesorii pentru amenajari in constructii.', NULL, 0, 0, '', 65, NULL),
(800, 15, 'bla', NULL, 0, 0, '', 66, NULL),
(801, 1, 'B-dul Mamaia nr. 90, Bl. BI6, parter', NULL, 0, 0, '', 66, NULL),
(802, 3, 'Constanta', NULL, 0, 0, '', 66, NULL),
(803, 4, 'Constanta', NULL, 0, 0, '', 66, NULL),
(804, 2, '900663', NULL, 0, 0, '', 66, NULL),
(805, 10, '0341/860.001', NULL, 0, 0, '', 66, NULL),
(806, 11, '0341/ 860.000', NULL, 0, 0, '', 66, NULL),
(807, 7, 'constanta@schachermayer.ro', NULL, 0, 0, '', 66, NULL),
(808, 8, 'http://www.schachermayer.ro', NULL, 0, 0, '', 66, NULL),
(809, 14, 'Feronerie si accesorii pentru tamplarie si pentru industria mobilei, materiale si accesorii pentru amenajari in constructii.', NULL, 0, 0, '', 66, NULL),
(810, 15, 'RO13813188', NULL, 0, 0, '', 67, NULL),
(811, 1, 'Soseaua de Centura nr. 11, km 7', NULL, 0, 0, '', 67, NULL),
(812, 3, 'Tunari', NULL, 0, 0, '', 67, NULL),
(813, 4, 'Ilfov', NULL, 0, 0, '', 67, NULL),
(814, 2, '077180', NULL, 0, 0, '', 67, NULL),
(815, 10, '031/730.73.01', NULL, 0, 0, '', 67, NULL),
(816, 11, '031/730.73.07', NULL, 0, 0, '', 67, NULL),
(817, 7, 'office@terra-romania.ro', NULL, 0, 0, '', 67, NULL),
(818, 8, 'http://www.terra-romania.ro', NULL, 0, 0, '', 67, NULL),
(819, 14, 'Utilaje de constructii, utilaje de ridicat montate pe autocamioane, echipamente pentru depozite.', NULL, 0, 0, '', 67, NULL),
(820, 15, 'RO13020123', NULL, 0, 0, '', 68, NULL),
(821, 1, 'B-dul  Metalurgiei nr. 78', NULL, 0, 0, '', 68, NULL),
(822, 3, 'Bucuresti', NULL, 0, 0, '', 68, NULL),
(823, 4, 'Sector 4', NULL, 0, 0, '', 68, NULL),
(824, 2, '041836', NULL, 0, 0, '', 68, NULL),
(825, 10, '021/332.33.85-86', NULL, 0, 0, '', 68, NULL),
(826, 16, '021/332.33.89', NULL, 0, 0, '', 68, NULL),
(827, 11, '021/332.33.90', NULL, 0, 0, '', 68, NULL),
(828, 7, 'office@toi-toi.ro; vanzari@toi-toi.ro', NULL, 0, 0, '', 68, NULL),
(829, 8, 'http://www.toi-toi.ro', NULL, 0, 0, '', 68, NULL),
(830, 14, 'Inchirieri toalete ecologice; servicii intretinere si curatare.', NULL, 0, 0, '', 68, NULL),
(831, 15, 'RO8529679', NULL, 0, 0, '', 69, NULL),
(832, 1, 'B-dul Preciziei nr. 28', NULL, 0, 0, '', 69, NULL),
(833, 3, 'Bucuresti', NULL, 0, 0, '', 69, NULL),
(834, 4, 'Sector 6', NULL, 0, 0, '', 69, NULL),
(835, 2, '062204', NULL, 0, 0, '', 69, NULL),
(836, 10, '021/317.38.00', NULL, 0, 0, '', 69, NULL),
(837, 11, '021/317.38.10', NULL, 0, 0, '', 69, NULL),
(838, 7, 'office@valrom.ro', NULL, 0, 0, '', 69, NULL),
(839, 8, 'http://www.valrom.ro', NULL, 0, 0, '', 69, NULL),
(840, 14, 'Producator de tevi si fitinguri de material plastic pentru alimentare cu apa, cu gaz, pentru canalizare, instalatii sanitare si de incalzire; solutii si sisteme complete de realizare si functionare a diverselor instalatii', NULL, 0, 0, '', 69, NULL),
(841, 15, 'RO18964025', NULL, 0, 0, '', 70, NULL),
(842, 1, 'B-dul Unirii nr. 15', NULL, 0, 0, '', 70, NULL),
(843, 3, 'Bucuresti', NULL, 0, 0, '', 70, NULL),
(844, 4, 'Sector 4', NULL, 0, 0, '', 70, NULL),
(845, 2, '040102', NULL, 0, 0, '', 70, NULL),
(846, 10, '021/310.71.48', NULL, 0, 0, '', 70, NULL),
(847, 11, '021/310.71.47', NULL, 0, 0, '', 70, NULL),
(848, 7, 'info@yape.ro', NULL, 0, 0, '', 70, NULL),
(849, 8, 'http://www.yape.ro', NULL, 0, 0, '', 70, NULL),
(850, 14, 'Constructii si confectii metalice; antreprenoriat general.', NULL, 0, 0, '', 70, NULL),
(851, 16, '', NULL, 0, 0, '', 66, NULL),
(852, 5, '', NULL, 0, 0, '', 66, NULL),
(853, 9, '', NULL, 0, 0, '', 66, NULL),
(854, 12, '', NULL, 0, 0, '', 66, NULL),
(855, 16, '', NULL, 0, 0, '', 64, NULL),
(856, 5, '', NULL, 0, 0, '', 64, NULL),
(857, 9, '', NULL, 0, 0, '', 64, NULL),
(858, 12, '', NULL, 0, 0, '', 64, NULL),
(859, 16, '', NULL, 0, 0, '', 65, NULL),
(860, 5, '', NULL, 0, 0, '', 65, NULL),
(861, 9, '', NULL, 0, 0, '', 65, NULL),
(862, 12, '', NULL, 0, 0, '', 65, NULL),
(863, 9, '', NULL, 0, 0, '', 63, NULL),
(864, 12, '', NULL, 0, 0, '', 63, NULL),
(865, 16, '', NULL, 0, 0, '', 61, NULL),
(866, 5, '', NULL, 0, 0, '', 61, NULL),
(867, 8, '', NULL, 0, 0, '', 61, NULL),
(868, 9, '', NULL, 0, 0, '', 61, NULL),
(869, 12, '', NULL, 0, 0, '', 61, NULL),
(870, 5, '', NULL, 0, 0, '', 62, NULL),
(871, 9, '', NULL, 0, 0, '', 62, NULL),
(872, 12, '', NULL, 0, 0, '', 62, NULL),
(873, 5, '', NULL, 0, 0, '', 60, NULL),
(874, 9, '', NULL, 0, 0, '', 60, NULL),
(875, 12, '', NULL, 0, 0, '', 60, NULL),
(876, 5, '', NULL, 0, 0, '', 59, NULL),
(877, 9, '', NULL, 0, 0, '', 59, NULL),
(878, 12, '', NULL, 0, 0, '', 59, NULL),
(879, 16, '', NULL, 0, 0, '', 58, NULL),
(880, 5, '', NULL, 0, 0, '', 58, NULL),
(881, 9, '', NULL, 0, 0, '', 58, NULL),
(882, 12, '', NULL, 0, 0, '', 58, NULL),
(883, 16, '', NULL, 0, 0, '', 57, NULL),
(884, 5, '', NULL, 0, 0, '', 57, NULL),
(885, 9, '', NULL, 0, 0, '', 57, NULL),
(886, 12, '', NULL, 0, 0, '', 57, NULL),
(887, 16, '', NULL, 0, 0, '', 56, NULL),
(888, 5, '', NULL, 0, 0, '', 56, NULL),
(889, 9, '', NULL, 0, 0, '', 56, NULL),
(890, 12, '', NULL, 0, 0, '', 56, NULL),
(891, 16, '', NULL, 0, 0, '', 70, NULL),
(892, 5, '', NULL, 0, 0, '', 70, NULL),
(893, 9, '', NULL, 0, 0, '', 70, NULL),
(894, 12, '', NULL, 0, 0, '', 70, NULL),
(895, 2, '', NULL, 0, 0, '', 55, NULL),
(896, 5, '', NULL, 0, 0, '', 55, NULL),
(897, 9, '', NULL, 0, 0, '', 55, NULL),
(898, 12, '', NULL, 0, 0, '', 55, NULL),
(899, 15, 'bla', NULL, 0, 0, '', 71, NULL),
(900, 1, 'Str. Horia Macelariu nr. 30-34', NULL, 0, 0, '', 71, NULL),
(901, 3, 'Bucuresti', NULL, 0, 0, '', 71, NULL),
(902, 4, 'Sector 1', NULL, 0, 0, '', 71, NULL),
(903, 10, '021/405.75.63', NULL, 0, 0, '', 71, NULL),
(904, 11, '021/233.13.13', NULL, 0, 0, '', 71, NULL),
(905, 7, 'infoEW@ro.bosch.com', NULL, 0, 0, '', 71, NULL),
(906, 8, 'http://www.bosch.com.ro', NULL, 0, 0, '', 71, NULL),
(907, 14, 'Accesorii pentru profesionisti - gaurire, daltuire si taiere', NULL, 0, 0, '', 71, NULL),
(908, 2, '', NULL, 0, 0, '', 71, NULL),
(909, 16, '', NULL, 0, 0, '', 71, NULL),
(910, 5, '', NULL, 0, 0, '', 71, NULL),
(911, 9, '', NULL, 0, 0, '', 71, NULL),
(912, 12, '', NULL, 0, 0, '', 71, NULL),
(913, 16, '', NULL, 0, 0, '', 69, NULL),
(914, 5, '', NULL, 0, 0, '', 69, NULL),
(915, 9, '', NULL, 0, 0, '', 69, NULL),
(916, 12, '', NULL, 0, 0, '', 69, NULL),
(917, 16, '', NULL, 0, 0, '', 43, NULL),
(918, 9, '', NULL, 0, 0, '', 43, NULL),
(919, 12, '', NULL, 0, 0, '', 43, NULL),
(920, 2, '', NULL, 0, 0, '', 28, NULL),
(921, 16, '', NULL, 0, 0, '', 28, NULL),
(922, 9, '', NULL, 0, 0, '', 28, NULL),
(923, 12, '', NULL, 0, 0, '', 28, NULL),
(924, 16, '', NULL, 0, 0, '', 54, NULL),
(925, 5, '', NULL, 0, 0, '', 54, NULL),
(926, 9, '', NULL, 0, 0, '', 54, NULL),
(927, 12, '', NULL, 0, 0, '', 54, NULL),
(928, 15, 'RO17292449', NULL, 0, 0, '', 72, NULL),
(929, 1, 'Calea Bucuresti nr. 142', NULL, 0, 0, '', 72, NULL),
(930, 3, 'Craiova', NULL, 0, 0, '', 72, NULL),
(931, 4, 'Dolj', NULL, 0, 0, '', 72, NULL),
(932, 2, '200446', NULL, 0, 0, '', 72, NULL),
(933, 10, '0251/315.680', NULL, 0, 0, '', 72, NULL),
(934, 11, '0251/315.680', NULL, 0, 0, '', 72, NULL),
(935, 7, 'intermaestro@yahoo.com', NULL, 0, 0, '', 72, NULL),
(936, 8, 'http://manerepentruusi.ro', NULL, 0, 0, '', 72, NULL),
(937, 14, 'Unic importator feronerie marca Maestro; distribuitor usi: de interior, celulare, din sticla, din lemn masiv, cu furnir natural.', NULL, 0, 0, '', 72, NULL),
(938, 16, '', NULL, 0, 0, '', 72, NULL),
(939, 5, '', NULL, 0, 0, '', 72, NULL),
(940, 9, '', NULL, 0, 0, '', 72, NULL);
INSERT INTO `pptt_director_fields_data` (`id`, `fieldid`, `data_txt`, `data_bool`, `data_int`, `data_float`, `data_char`, `itemid`, `expiration`) VALUES
(941, 12, '', NULL, 0, 0, '', 72, NULL),
(942, 15, '1', NULL, 0, 0, '', 73, NULL),
(943, 1, 'Str. Ienachita Vacarescu nr. 17', NULL, 0, 0, '', 73, NULL),
(944, 3, 'Bucuresti', NULL, 0, 0, '', 73, NULL),
(945, 4, 'Sector 4', NULL, 0, 0, '', 73, NULL),
(946, 2, '040157', NULL, 0, 0, '', 73, NULL),
(947, 10, '021/336.04.16', NULL, 0, 0, '', 73, NULL),
(948, 16, '021/336.04.17', NULL, 0, 0, '', 73, NULL),
(949, 11, '021/336.04.18', NULL, 0, 0, '', 73, NULL),
(950, 7, 'marketing@fereastra.ro', NULL, 0, 0, '', 73, NULL),
(951, 8, 'http://www.fereastra.ro', NULL, 0, 0, '', 73, NULL),
(952, 14, 'Revista de actualitate, analiza si solutii moderne pentru sisteme de tamplarie si fatade cortina: furnizori de sisteme de tamplarie din PVC, aluminiu si lemn stratificat.', NULL, 0, 0, '', 73, NULL),
(953, 5, '', NULL, 0, 0, '', 73, NULL),
(954, 9, '', NULL, 0, 0, '', 73, NULL),
(955, 12, '', NULL, 0, 0, '', 73, NULL),
(956, 15, '1', NULL, 0, 0, '', 74, NULL),
(957, 1, 'Str. Ienachita Vacarescu nr. 17', NULL, 0, 0, '', 74, NULL),
(958, 3, 'Bucuresti', NULL, 0, 0, '', 74, NULL),
(959, 4, 'Sector 4', NULL, 0, 0, '', 74, NULL),
(960, 2, '040157', NULL, 0, 0, '', 74, NULL),
(961, 10, '021-336.04.16', NULL, 0, 0, '', 74, NULL),
(962, 16, '021-336.04.17', NULL, 0, 0, '', 74, NULL),
(963, 11, '021-336.04.18', NULL, 0, 0, '', 74, NULL),
(964, 7, 'marketing@fereastra.ro', NULL, 0, 0, '', 74, NULL),
(965, 8, 'http://www.fereastra.ro', NULL, 0, 0, '', 74, NULL),
(966, 14, 'Producatori de tamplarie din PVC, aluminiu si lemn stratificat.', NULL, 0, 0, '', 74, NULL),
(967, 15, '1', NULL, 0, 0, '', 75, NULL),
(968, 1, 'Str. Enachita Vacarescu nr. 17', NULL, 0, 0, '', 75, NULL),
(969, 3, 'Bucuresti', NULL, 0, 0, '', 75, NULL),
(970, 4, 'Sector 4', NULL, 0, 0, '', 75, NULL),
(971, 2, '', NULL, 0, 0, '', 75, NULL),
(972, 10, '021-336.04.16', NULL, 0, 0, '', 75, NULL),
(973, 16, '', NULL, 0, 0, '', 75, NULL),
(974, 11, '021-336.04.19', NULL, 0, 0, '', 75, NULL),
(975, 7, 'marketing@topfereastra.ro', NULL, 0, 0, '', 75, NULL),
(976, 8, 'http://www.topfereastra.ro', NULL, 0, 0, '', 75, NULL),
(977, 14, 'Publicatia apare anual si prezinta informatii sistematizate referitoare la furnizorii de sisteme utilizate in fabricarea / montajul de tamplarie termoizolanta si fatade cortina. De asemenea, sunt publicate analize statistice privind importurile si date economice prelucrate referitoare activitatea producatorilor de tamplarie din PVC, aluminiu si lemn stratificat', NULL, 0, 0, '', 75, NULL),
(978, 5, '', NULL, 0, 0, '', 74, NULL),
(979, 9, '', NULL, 0, 0, '', 74, NULL),
(980, 12, '', NULL, 0, 0, '', 74, NULL),
(981, 5, '', NULL, 0, 0, '', 75, NULL),
(982, 9, '', NULL, 0, 0, '', 75, NULL),
(983, 12, '', NULL, 0, 0, '', 75, NULL),
(984, 15, 'bla', NULL, 0, 0, '', 76, NULL),
(985, 1, 'Str. Iuliu Maniu nr. 34, ap. 1', NULL, 0, 0, '', 76, NULL),
(986, 3, 'Arad', NULL, 0, 0, '', 76, NULL),
(987, 4, 'Arad', NULL, 0, 0, '', 76, NULL),
(988, 2, '310167', NULL, 0, 0, '', 76, NULL),
(989, 10, '0257/228.289', NULL, 0, 0, '', 76, NULL),
(990, 11, '0257/228.289', NULL, 0, 0, '', 76, NULL),
(991, 7, 'office@mera.ro', NULL, 0, 0, '', 76, NULL),
(992, 8, 'http://www.mera.ro', NULL, 0, 0, '', 76, NULL),
(993, 14, 'executie si montaj tamplarie PVC-REHAU, ALUMINIU-BALKAN, METRA; plase antiinsecte; rulouri', NULL, 0, 0, '', 76, NULL),
(994, 16, '', NULL, 0, 0, '', 76, NULL),
(995, 5, '', NULL, 0, 0, '', 76, NULL),
(996, 9, '', NULL, 0, 0, '', 76, NULL),
(997, 12, '', NULL, 0, 0, '', 76, NULL),
(998, 15, 'bla', NULL, 0, 0, '', 77, NULL),
(999, 1, 'Str. Silvia nr. 50', NULL, 0, 0, '', 77, NULL),
(1000, 3, 'Bucuresti', NULL, 0, 0, '', 77, NULL),
(1001, 4, 'sector 2', NULL, 0, 0, '', 77, NULL),
(1002, 2, '023435', NULL, 0, 0, '', 77, NULL),
(1003, 10, '021/242.68.79', NULL, 0, 0, '', 77, NULL),
(1004, 11, '021/242.68.80', NULL, 0, 0, '', 77, NULL),
(1005, 7, 'office@strial.ro', NULL, 0, 0, '', 77, NULL),
(1006, 14, 'proiectare, executie si montaj; confectii din aluminiu; pereti cortina si luminatoare; fatade verticale; ceramica, ALUCOBOND, TRESPA', NULL, 0, 0, '', 77, NULL),
(1007, 15, 'bla', NULL, 0, 0, '', 78, NULL),
(1008, 1, 'Str. Pavel Dan nr. 41B', NULL, 0, 0, '', 78, NULL),
(1009, 3, 'Timisoara', NULL, 0, 0, '', 78, NULL),
(1010, 4, 'Timis', NULL, 0, 0, '', 78, NULL),
(1011, 2, '300532', NULL, 0, 0, '', 78, NULL),
(1012, 10, '0256/395.334', NULL, 0, 0, '', 78, NULL),
(1013, 11, '0256/395.338', NULL, 0, 0, '', 78, NULL),
(1014, 7, 'office@dova.ro', NULL, 0, 0, '', 78, NULL),
(1015, 8, 'http://www.dova.ro', NULL, 0, 0, '', 78, NULL),
(1016, 14, 'producator de ferestre si usi termoizolante din lemn stratificat', NULL, 0, 0, '', 78, NULL),
(1017, 15, '1', NULL, 0, 0, '', 79, NULL),
(1018, 1, 'Str. Dudesti-Pantelimon nr. 23', NULL, 0, 0, '', 79, NULL),
(1019, 3, 'Bucuresti', NULL, 0, 0, '', 79, NULL),
(1020, 4, 'Sector 3', NULL, 0, 0, '', 79, NULL),
(1021, 2, '033091', NULL, 0, 0, '', 79, NULL),
(1022, 10, '021/255.01.97', NULL, 0, 0, '', 79, NULL),
(1023, 11, '021/255.59.60', NULL, 0, 0, '', 79, NULL),
(1024, 7, 'marcomontaj@idilis.ro', NULL, 0, 0, '', 79, NULL),
(1025, 14, 'STEJAR STRATIFICAT: ferestre cu geam termopan, usi intrare si interioare; scari stejar, brad si metal.', NULL, 0, 0, '', 79, NULL),
(1026, 16, '', NULL, 0, 0, '', 79, NULL),
(1027, 5, '', NULL, 0, 0, '', 79, NULL),
(1028, 8, '', NULL, 0, 0, '', 79, NULL),
(1029, 9, '', NULL, 0, 0, '', 79, NULL),
(1030, 12, '', NULL, 0, 0, '', 79, NULL),
(1031, 15, '12188979', NULL, 0, 0, '', 80, NULL),
(1032, 1, 'Str. Pantelimon nr. 10-12, bloc Turn', NULL, 0, 0, '', 80, NULL),
(1033, 3, 'Bucuresti', NULL, 0, 0, '', 80, NULL),
(1034, 4, 'Sector 3', NULL, 0, 0, '', 80, NULL),
(1035, 10, '021/252.74.01', NULL, 0, 0, '', 80, NULL),
(1036, 11, '021/252.74.01', NULL, 0, 0, '', 80, NULL),
(1037, 5, '0747-050.509', NULL, 0, 0, '', 80, NULL),
(1038, 7, 'alexgama99@yahoo.com', NULL, 0, 0, '', 80, NULL),
(1039, 8, 'http://www.alexgama.ro', NULL, 0, 0, '', 80, NULL),
(1040, 14, 'instalatii termice', NULL, 0, 0, '', 80, NULL),
(1041, 2, '', NULL, 0, 0, '', 80, NULL),
(1042, 16, '', NULL, 0, 0, '', 80, NULL),
(1043, 9, '', NULL, 0, 0, '', 80, NULL),
(1044, 12, '', NULL, 0, 0, '', 80, NULL),
(1045, 15, '21692095', NULL, 0, 0, '', 81, NULL),
(1046, 1, 'Str. Andrei Saguna nr. 6', NULL, 0, 0, '', 81, NULL),
(1047, 3, 'Targu Mures', NULL, 0, 0, '', 81, NULL),
(1048, 4, 'Mures', NULL, 0, 0, '', 81, NULL),
(1049, 2, '540090', NULL, 0, 0, '', 81, NULL),
(1050, 10, '0265/250.204', NULL, 0, 0, '', 81, NULL),
(1051, 11, '0265/250.204', NULL, 0, 0, '', 81, NULL),
(1052, 5, '0745-417.126', NULL, 0, 0, '', 81, NULL),
(1053, 7, 'office@consulta.ro', NULL, 0, 0, '', 81, NULL),
(1054, 8, 'http://www.consulta.ro', NULL, 0, 0, '', 81, NULL),
(1055, 14, 'Constructii case cu structura din lemn', NULL, 0, 0, '', 81, NULL),
(1056, 15, '15943940', NULL, 0, 0, '', 82, NULL),
(1057, 1, 'Str. Constantin Balacescu Nr. 11', NULL, 0, 0, '', 82, NULL),
(1058, 3, 'Bucuresti', NULL, 0, 0, '', 82, NULL),
(1059, 4, 'Sector 1', NULL, 0, 0, '', 82, NULL),
(1060, 2, '010917', NULL, 0, 0, '', 82, NULL),
(1061, 10, '021/317.16.33', NULL, 0, 0, '', 82, NULL),
(1062, 16, '021/317.16.51', NULL, 0, 0, '', 82, NULL),
(1063, 11, '021/317.16.33', NULL, 0, 0, '', 82, NULL),
(1064, 5, '0729.900.937', NULL, 0, 0, '', 82, NULL),
(1065, 7, 'luiza.lola@nirosd.ro', NULL, 0, 0, '', 82, NULL),
(1066, 8, 'http://www.nirosdistributie.ro', NULL, 0, 0, '', 82, NULL),
(1067, 9, 'Gheorghe Ionut', NULL, 0, 0, '', 82, NULL),
(1068, 12, 'Director Comercial', NULL, 0, 0, '', 82, NULL),
(1069, 14, 'Importator si distribuitor materiale electrice si corpuri de iluminat', NULL, 0, 0, '', 82, NULL),
(1070, 15, '6895509', NULL, 0, 0, '', 83, NULL),
(1071, 1, 'Str. Salcamilor Nr. 1', NULL, 0, 0, '', 83, NULL),
(1072, 3, 'Radauti', NULL, 0, 0, '', 83, NULL),
(1073, 4, 'Suceava', NULL, 0, 0, '', 83, NULL),
(1074, 2, '725400', NULL, 0, 0, '', 83, NULL),
(1075, 10, '0230/560.929', NULL, 0, 0, '', 83, NULL),
(1076, 11, '0230/560.929', NULL, 0, 0, '', 83, NULL),
(1077, 5, '0748-273.046', NULL, 0, 0, '', 83, NULL),
(1078, 7, 'contrasimex@post.ro', NULL, 0, 0, '', 83, NULL),
(1079, 9, 'Mihai Boghean', NULL, 0, 0, '', 83, NULL),
(1080, 12, 'Manager', NULL, 0, 0, '', 83, NULL),
(1081, 14, 'Constructii civile si industriale; case la rosu si la cheie; hale de productie; amenajari interioare si exterioare; mansardare blocuri', NULL, 0, 0, '', 83, NULL),
(1082, 16, '', NULL, 0, 0, '', 83, NULL),
(1083, 8, '', NULL, 0, 0, '', 83, NULL),
(1084, 15, '3769379', NULL, 0, 0, '', 84, NULL),
(1085, 1, 'Str.Riureni 266A', NULL, 0, 0, '', 84, NULL),
(1086, 3, 'Rm.  Valcea', NULL, 0, 0, '', 84, NULL),
(1087, 4, 'Valcea', NULL, 0, 0, '', 84, NULL),
(1088, 2, '240050', NULL, 0, 0, '', 84, NULL),
(1089, 10, '0350/404.935', NULL, 0, 0, '', 84, NULL),
(1090, 16, '0722-593.037', NULL, 0, 0, '', 84, NULL),
(1091, 11, '0350/405.936', NULL, 0, 0, '', 84, NULL),
(1092, 5, '0745-046262', NULL, 0, 0, '', 84, NULL),
(1093, 7, 'office@sima-group.ro', NULL, 0, 0, '', 84, NULL),
(1094, 8, 'http://www.sima-group.ro', NULL, 0, 0, '', 84, NULL),
(1095, 9, 'Sima Marius', NULL, 0, 0, '', 84, NULL),
(1096, 12, 'Manager', NULL, 0, 0, '', 84, NULL),
(1097, 14, 'Proiectam, consiliem si construim. Constructii civile si industriale.', NULL, 0, 0, '', 84, NULL),
(1098, 16, '', NULL, 0, 0, '', 81, NULL),
(1099, 9, '', NULL, 0, 0, '', 81, NULL),
(1100, 12, '', NULL, 0, 0, '', 81, NULL),
(1101, 15, '11085991', NULL, 0, 0, '', 85, NULL),
(1102, 1, 'Str. Targului nr. 10', NULL, 0, 0, '', 85, NULL),
(1103, 3, 'Alba Iulia', NULL, 0, 0, '', 85, NULL),
(1104, 4, 'Alba', NULL, 0, 0, '', 85, NULL),
(1105, 2, '510168', NULL, 0, 0, '', 85, NULL),
(1106, 10, '0258/815.564', NULL, 0, 0, '', 85, NULL),
(1107, 11, '0258/815.564', NULL, 0, 0, '', 85, NULL),
(1108, 5, '0744-632.216', NULL, 0, 0, '', 85, NULL),
(1109, 7, 'proinstal_alba@yahoo.com', NULL, 0, 0, '', 85, NULL),
(1110, 14, 'Instalatii tehnico-sanitare, gaze, foraje orizontale si verticale', NULL, 0, 0, '', 85, NULL),
(1111, 16, '', NULL, 0, 0, '', 85, NULL),
(1112, 8, '', NULL, 0, 0, '', 85, NULL),
(1113, 9, '', NULL, 0, 0, '', 85, NULL),
(1114, 12, '', NULL, 0, 0, '', 85, NULL);
INSERT INTO `pptt_director_fields_data` (`id`, `fieldid`, `data_txt`, `data_bool`, `data_int`, `data_float`, `data_char`, `itemid`, `expiration`) VALUES
(1115, 15, '5780233', NULL, 0, 0, '', 86, NULL),
(1116, 1, 'Str. Lunga nr. 77', NULL, 0, 0, '', 86, NULL),
(1117, 3, 'Cristian', NULL, 0, 0, '', 86, NULL),
(1118, 4, 'Brasov', NULL, 0, 0, '', 86, NULL),
(1119, 2, '507055', NULL, 0, 0, '', 86, NULL),
(1120, 10, '0268/257.437', NULL, 0, 0, '', 86, NULL),
(1121, 11, '0268/257.437', NULL, 0, 0, '', 86, NULL),
(1122, 5, '0788-300.829', NULL, 0, 0, '', 86, NULL),
(1123, 7, 'voviprod@zappmobile.ro', NULL, 0, 0, '', 86, NULL),
(1124, 8, 'http://www.vovi.esrl.ro', NULL, 0, 0, '', 86, NULL),
(1125, 9, 'Popa Ovidiu Mircea', NULL, 0, 0, '', 86, NULL),
(1126, 12, 'Director General', NULL, 0, 0, '', 86, NULL),
(1127, 14, 'Tamplarie aluminiu si PVC; glafuri din aluminiu si PVC; tabla din aluminiu, cupru si inox; profile din aluminiu pentru tamplarie, plase anti-insecte', NULL, 0, 0, '', 86, NULL),
(1128, 15, '1', NULL, 0, 0, '', 87, NULL),
(1129, 1, 'Sos. Pipera nr. 48', NULL, 0, 0, '', 87, NULL),
(1130, 3, 'Bucuresti', NULL, 0, 0, '', 87, NULL),
(1131, 4, 'Sector 2', NULL, 0, 0, '', 87, NULL),
(1132, 2, '020112', NULL, 0, 0, '', 87, NULL),
(1133, 10, '021/233.05.81', NULL, 0, 0, '', 87, NULL),
(1134, 16, '021/233.05.82', NULL, 0, 0, '', 87, NULL),
(1135, 11, '021/232.90.68', NULL, 0, 0, '', 87, NULL),
(1136, 5, '0744-657.570', NULL, 0, 0, '', 87, NULL),
(1137, 7, 'office@stiterm.ro', NULL, 0, 0, '', 87, NULL),
(1138, 8, 'http://www.stiterm.ro', NULL, 0, 0, '', 87, NULL),
(1139, 14, 'Producator de geam termoizolant, ventilatii naturale', NULL, 0, 0, '', 87, NULL),
(1140, 9, '', NULL, 0, 0, '', 87, NULL),
(1141, 12, '', NULL, 0, 0, '', 87, NULL),
(1142, 16, '', NULL, 0, 0, '', 86, NULL),
(1143, 15, '1', NULL, 0, 0, '', 88, NULL),
(1144, 1, 'Calea Baciului nr. 2', NULL, 0, 0, '', 88, NULL),
(1145, 3, 'cluj-Napoca', NULL, 0, 0, '', 88, NULL),
(1146, 4, 'cluj', NULL, 0, 0, '', 88, NULL),
(1147, 10, '0264/435.152', NULL, 0, 0, '', 88, NULL),
(1148, 16, '0264/436.233', NULL, 0, 0, '', 88, NULL),
(1149, 11, '0264/436.233', NULL, 0, 0, '', 88, NULL),
(1150, 7, 'office@technicglass.ro', NULL, 0, 0, '', 88, NULL),
(1151, 8, 'http://www.technicglass.ro', NULL, 0, 0, '', 88, NULL),
(1152, 14, 'Productie geamuri termoizolante, prelucrare sticla, comert.', NULL, 0, 0, '', 88, NULL),
(1153, 15, '6891280', NULL, 0, 0, '', 89, NULL),
(1154, 1, 'B-dul Basarabia nr. 256 (Incinta Faur, Poarta 4)', NULL, 0, 0, '', 89, NULL),
(1155, 3, 'Bucuresti', NULL, 0, 0, '', 89, NULL),
(1156, 4, 'Sector 3', NULL, 0, 0, '', 89, NULL),
(1157, 2, '030352', NULL, 0, 0, '', 89, NULL),
(1158, 10, '021/256.30.80', NULL, 0, 0, '', 89, NULL),
(1159, 11, '021/256.30.80', NULL, 0, 0, '', 89, NULL),
(1160, 5, '0372-739.563', NULL, 0, 0, '', 89, NULL),
(1161, 7, 'office@constructiimetalice.ro', NULL, 0, 0, '', 89, NULL),
(1162, 8, 'http://www.constructiimetalice.ro', NULL, 0, 0, '', 89, NULL),
(1163, 9, 'Lidia Maxim', NULL, 0, 0, '', 89, NULL),
(1164, 12, 'Assistant Manager', NULL, 0, 0, '', 89, NULL),
(1165, 14, 'proiectarea, fabricarea si montarea de hale industriale si constructii civile, executate pe structura metalica', NULL, 0, 0, '', 89, NULL),
(1166, 15, '1', NULL, 0, 0, '', 90, NULL),
(1167, 1, 'Str. Turnu Magurele nr. 272-274', NULL, 0, 0, '', 90, NULL),
(1168, 3, 'Bucuresti', NULL, 0, 0, '', 90, NULL),
(1169, 4, 'Sector 4', NULL, 0, 0, '', 90, NULL),
(1170, 10, '021/460.35.05', NULL, 0, 0, '', 90, NULL),
(1171, 11, '021/460.30.09', NULL, 0, 0, '', 90, NULL),
(1172, 7, 'office@spectrum-industries.ro', NULL, 0, 0, '', 90, NULL),
(1173, 8, 'http://www.spectrum-industries.ro', NULL, 0, 0, '', 90, NULL),
(1174, 14, 'Sticla arhitecturala - geam izolant, securizare, serigrafiere, curbare, laminare, oglinzi, trepte, balustrade, usi, placari pereti. Taieri neconventionale fara inducerea tensiunilor in sticla.', NULL, 0, 0, '', 90, NULL),
(1175, 15, '3149369', NULL, 0, 0, '', 91, NULL),
(1176, 1, 'Calea Bucurestilor nr. 80A, bl. B2-3, sc. 4, ap. 34', NULL, 0, 0, '', 91, NULL),
(1177, 3, 'Otopeni', NULL, 0, 0, '', 91, NULL),
(1178, 4, 'Ilfov', NULL, 0, 0, '', 91, NULL),
(1179, 2, '075100', NULL, 0, 0, '', 91, NULL),
(1180, 10, '021/351.09.03', NULL, 0, 0, '', 91, NULL),
(1181, 11, '021/351.09.05', NULL, 0, 0, '', 91, NULL),
(1182, 5, '0752-422.919', NULL, 0, 0, '', 91, NULL),
(1183, 7, 'iulia.damian@ugur.ro', NULL, 0, 0, '', 91, NULL),
(1184, 8, 'http://www.ugur.ro', NULL, 0, 0, '', 91, NULL),
(1185, 9, 'Iulia Damian', NULL, 0, 0, '', 91, NULL),
(1186, 12, 'Inginer Diplomat', NULL, 0, 0, '', 91, NULL),
(1187, 14, 'echipamente frigorifice - productie, service, comercializare', NULL, 0, 0, '', 91, NULL),
(1188, 15, '4105093', NULL, 0, 0, '', 92, NULL),
(1189, 1, 'Str. Strapungerea Silvestru nr. 28, bl. CL 7, parter', NULL, 0, 0, '', 92, NULL),
(1190, 3, 'Iasi', NULL, 0, 0, '', 92, NULL),
(1191, 4, 'Iasi', NULL, 0, 0, '', 92, NULL),
(1192, 2, '700005', NULL, 0, 0, '', 92, NULL),
(1193, 10, '0232/250.951', NULL, 0, 0, '', 92, NULL),
(1194, 11, '0332/402.077', NULL, 0, 0, '', 92, NULL),
(1195, 5, '0744-620.217', NULL, 0, 0, '', 92, NULL),
(1196, 7, 'office@kin.ro', NULL, 0, 0, '', 92, NULL),
(1197, 8, 'http://www.kin.ro', NULL, 0, 0, '', 92, NULL),
(1198, 9, 'Nisioiu Vasile', NULL, 0, 0, '', 92, NULL),
(1199, 12, 'Director General', NULL, 0, 0, '', 92, NULL),
(1200, 14, 'depozite si camere frigorifice, instalatii frigorifice, ventilatie si climatizare; dotari complete magazine alimentare si supermarket', NULL, 0, 0, '', 92, NULL),
(1201, 15, '2670635', NULL, 0, 0, '', 93, NULL),
(1202, 1, 'Str. General Vasile Milea bl. D2, parter', NULL, 0, 0, '', 93, NULL),
(1203, 3, 'Brad', NULL, 0, 0, '', 93, NULL),
(1204, 4, 'Hunedoara', NULL, 0, 0, '', 93, NULL),
(1205, 2, '335200', NULL, 0, 0, '', 93, NULL),
(1206, 10, '0254/612.829', NULL, 0, 0, '', 93, NULL),
(1207, 11, '0254/612.829', NULL, 0, 0, '', 93, NULL),
(1208, 5, '0722-361.138', NULL, 0, 0, '', 93, NULL),
(1209, 7, 'aderom_mc@yahoo.com', NULL, 0, 0, '', 93, NULL),
(1210, 8, 'http://www.aderom.ro', NULL, 0, 0, '', 93, NULL),
(1211, 9, 'Mircea Haragus', NULL, 0, 0, '', 93, NULL),
(1212, 12, 'Administrator', NULL, 0, 0, '', 93, NULL),
(1213, 14, 'productie mortare uscate marca ADEROM', NULL, 0, 0, '', 93, NULL),
(1214, 15, '19314314', NULL, 0, 0, '', 94, NULL),
(1215, 1, 'B-dul Mircea Voda nr. 43, bl. M32, sc. 1, ap. 13', NULL, 0, 0, '', 94, NULL),
(1216, 3, 'Bucuresti', NULL, 0, 0, '', 94, NULL),
(1217, 4, 'Sector 3', NULL, 0, 0, '', 94, NULL),
(1218, 2, '030664', NULL, 0, 0, '', 94, NULL),
(1219, 10, '021/322.06.03', NULL, 0, 0, '', 94, NULL),
(1220, 11, '021/322.06.03', NULL, 0, 0, '', 94, NULL),
(1221, 7, 'service.ro@tencate.com', NULL, 0, 0, '', 94, NULL),
(1222, 8, 'http://www.tencate.com/geosynthetics', NULL, 0, 0, '', 94, NULL),
(1223, 9, 'Tudor Gruianu', NULL, 0, 0, '', 94, NULL),
(1224, 12, 'Director Vanzari', NULL, 0, 0, '', 94, NULL),
(1225, 14, 'producerea si distributia de materiale geosintetice, geogrile, geotextile si geocompozite utilizate in constructia de drumuri si cai ferate, in domeniul protectiei antierozionale, drenajelor, cat si in armarea pamanturilor', NULL, 0, 0, '', 94, NULL),
(1226, 2, '', NULL, 0, 0, '', 90, NULL),
(1227, 16, '', NULL, 0, 0, '', 90, NULL),
(1228, 5, '', NULL, 0, 0, '', 90, NULL),
(1229, 9, '', NULL, 0, 0, '', 90, NULL),
(1230, 12, '', NULL, 0, 0, '', 90, NULL),
(1231, 2, '', NULL, 0, 0, '', 88, NULL),
(1232, 5, '', NULL, 0, 0, '', 88, NULL),
(1233, 9, '', NULL, 0, 0, '', 88, NULL),
(1234, 12, '', NULL, 0, 0, '', 88, NULL),
(1235, 15, '8467800', NULL, 0, 0, '', 95, NULL),
(1236, 1, 'Str. Principala nr. 431/A', NULL, 0, 0, '', 95, NULL),
(1237, 3, 'Ungheni', NULL, 0, 0, '', 95, NULL),
(1238, 4, 'Mures', NULL, 0, 0, '', 95, NULL),
(1239, 10, '0265/328.329', NULL, 0, 0, '', 95, NULL),
(1240, 11, '0265/328.218', NULL, 0, 0, '', 95, NULL),
(1241, 5, '0723-639.275', NULL, 0, 0, '', 95, NULL),
(1242, 7, 'chesapop@yahoo.com', NULL, 0, 0, '', 95, NULL),
(1243, 8, 'http://www.chesa-pop.go.ro', NULL, 0, 0, '', 95, NULL),
(1244, 9, 'Chesa Daniel', NULL, 0, 0, '', 95, NULL),
(1245, 12, 'Administrator', NULL, 0, 0, '', 95, NULL),
(1246, 14, 'productie de lambriuri si dusumele din lemn masiv', NULL, 0, 0, '', 95, NULL),
(1247, 15, '8897603', NULL, 0, 0, '', 96, NULL),
(1248, 1, 'Str. Valea Onei nr. 2', NULL, 0, 0, '', 96, NULL),
(1249, 3, 'Breaza', NULL, 0, 0, '', 96, NULL),
(1250, 4, 'Prahova', NULL, 0, 0, '', 96, NULL),
(1251, 10, '0722/369.020', NULL, 0, 0, '', 96, NULL),
(1252, 11, '0244/346.348', NULL, 0, 0, '', 96, NULL),
(1253, 5, '0722-369.020', NULL, 0, 0, '', 96, NULL),
(1254, 7, 'petrus_mitrea@yahoo.com', NULL, 0, 0, '', 96, NULL),
(1255, 9, 'Mitrea Petrus', NULL, 0, 0, '', 96, NULL),
(1256, 12, 'Administrator', NULL, 0, 0, '', 96, NULL),
(1257, 14, 'tamplarie termoizolanta din lemn stratificat; mobilier din lemn masiv', NULL, 0, 0, '', 96, NULL),
(1258, 15, '2803626', NULL, 0, 0, '', 97, NULL),
(1259, 1, 'Str. Ionescu de la Brad nr. 7', NULL, 0, 0, '', 97, NULL),
(1260, 3, 'Timisoara', NULL, 0, 0, '', 97, NULL),
(1261, 4, 'Timis', NULL, 0, 0, '', 97, NULL),
(1262, 10, '0256/881.542', NULL, 0, 0, '', 97, NULL),
(1263, 11, '0256/281.542', NULL, 0, 0, '', 97, NULL),
(1264, 7, 'gremocon@yahoo.com', NULL, 0, 0, '', 97, NULL),
(1265, 8, 'http://www.gremocomtim.ro', NULL, 0, 0, '', 97, NULL),
(1266, 9, 'Muresan Adriana', NULL, 0, 0, '', 97, NULL),
(1267, 12, 'Economist', NULL, 0, 0, '', 97, NULL),
(1268, 14, 'comert cu ridicata metale, tamplarie PVC cu geam termoizolant', NULL, 0, 0, '', 97, NULL),
(1269, 15, '17093772', NULL, 0, 0, '', 98, NULL),
(1270, 1, 'Str. Castrul Roman nr. 34', NULL, 0, 0, '', 98, NULL),
(1271, 3, 'Galati', NULL, 0, 0, '', 98, NULL),
(1272, 4, 'Galati', NULL, 0, 0, '', 98, NULL),
(1273, 2, '800416', NULL, 0, 0, '', 98, NULL),
(1274, 10, '0236/467.559', NULL, 0, 0, '', 98, NULL),
(1275, 11, '0336/814.294', NULL, 0, 0, '', 98, NULL),
(1276, 5, '0724-175.574', NULL, 0, 0, '', 98, NULL),
(1277, 7, 'trianon2003@gmail.com', NULL, 0, 0, '', 98, NULL),
(1278, 9, 'Zamfir Petrisor', NULL, 0, 0, '', 98, NULL),
(1279, 12, 'Presedinte', NULL, 0, 0, '', 98, NULL),
(1280, 14, 'import si distributie nationala gresie - marmura - granit', NULL, 0, 0, '', 98, NULL),
(1281, 15, 'bla', NULL, 0, 0, '', 99, NULL);
INSERT INTO `pptt_director_fields_data` (`id`, `fieldid`, `data_txt`, `data_bool`, `data_int`, `data_float`, `data_char`, `itemid`, `expiration`) VALUES
(1282, 1, 'Str. Drumul Taberei nr. 138, bl. 715, sc. B, ap. 43', NULL, 0, 0, '', 99, NULL),
(1283, 3, 'Bucuresti', NULL, 0, 0, '', 99, NULL),
(1284, 4, 'Sector 6', NULL, 0, 0, '', 99, NULL),
(1285, 2, '061415', NULL, 0, 0, '', 99, NULL),
(1286, 10, '021/725.43.86', NULL, 0, 0, '', 99, NULL),
(1287, 11, '021/725.43.86', NULL, 0, 0, '', 99, NULL),
(1288, 5, '0722-611.355', NULL, 0, 0, '', 99, NULL),
(1289, 7, 'laurentiu.pestritu@armacell.com', NULL, 0, 0, '', 99, NULL),
(1290, 9, 'Laurentiu Pestritu', NULL, 0, 0, '', 99, NULL),
(1291, 12, 'Sales & Marketing Representative', NULL, 0, 0, '', 99, NULL),
(1292, 14, 'izolatii flexibile profesionale din cauciuc sau polietilena pentru teava (incalzire, sanitare, aer conditionat, refrigerare, industrie)', NULL, 0, 0, '', 99, NULL),
(1293, 15, '15064401', NULL, 0, 0, '', 100, NULL),
(1294, 1, 'Str.Cuza-Voda nr. 3, bl. D11, parter', NULL, 0, 0, '', 100, NULL),
(1295, 3, 'Ploiesti', NULL, 0, 0, '', 100, NULL),
(1296, 4, 'Prahova', NULL, 0, 0, '', 100, NULL),
(1297, 2, '100010', NULL, 0, 0, '', 100, NULL),
(1298, 10, '0244/510.166', NULL, 0, 0, '', 100, NULL),
(1299, 16, '0344/100.576', NULL, 0, 0, '', 100, NULL),
(1300, 11, '0244/510.177', NULL, 0, 0, '', 100, NULL),
(1301, 5, '0723-201.501', NULL, 0, 0, '', 100, NULL),
(1302, 7, 'e.neagu@witex.ro', NULL, 0, 0, '', 100, NULL),
(1303, 8, 'http://www.witex.ro', NULL, 0, 0, '', 100, NULL),
(1304, 9, 'Neagu Elena', NULL, 0, 0, '', 100, NULL),
(1305, 12, 'Director Vanzari', NULL, 0, 0, '', 100, NULL),
(1306, 14, 'ERTA este reprezentant al firmei germane Witex Flooring Products GmBH, Nord-vest Ring 21, pardoseli in domeniul casnic si comercial', NULL, 0, 0, '', 100, NULL),
(1307, 15, '14565536', NULL, 0, 0, '', 101, NULL),
(1308, 1, 'Str. Principala nr. 566/A', NULL, 0, 0, '', 101, NULL),
(1309, 3, 'Lupeni', NULL, 0, 0, '', 101, NULL),
(1310, 4, 'Harghita', NULL, 0, 0, '', 101, NULL),
(1311, 2, '537165', NULL, 0, 0, '', 101, NULL),
(1312, 10, '0266/248.263', NULL, 0, 0, '', 101, NULL),
(1313, 11, '0266/248.263', NULL, 0, 0, '', 101, NULL),
(1314, 5, '0744-771.950', NULL, 0, 0, '', 101, NULL),
(1315, 7, 'transtrade@electronnet.ro', NULL, 0, 0, '', 101, NULL),
(1316, 8, 'http://www.transtrade.ro', NULL, 0, 0, '', 101, NULL),
(1317, 14, 'comercializare utilaje de constructii second hand, din stoc (peste 50 buc) sau la comanda', NULL, 0, 0, '', 101, NULL),
(1318, 15, '11954091', NULL, 0, 0, '', 102, NULL),
(1319, 1, 'Str. Alexandru Odobescu nr. 5', NULL, 0, 0, '', 102, NULL),
(1320, 3, 'Hunedoara', NULL, 0, 0, '', 102, NULL),
(1321, 4, 'Hunedoara', NULL, 0, 0, '', 102, NULL),
(1322, 10, '0254/719.655', NULL, 0, 0, '', 102, NULL),
(1323, 11, '0254/710.722', NULL, 0, 0, '', 102, NULL),
(1324, 5, '0722-328.822', NULL, 0, 0, '', 102, NULL),
(1325, 7, 'arsenaltib@yahoo.com', NULL, 0, 0, '', 102, NULL),
(1326, 14, 'comercializam produse metalurgice inclusiv cele economice HEA, HEM, IPE, INP', NULL, 0, 0, '', 102, NULL),
(1327, 15, '15121124', NULL, 0, 0, '', 103, NULL),
(1328, 1, 'Str. Constructorilor nr. 9, bl. G1, sc. A, ap.2', NULL, 0, 0, '', 103, NULL),
(1329, 3, 'Bucuresti', NULL, 0, 0, '', 103, NULL),
(1330, 4, 'sector 6', NULL, 0, 0, '', 103, NULL),
(1331, 10, '021/220.22.10', NULL, 0, 0, '', 103, NULL),
(1332, 11, '021/220.22.10', NULL, 0, 0, '', 103, NULL),
(1333, 5, '0721-214.376', NULL, 0, 0, '', 103, NULL),
(1334, 7, 'viorel@linosol.ro', NULL, 0, 0, '', 103, NULL),
(1335, 8, 'http://www.linosol.ro', NULL, 0, 0, '', 103, NULL),
(1336, 9, 'Viorel Bajureanu', NULL, 0, 0, '', 103, NULL),
(1337, 12, 'Director General', NULL, 0, 0, '', 103, NULL),
(1338, 14, 'pardoseli din PVC de trafic intens productie FORBO sau ALTRO import Suedia, pentru spitale, laboratoare, clinici medicale, cladiri de birouri, hoteluri, sali de sport, scoli, universitati, industrie alimentara, pardoseli din PVC antiderapante', NULL, 0, 0, '', 103, NULL),
(1339, 15, '11986743', NULL, 0, 0, '', 104, NULL),
(1340, 1, 'Sos de Centura nr. 13', NULL, 0, 0, '', 104, NULL),
(1341, 3, 'Chiajna', NULL, 0, 0, '', 104, NULL),
(1342, 4, 'Ilfov', NULL, 0, 0, '', 104, NULL),
(1343, 10, '021/317.33.25', NULL, 0, 0, '', 104, NULL),
(1344, 11, '021/317.33.26', NULL, 0, 0, '', 104, NULL),
(1345, 5, '0745-119.122', NULL, 0, 0, '', 104, NULL),
(1346, 7, 'rosims@rosims.ro', NULL, 0, 0, '', 104, NULL),
(1347, 8, 'http://www.rosims.ro', NULL, 0, 0, '', 104, NULL),
(1348, 9, 'Mihai Bertianu', NULL, 0, 0, '', 104, NULL),
(1349, 12, 'Director Logistica', NULL, 0, 0, '', 104, NULL),
(1350, 14, 'importator si distribuitor obiecte  santiere (cazi, cabine, cadite dus, baterii, mobilier de baie)', NULL, 0, 0, '', 104, NULL),
(1351, 15, '5650870', NULL, 0, 0, '', 105, NULL),
(1352, 1, 'Calea Bucuresti nr. 116', NULL, 0, 0, '', 105, NULL),
(1353, 3, 'Craiova', NULL, 0, 0, '', 105, NULL),
(1354, 4, 'Dolj', NULL, 0, 0, '', 105, NULL),
(1355, 10, '0251/406.600', NULL, 0, 0, '', 105, NULL),
(1356, 11, '0251/439.736', NULL, 0, 0, '', 105, NULL),
(1357, 5, '0744-620.909', NULL, 0, 0, '', 105, NULL),
(1358, 7, 'iuly_ghe@yahoo.com', NULL, 0, 0, '', 105, NULL),
(1359, 8, 'http://www.reconsa.ro', NULL, 0, 0, '', 105, NULL),
(1360, 9, 'iuliana Gheorghe', NULL, 0, 0, '', 105, NULL),
(1361, 12, 'Reprezentant Management', NULL, 0, 0, '', 105, NULL),
(1362, 14, 'lucrari de constructii a cladirilor rezidentiale si nerezidentiale', NULL, 0, 0, '', 105, NULL),
(1363, 15, '17797220', NULL, 0, 0, '', 106, NULL),
(1364, 1, 'Strada nr.  1103/A', NULL, 0, 0, '', 106, NULL),
(1365, 3, 'Lovrin', NULL, 0, 0, '', 106, NULL),
(1366, 4, 'Timis', NULL, 0, 0, '', 106, NULL),
(1367, 2, '307250', NULL, 0, 0, '', 106, NULL),
(1368, 10, '0256/381.661', NULL, 0, 0, '', 106, NULL),
(1369, 11, '0256/381.688', NULL, 0, 0, '', 106, NULL),
(1370, 5, '0748-116.200', NULL, 0, 0, '', 106, NULL),
(1371, 7, 'wagner@o-metall.de', NULL, 0, 0, '', 106, NULL),
(1372, 8, 'http://www.o-metall.com', NULL, 0, 0, '', 106, NULL),
(1373, 9, 'Wagner Andreia', NULL, 0, 0, '', 106, NULL),
(1374, 12, 'Contabil Financiar Bancar', NULL, 0, 0, '', 106, NULL),
(1375, 14, 'comert cu ridicata al metalelor si minereurilor metalice (in regim de import-export', NULL, 0, 0, '', 106, NULL),
(1376, 15, 'bla', NULL, 0, 0, '', 107, NULL),
(1377, 1, 'Str. Orzari nr. 22', NULL, 0, 0, '', 107, NULL),
(1378, 3, 'Bucuresti', NULL, 0, 0, '', 107, NULL),
(1379, 4, 'Sector 2', NULL, 0, 0, '', 107, NULL),
(1380, 10, '021/320.86.25', NULL, 0, 0, '', 107, NULL),
(1381, 11, '031/815.38.76', NULL, 0, 0, '', 107, NULL),
(1382, 7, 'office@casa-credit.ro', NULL, 0, 0, '', 107, NULL),
(1383, 8, 'http://www.casa-credit.ro', NULL, 0, 0, '', 107, NULL),
(1384, 9, 'Maria Constantin', NULL, 0, 0, '', 107, NULL),
(1385, 12, 'As. Office', NULL, 0, 0, '', 107, NULL),
(1386, 14, 'constructii civile, caramida', NULL, 0, 0, '', 107, NULL),
(1387, 15, '17860913', NULL, 0, 0, '', 108, NULL),
(1388, 1, 'Str. Portului nr. 19 A, Poarta 3', NULL, 0, 0, '', 108, NULL),
(1389, 3, 'Galati', NULL, 0, 0, '', 108, NULL),
(1390, 4, 'Galati', NULL, 0, 0, '', 108, NULL),
(1391, 2, '800025', NULL, 0, 0, '', 108, NULL),
(1392, 10, '0236/322.211', NULL, 0, 0, '', 108, NULL),
(1393, 11, '0236/322.211', NULL, 0, 0, '', 108, NULL),
(1394, 5, '0743-042.464', NULL, 0, 0, '', 108, NULL),
(1395, 7, 'office@ngcconstruct.ro', NULL, 0, 0, '', 108, NULL),
(1396, 8, 'http://www.ngcconstruct.ro', NULL, 0, 0, '', 108, NULL),
(1397, 9, 'Cristi Cazoni', NULL, 0, 0, '', 108, NULL),
(1398, 12, 'General Manager', NULL, 0, 0, '', 108, NULL),
(1399, 15, '16257761', NULL, 0, 0, '', 109, NULL),
(1400, 1, 'Str. Pravat nr.  6', NULL, 0, 0, '', 109, NULL),
(1401, 3, 'Bucuresti', NULL, 0, 0, '', 109, NULL),
(1402, 4, 'Sector 6', NULL, 0, 0, '', 109, NULL),
(1403, 10, '0788/051.788', NULL, 0, 0, '', 109, NULL),
(1404, 11, '031/815.03.05', NULL, 0, 0, '', 109, NULL),
(1405, 5, '0745-023.078', NULL, 0, 0, '', 109, NULL),
(1406, 7, 'ceratonia04@yahoo.com', NULL, 0, 0, '', 109, NULL),
(1407, 8, 'http://www.ceratonia.ro', NULL, 0, 0, '', 109, NULL),
(1408, 14, 'Sisteme de luminatoare si trape de fum; Sisteme termo-hidroizolante pentru cladiri civile si industriale; Reconditionari hale industriale; Materiale de constructii:membrane hidroizolante, polistiren extrudat, policarbonat celular, sindrila bituminoasa', NULL, 0, 0, '', 109, NULL),
(1409, 16, '', NULL, 0, 0, '', 89, NULL),
(1410, 16, '', NULL, 0, 0, '', 91, NULL),
(1411, 16, '', NULL, 0, 0, '', 92, NULL),
(1412, 16, '', NULL, 0, 0, '', 93, NULL),
(1413, 16, '', NULL, 0, 0, '', 94, NULL),
(1414, 5, '', NULL, 0, 0, '', 94, NULL),
(1415, 2, '', NULL, 0, 0, '', 95, NULL),
(1416, 16, '', NULL, 0, 0, '', 95, NULL),
(1417, 2, '', NULL, 0, 0, '', 96, NULL),
(1418, 16, '', NULL, 0, 0, '', 96, NULL),
(1419, 8, '', NULL, 0, 0, '', 96, NULL),
(1420, 2, '', NULL, 0, 0, '', 97, NULL),
(1421, 16, '', NULL, 0, 0, '', 97, NULL),
(1422, 5, '', NULL, 0, 0, '', 97, NULL),
(1423, 16, '', NULL, 0, 0, '', 108, NULL),
(1424, 14, '', NULL, 0, 0, '', 108, NULL),
(1425, 2, '', NULL, 0, 0, '', 109, NULL),
(1426, 16, '', NULL, 0, 0, '', 109, NULL),
(1427, 9, '', NULL, 0, 0, '', 109, NULL),
(1428, 12, '', NULL, 0, 0, '', 109, NULL),
(1429, 16, '', NULL, 0, 0, '', 98, NULL),
(1430, 8, '', NULL, 0, 0, '', 98, NULL),
(1431, 16, '', NULL, 0, 0, '', 99, NULL),
(1432, 8, '', NULL, 0, 0, '', 99, NULL),
(1433, 16, '', NULL, 0, 0, '', 101, NULL),
(1434, 9, '', NULL, 0, 0, '', 101, NULL),
(1435, 12, '', NULL, 0, 0, '', 101, NULL),
(1436, 2, '', NULL, 0, 0, '', 102, NULL),
(1437, 16, '', NULL, 0, 0, '', 102, NULL),
(1438, 8, '', NULL, 0, 0, '', 102, NULL),
(1439, 9, '', NULL, 0, 0, '', 102, NULL),
(1440, 12, '', NULL, 0, 0, '', 102, NULL),
(1441, 2, '', NULL, 0, 0, '', 103, NULL),
(1442, 16, '', NULL, 0, 0, '', 103, NULL),
(1443, 2, '', NULL, 0, 0, '', 104, NULL),
(1444, 16, '', NULL, 0, 0, '', 104, NULL),
(1445, 2, '', NULL, 0, 0, '', 105, NULL),
(1446, 16, '', NULL, 0, 0, '', 105, NULL),
(1447, 16, '', NULL, 0, 0, '', 106, NULL),
(1448, 2, '', NULL, 0, 0, '', 107, NULL),
(1449, 16, '', NULL, 0, 0, '', 107, NULL),
(1450, 5, '', NULL, 0, 0, '', 107, NULL),
(1451, 15, '438753', NULL, 0, 0, '', 110, NULL),
(1452, 1, 'Calea Grivitei nr. 371', NULL, 0, 0, '', 110, NULL);
INSERT INTO `pptt_director_fields_data` (`id`, `fieldid`, `data_txt`, `data_bool`, `data_int`, `data_float`, `data_char`, `itemid`, `expiration`) VALUES
(1453, 3, 'Bucuresti', NULL, 0, 0, '', 110, NULL),
(1454, 4, 'Sector 1', NULL, 0, 0, '', 110, NULL),
(1455, 2, '010767', NULL, 0, 0, '', 110, NULL),
(1456, 10, '021/224.19.64', NULL, 0, 0, '', 110, NULL),
(1457, 16, '021/224.21.15', NULL, 0, 0, '', 110, NULL),
(1458, 11, '021/224.21.15', NULL, 0, 0, '', 110, NULL),
(1459, 5, '0744-635.319', NULL, 0, 0, '', 110, NULL),
(1460, 7, 'teluria91@yahoo.com', NULL, 0, 0, '', 110, NULL),
(1461, 8, 'http://www.teluriagarden.ro', NULL, 0, 0, '', 110, NULL),
(1462, 9, 'Balca Tudorel', NULL, 0, 0, '', 110, NULL),
(1463, 12, 'Director', NULL, 0, 0, '', 110, NULL),
(1464, 14, 'producator fier forjat, inox - porti, garduri, balustrade, balcoane, copertine; mobilier interior, gradina si urban', NULL, 0, 0, '', 110, NULL),
(1465, 15, '28265', NULL, 0, 0, '', 111, NULL),
(1466, 1, 'Str. Doamna Ghica nr. 8, bl. 2, sc. E, ap. 177', NULL, 0, 0, '', 111, NULL),
(1467, 3, 'Bucuresti', NULL, 0, 0, '', 111, NULL),
(1468, 4, 'Sector 2', NULL, 0, 0, '', 111, NULL),
(1469, 2, '022834', NULL, 0, 0, '', 111, NULL),
(1470, 10, '021/242.15.23', NULL, 0, 0, '', 111, NULL),
(1471, 11, '021/242.15.23', NULL, 0, 0, '', 111, NULL),
(1472, 5, '0722-615.672', NULL, 0, 0, '', 111, NULL),
(1473, 7, 'serbv@rdslink.ro', NULL, 0, 0, '', 111, NULL),
(1474, 8, 'http://www.serb.ro', NULL, 0, 0, '', 111, NULL),
(1475, 9, 'Serban Viorel', NULL, 0, 0, '', 111, NULL),
(1476, 12, 'Director', NULL, 0, 0, '', 111, NULL),
(1477, 14, 'consolidarea constructiilor fara evacuarea acestora; eliminarea socurilor, vibratiilor la echipamente si conducte; proiecte de arhitectura', NULL, 0, 0, '', 111, NULL),
(1478, 15, 'bla', NULL, 0, 0, '', 112, NULL),
(1479, 1, 'B-dul Victoriei nr. 15, bl. 33, sc. A, ap. 2', NULL, 0, 0, '', 112, NULL),
(1480, 3, 'Brasov', NULL, 0, 0, '', 112, NULL),
(1481, 4, 'Brasov', NULL, 0, 0, '', 112, NULL),
(1482, 2, '50063', NULL, 0, 0, '', 112, NULL),
(1483, 10, '0268/474.796', NULL, 0, 0, '', 112, NULL),
(1484, 11, '0268/474.796', NULL, 0, 0, '', 112, NULL),
(1485, 5, '0724-335.864', NULL, 0, 0, '', 112, NULL),
(1486, 7, 'simona.bratescu@antrax.ro', NULL, 0, 0, '', 112, NULL),
(1487, 8, 'http://www.antrax.ro', NULL, 0, 0, '', 112, NULL),
(1488, 9, 'Simona Bratescu', NULL, 0, 0, '', 112, NULL),
(1489, 12, 'Referent Marketing', NULL, 0, 0, '', 112, NULL),
(1490, 14, 'distributia si comercializarea materialelor de constructii de amenajari interioare si exterioare', NULL, 0, 0, '', 112, NULL),
(1491, 15, '4443167', NULL, 0, 0, '', 113, NULL),
(1492, 1, 'Str. Mihail Kogalniceanu nr. 18-20', NULL, 0, 0, '', 113, NULL),
(1493, 3, 'Brasov', NULL, 0, 0, '', 113, NULL),
(1494, 4, 'Brasov', NULL, 0, 0, '', 113, NULL),
(1495, 2, '500173', NULL, 0, 0, '', 113, NULL),
(1496, 10, '0268/547.075', NULL, 0, 0, '', 113, NULL),
(1497, 11, '0268/547.086', NULL, 0, 0, '', 113, NULL),
(1498, 5, '0728-137.742', NULL, 0, 0, '', 113, NULL),
(1499, 7, 'ccibv@ccibv.ro', NULL, 0, 0, '', 113, NULL),
(1500, 8, 'http://www.ccibv.ro', NULL, 0, 0, '', 113, NULL),
(1501, 9, 'Adriana Ispas', NULL, 0, 0, '', 113, NULL),
(1502, 12, 'Director general', NULL, 0, 0, '', 113, NULL),
(1503, 14, 'consultanta in domeniul obtinerii de finantari pentru constructii', NULL, 0, 0, '', 113, NULL),
(1504, 16, '', NULL, 0, 0, '', 113, NULL),
(1505, 16, '', NULL, 0, 0, '', 111, NULL),
(1506, 16, '', NULL, 0, 0, '', 112, NULL),
(1507, 15, '16063358', NULL, 0, 0, '', 114, NULL),
(1508, 1, 'Str. Poet Theodor Neculuta nr. 20', NULL, 0, 0, '', 114, NULL),
(1509, 3, 'Bucuresti', NULL, 0, 0, '', 114, NULL),
(1510, 4, 'Sector 2', NULL, 0, 0, '', 114, NULL),
(1511, 2, '021953', NULL, 0, 0, '', 114, NULL),
(1512, 10, '021/211.79.84', NULL, 0, 0, '', 114, NULL),
(1513, 11, '021/211.66.23', NULL, 0, 0, '', 114, NULL),
(1514, 5, '0722-505.958', NULL, 0, 0, '', 114, NULL),
(1515, 7, 'mihai.maxim@iprochim.ro', NULL, 0, 0, '', 114, NULL),
(1516, 8, 'http://www.kogaion.com.ro', NULL, 0, 0, '', 114, NULL),
(1517, 9, 'Mihai Maxim', NULL, 0, 0, '', 114, NULL),
(1518, 12, 'Director General', NULL, 0, 0, '', 114, NULL),
(1519, 14, 'Lucrari de instalatii hidro si electrice; Lucrari de tratament si potabilizare apa; Automatizari; Etansari si Izolari', NULL, 0, 0, '', 114, NULL),
(1520, 16, '', NULL, 0, 0, '', 114, NULL),
(1521, 15, '15291641', NULL, 0, 0, '', 115, NULL),
(1522, 1, 'Str. lotus nr 12/5', NULL, 0, 0, '', 115, NULL),
(1523, 3, 'Turda', NULL, 0, 0, '', 115, NULL),
(1524, 4, 'Cluj', NULL, 0, 0, '', 115, NULL),
(1525, 10, '0264/432.744', NULL, 0, 0, '', 115, NULL),
(1526, 11, '0364/116.112', NULL, 0, 0, '', 115, NULL),
(1527, 7, 'office@mbsgroup.ro', NULL, 0, 0, '', 115, NULL),
(1528, 8, 'http://www.mbsgroup.ro', NULL, 0, 0, '', 115, NULL),
(1529, 9, 'Mihaela Sidau', NULL, 0, 0, '', 115, NULL),
(1530, 12, 'Director Tehnic', NULL, 0, 0, '', 115, NULL),
(1531, 14, 'antreprenoriat general in constructii; proiectare, consultanta si management de proiect, amenajari complete', NULL, 0, 0, '', 115, NULL),
(1532, 15, '2485530', NULL, 0, 0, '', 116, NULL),
(1533, 1, 'Str. Eneas nr. 10', NULL, 0, 0, '', 116, NULL),
(1534, 3, 'Timisoara', NULL, 0, 0, '', 116, NULL),
(1535, 4, 'Timis', NULL, 0, 0, '', 116, NULL),
(1536, 2, '300479', NULL, 0, 0, '', 116, NULL),
(1537, 10, '0256/220.920', NULL, 0, 0, '', 116, NULL),
(1538, 11, '0256/490.102', NULL, 0, 0, '', 116, NULL),
(1539, 5, '0744-568.905', NULL, 0, 0, '', 116, NULL),
(1540, 7, 'office@robcon.ro', NULL, 0, 0, '', 116, NULL),
(1541, 8, 'http://www.robcon.ro', NULL, 0, 0, '', 116, NULL),
(1542, 9, 'Nicolae Joni', NULL, 0, 0, '', 116, NULL),
(1543, 12, 'Manager', NULL, 0, 0, '', 116, NULL),
(1544, 14, 'echipamente de sudare si roboti industriali CLOOS, echipamente de vopsit si zugravit WAGNER pentru mica si marea industrie, instalatii de sudare prin presiune in puncte TECNA', NULL, 0, 0, '', 116, NULL),
(1545, 15, '12725770', NULL, 0, 0, '', 117, NULL),
(1546, 1, 'Str. Nuferilor nr. 1', NULL, 0, 0, '', 117, NULL),
(1547, 3, 'Jibou', NULL, 0, 0, '', 117, NULL),
(1548, 4, 'Salaj', NULL, 0, 0, '', 117, NULL),
(1549, 2, '455200', NULL, 0, 0, '', 117, NULL),
(1550, 10, '11', NULL, 0, 0, '', 117, NULL),
(1551, 11, '11', NULL, 0, 0, '', 117, NULL),
(1552, 5, '0722-447.112', NULL, 0, 0, '', 117, NULL),
(1553, 7, 'ioan50@yahoo.com', NULL, 0, 0, '', 117, NULL),
(1554, 9, 'Ioan Neag', NULL, 0, 0, '', 117, NULL),
(1555, 12, 'Administrator', NULL, 0, 0, '', 117, NULL),
(1556, 14, 'utilaje de subtraversare pentru instalatii apa, curent, gaz, telefoane, canalizare - sectiune 75-135 mm', NULL, 0, 0, '', 117, NULL),
(1570, 15, '9029850', NULL, 0, 0, '', 119, NULL),
(1571, 1, 'Str. Ghetu Anghel nr. 84-90', NULL, 0, 0, '', 119, NULL),
(1572, 3, 'Bucuresti', NULL, 0, 0, '', 119, NULL),
(1573, 4, 'Sector 3', NULL, 0, 0, '', 119, NULL),
(1574, 2, '032546', NULL, 0, 0, '', 119, NULL),
(1575, 10, '021/256.41.41', NULL, 0, 0, '', 119, NULL),
(1576, 11, '021/256.35.04', NULL, 0, 0, '', 119, NULL),
(1577, 7, 'denisa.stefanescu@deltadr.ro', NULL, 0, 0, '', 119, NULL),
(1578, 8, 'http://www.deltadesign.ro', NULL, 0, 0, '', 119, NULL),
(1579, 9, '', NULL, 0, 0, '', 119, NULL),
(1580, 12, '', NULL, 0, 0, '', 119, NULL),
(1581, 14, 'import, distributie si comercializare de produse de finisaj interior si exterior pentru amenajari de spatii publice rezidentiale.', NULL, 0, 0, '', 119, NULL),
(1582, 15, '16589094', NULL, 0, 0, '', 120, NULL),
(1583, 1, 'Str. Stirbei Voda nr. 95, bl. 25B, sc. A, ap. 13', NULL, 0, 0, '', 120, NULL),
(1584, 3, 'Bucuresti', NULL, 0, 0, '', 120, NULL),
(1585, 4, 'Sector 1', NULL, 0, 0, '', 120, NULL),
(1586, 2, '010108', NULL, 0, 0, '', 120, NULL),
(1587, 10, '021/637.35.45', NULL, 0, 0, '', 120, NULL),
(1588, 11, '021/637.35.45', NULL, 0, 0, '', 120, NULL),
(1589, 7, 'solaron@solaron.ro', NULL, 0, 0, '', 120, NULL),
(1590, 8, 'http://www.solaron.ro', NULL, 0, 0, '', 120, NULL),
(1591, 9, 'Liliana Popescu', NULL, 0, 0, '', 120, NULL),
(1592, 12, 'Director Vanzari', NULL, 0, 0, '', 120, NULL),
(1593, 14, 'import si distributie materiale speciale, utilaje profesionale pentru constructii; executie lucrari speciale', NULL, 0, 0, '', 120, NULL),
(1594, 15, '15226864', NULL, 0, 0, '', 121, NULL),
(1595, 1, 'Str. Caminului nr. 12', NULL, 0, 0, '', 121, NULL),
(1596, 3, 'Bucuresti', NULL, 0, 0, '', 121, NULL),
(1597, 4, 'Sector 2', NULL, 0, 0, '', 121, NULL),
(1598, 10, '021/252.21.33', NULL, 0, 0, '', 121, NULL),
(1599, 11, '021/252.21.33', NULL, 0, 0, '', 121, NULL),
(1600, 5, '0744-482.282', NULL, 0, 0, '', 121, NULL),
(1601, 7, 'office@mgconstruct.ro', NULL, 0, 0, '', 121, NULL),
(1602, 8, 'http://www.mgconstruct.ro', NULL, 0, 0, '', 121, NULL),
(1603, 9, 'Sorin Ghimes', NULL, 0, 0, '', 121, NULL),
(1604, 12, 'Director General', NULL, 0, 0, '', 121, NULL),
(1605, 14, 'proiectare, furnizare, executie hale pe structura metalica cu inchideri panouri termoizolante si table cutate', NULL, 0, 0, '', 121, NULL),
(1606, 15, '1104921', NULL, 0, 0, '', 122, NULL),
(1607, 1, 'Str. Scolii nr. 8', NULL, 0, 0, '', 122, NULL),
(1608, 3, 'Brasov', NULL, 0, 0, '', 122, NULL),
(1609, 4, 'Brasov', NULL, 0, 0, '', 122, NULL),
(1610, 2, '500059', NULL, 0, 0, '', 122, NULL),
(1611, 10, '0268/401.245', NULL, 0, 0, '', 122, NULL),
(1612, 11, '0268/401.216', NULL, 0, 0, '', 122, NULL),
(1613, 7, 'office@icco.ro', NULL, 0, 0, '', 122, NULL),
(1614, 8, 'http://www.icco.ro', NULL, 0, 0, '', 122, NULL),
(1615, 9, 'Daniela Dumitrescu', NULL, 0, 0, '', 122, NULL),
(1616, 12, 'Analist Proiect', NULL, 0, 0, '', 122, NULL),
(1617, 14, 'antreprenoriat in constructii industriale si civile', NULL, 0, 0, '', 122, NULL),
(1618, 16, '', NULL, 0, 0, '', 119, NULL),
(1619, 5, '', NULL, 0, 0, '', 119, NULL),
(1620, 16, '', NULL, 0, 0, '', 120, NULL),
(1621, 5, '', NULL, 0, 0, '', 120, NULL),
(1622, 16, '', NULL, 0, 0, '', 117, NULL),
(1623, 8, '', NULL, 0, 0, '', 117, NULL),
(1624, 15, '14605835', NULL, 0, 0, '', 123, NULL),
(1625, 1, 'Str. Fabricii de Chibrituri nr. 5-11', NULL, 0, 0, '', 123, NULL),
(1626, 3, 'Cluj-Napoca', NULL, 0, 0, '', 123, NULL),
(1627, 4, 'Cluj', NULL, 0, 0, '', 123, NULL),
(1628, 10, '0264/450.559', NULL, 0, 0, '', 123, NULL),
(1629, 11, '0264/450.559', NULL, 0, 0, '', 123, NULL);
INSERT INTO `pptt_director_fields_data` (`id`, `fieldid`, `data_txt`, `data_bool`, `data_int`, `data_float`, `data_char`, `itemid`, `expiration`) VALUES
(1630, 5, '0726-300.901', NULL, 0, 0, '', 123, NULL),
(1631, 7, 'ecomat_cluj@yahoo.com', NULL, 0, 0, '', 123, NULL),
(1632, 8, 'http://www.ecomat.ro', NULL, 0, 0, '', 123, NULL),
(1633, 9, 'Ovidiu Toader', NULL, 0, 0, '', 123, NULL),
(1634, 12, 'Director General', NULL, 0, 0, '', 123, NULL),
(1635, 14, 'productie: adezivi, gleturi, sape, mortare speciale, nisip cuartos pentru pardoseli, intaritori pentru pardoseli; distributie materiale de constructii.', NULL, 0, 0, '', 123, NULL),
(1636, 15, '15274314', NULL, 0, 0, '', 124, NULL),
(1637, 1, 'B-dul Pandurilor nr. 28, ap. 18', NULL, 0, 0, '', 124, NULL),
(1638, 3, 'Targu-Mures', NULL, 0, 0, '', 124, NULL),
(1639, 4, 'Mures', NULL, 0, 0, '', 124, NULL),
(1640, 2, '540554', NULL, 0, 0, '', 124, NULL),
(1641, 10, '0265/255.315', NULL, 0, 0, '', 124, NULL),
(1642, 11, '0265/255.315', NULL, 0, 0, '', 124, NULL),
(1643, 5, '0745-234.219', NULL, 0, 0, '', 124, NULL),
(1644, 7, 'consterm2003@yahoo.com', NULL, 0, 0, '', 124, NULL),
(1645, 8, 'http://www.consterm.ro', NULL, 0, 0, '', 124, NULL),
(1646, 9, 'Florin Borda', NULL, 0, 0, '', 124, NULL),
(1647, 12, 'Manager', NULL, 0, 0, '', 124, NULL),
(1648, 14, 'pardoseli epoxidice industriale, vopsitorie pereti cu vopsea epoxidica, montaj hale metalice, hidroizolatii', NULL, 0, 0, '', 124, NULL),
(1649, 15, '13813145', NULL, 0, 0, '', 125, NULL),
(1650, 1, 'Str. Pelinului nr. 26', NULL, 0, 0, '', 125, NULL),
(1651, 3, 'Bucuresti', NULL, 0, 0, '', 125, NULL),
(1652, 4, 'Sector 3', NULL, 0, 0, '', 125, NULL),
(1653, 10, '021/344.50.05', NULL, 0, 0, '', 125, NULL),
(1654, 11, '021/344.50.06', NULL, 0, 0, '', 125, NULL),
(1655, 7, 'office@comstal.ro', NULL, 0, 0, '', 125, NULL),
(1656, 8, 'http://www.comstal.ro', NULL, 0, 0, '', 125, NULL),
(1657, 9, 'Laura Pistol', NULL, 0, 0, '', 125, NULL),
(1658, 12, 'Secretara', NULL, 0, 0, '', 125, NULL),
(1659, 14, 'distributie materiale de consttructii si instalatii', NULL, 0, 0, '', 125, NULL),
(1660, 16, '', NULL, 0, 0, '', 124, NULL),
(1661, 2, '', NULL, 0, 0, '', 123, NULL),
(1662, 16, '', NULL, 0, 0, '', 123, NULL),
(1663, 2, '', NULL, 0, 0, '', 125, NULL),
(1664, 16, '', NULL, 0, 0, '', 125, NULL),
(1665, 5, '', NULL, 0, 0, '', 125, NULL),
(1666, 15, '20745205', NULL, 0, 0, '', 126, NULL),
(1667, 1, 'Str. Leca Morariu nr. 3', NULL, 0, 0, '', 126, NULL),
(1668, 3, 'Suceava', NULL, 0, 0, '', 126, NULL),
(1669, 4, 'Suceava', NULL, 0, 0, '', 126, NULL),
(1670, 2, '720176', NULL, 0, 0, '', 126, NULL),
(1671, 10, '0330/103.965', NULL, 0, 0, '', 126, NULL),
(1672, 11, '11', NULL, 0, 0, '', 126, NULL),
(1673, 5, '0722-266.370', NULL, 0, 0, '', 126, NULL),
(1674, 7, 'marceas@yahoo.com', NULL, 0, 0, '', 126, NULL),
(1675, 8, 'http://www.stucco-gallery.blogspot.com', NULL, 0, 0, '', 126, NULL),
(1676, 15, '17211339', NULL, 0, 0, '', 127, NULL),
(1677, 1, 'Str. Lt. Baloteanu nr. 1A', NULL, 0, 0, '', 127, NULL),
(1678, 3, 'Campulung Muscel', NULL, 0, 0, '', 127, NULL),
(1679, 4, 'Arges', NULL, 0, 0, '', 127, NULL),
(1680, 2, '115100', NULL, 0, 0, '', 127, NULL),
(1681, 10, '0248/506.003', NULL, 0, 0, '', 127, NULL),
(1682, 16, '0248/506.303', NULL, 0, 0, '', 127, NULL),
(1683, 11, '0248/506.003', NULL, 0, 0, '', 127, NULL),
(1684, 5, '0722-668.367', NULL, 0, 0, '', 127, NULL),
(1685, 7, 'administrator@agendaconstructiilor.ro', NULL, 0, 0, '', 127, NULL),
(1686, 8, 'http://www.timgroup.ro', NULL, 0, 0, '', 127, NULL),
(1687, 9, 'Teodorescu Mihaela', NULL, 0, 0, '', 127, NULL),
(1688, 12, 'PR Manager', NULL, 0, 0, '', 127, NULL),
(1689, 14, 'executii piscine si centre wellnes( jacuzzi, sauna, hammam, dus vichy, dus kneipp, relaxarium, laconium, tepidarium)', NULL, 0, 0, '', 127, NULL),
(1690, 16, '', NULL, 0, 0, '', 126, NULL),
(1691, 9, '', NULL, 0, 0, '', 126, NULL),
(1692, 12, '', NULL, 0, 0, '', 126, NULL),
(1693, 14, '', NULL, 0, 0, '', 126, NULL),
(1694, 15, '10817290', NULL, 0, 0, '', 128, NULL),
(1695, 1, 'Str. 22 Decembrie 1989 nr. 27', NULL, 0, 0, '', 128, NULL),
(1696, 3, 'Turda', NULL, 0, 0, '', 128, NULL),
(1697, 4, 'Cluj', NULL, 0, 0, '', 128, NULL),
(1698, 2, '401113', NULL, 0, 0, '', 128, NULL),
(1699, 10, '0264/312.765', NULL, 0, 0, '', 128, NULL),
(1700, 11, '0264/317.057', NULL, 0, 0, '', 128, NULL),
(1701, 7, 'contact@asacons.ro', NULL, 0, 0, '', 128, NULL),
(1702, 8, 'http://www.asacons.ro', NULL, 0, 0, '', 128, NULL),
(1703, 9, 'Ovidiu Dumitrescu', NULL, 0, 0, '', 128, NULL),
(1704, 12, 'Director General', NULL, 0, 0, '', 128, NULL),
(1705, 14, 'proiectarea, executarea, transportul si montajul structurilor din beton armat prefabricat; executarea pardoselilor industriale; antreprenoriat general', NULL, 0, 0, '', 128, NULL),
(1706, 16, '', NULL, 0, 0, '', 128, NULL),
(1707, 5, '0746-089.852', NULL, 0, 0, '', 128, NULL),
(1708, 15, '15381728', NULL, 0, 0, '', 129, NULL),
(1709, 1, 'B-dul Preciziei, nr.1', NULL, 0, 0, '', 129, NULL),
(1710, 3, 'Bucuresti', NULL, 0, 0, '', 129, NULL),
(1711, 4, 'Sector 6', NULL, 0, 0, '', 129, NULL),
(1712, 10, '021/316.79.50', NULL, 0, 0, '', 129, NULL),
(1713, 11, '021/316.79.56', NULL, 0, 0, '', 129, NULL),
(1714, 5, '0729-290.795', NULL, 0, 0, '', 129, NULL),
(1715, 7, 'paul.chirita@simarindustrial.ro', NULL, 0, 0, '', 129, NULL),
(1716, 8, 'http://www.simarindustrial.ro', NULL, 0, 0, '', 129, NULL),
(1717, 9, 'Paul Chirita', NULL, 0, 0, '', 129, NULL),
(1718, 12, 'Manager Vanzari - divizia Statii Asfalt', NULL, 0, 0, '', 129, NULL),
(1719, 14, 'Furnizor de echipamente, piese de schimb si service aferent, pentru domeniul industriei cimentului si a materialelor de constructii.', NULL, 0, 0, '', 129, NULL),
(1720, 15, '3322787', NULL, 0, 0, '', 130, NULL),
(1721, 1, 'Bd. Titulescu nr. 1, Bl. A7. Sc. B,Apt 48, eT.7', NULL, 0, 0, '', 130, NULL),
(1722, 3, 'Bucuresti', NULL, 0, 0, '', 130, NULL),
(1723, 4, 'Sector 1', NULL, 0, 0, '', 130, NULL),
(1724, 10, '021/312.03.43', NULL, 0, 0, '', 130, NULL),
(1725, 11, '021/312.03.43', NULL, 0, 0, '', 130, NULL),
(1726, 5, '0744.755.402', NULL, 0, 0, '', 130, NULL),
(1727, 7, 'office@veles.ro', NULL, 0, 0, '', 130, NULL),
(1728, 8, 'http://www.veles.ro', NULL, 0, 0, '', 130, NULL),
(1729, 14, 'Consultanta in domeniul tranzactiilor si investitiilor imobiliare; Studii de piata; Managementul proprietatii; Proiectare /consultanta /executie in constructii si amenajari interioare', NULL, 0, 0, '', 130, NULL),
(1730, 15, 'RO 3848413', NULL, 0, 0, '', 131, NULL),
(1731, 1, 'Str.Caramidarii de Jos Nr.5, Bl.74B, Sc1, Et2, Ap12', NULL, 0, 0, '', 131, NULL),
(1732, 3, 'Bucuresti', NULL, 0, 0, '', 131, NULL),
(1733, 4, 'Sector 4', NULL, 0, 0, '', 131, NULL),
(1734, 10, '031/409.90.85', NULL, 0, 0, '', 131, NULL),
(1735, 11, '021/330.45.00', NULL, 0, 0, '', 131, NULL),
(1736, 7, 'agm.th.ro@gmail.com', NULL, 0, 0, '', 131, NULL),
(1737, 9, 'Stefan Aurelian', NULL, 0, 0, '', 131, NULL),
(1738, 12, 'Administrator', NULL, 0, 0, '', 131, NULL),
(1739, 14, 'Constructii industriale - activitate de baza; Costructii civile, consolidari imobile, etc...', NULL, 0, 0, '', 131, NULL),
(1740, 2, '', NULL, 0, 0, '', 131, NULL),
(1741, 16, '', NULL, 0, 0, '', 131, NULL),
(1742, 5, '', NULL, 0, 0, '', 131, NULL),
(1743, 8, '', NULL, 0, 0, '', 131, NULL),
(1744, 2, '', NULL, 0, 0, '', 129, NULL),
(1745, 16, '', NULL, 0, 0, '', 129, NULL),
(1746, 2, '', NULL, 0, 0, '', 130, NULL),
(1747, 16, '', NULL, 0, 0, '', 130, NULL),
(1748, 9, '', NULL, 0, 0, '', 130, NULL),
(1749, 12, '', NULL, 0, 0, '', 130, NULL),
(1750, 15, '14821499', NULL, 0, 0, '', 132, NULL),
(1751, 1, 'Dimitrie Pompeiu nr. 9-9A, cladirea 10, et. 2', NULL, 0, 0, '', 132, NULL),
(1752, 3, 'Bucuresti', NULL, 0, 0, '', 132, NULL),
(1753, 4, 'sector 2', NULL, 0, 0, '', 132, NULL),
(1754, 2, '020335', NULL, 0, 0, '', 132, NULL),
(1755, 10, '021/310.67.43', NULL, 0, 0, '', 132, NULL),
(1756, 11, '021/310.67.44', NULL, 0, 0, '', 132, NULL),
(1757, 7, 'office@baxi.ro', NULL, 0, 0, '', 132, NULL),
(1758, 8, 'http://www.baxi.ro', NULL, 0, 0, '', 132, NULL),
(1759, 9, 'Mariana Neamtu', NULL, 0, 0, '', 132, NULL),
(1760, 12, 'Director Marketing', NULL, 0, 0, '', 132, NULL),
(1761, 14, 'parte din grupul Baxi, ofera solutii de incalzire pentru locuinte si spatii de lucru', NULL, 0, 0, '', 132, NULL),
(1762, 15, '4952292', NULL, 0, 0, '', 133, NULL),
(1763, 1, 'Sos. Bucuresti-Ploiesti nr. 1A, sc. A', NULL, 0, 0, '', 133, NULL),
(1764, 3, 'Bucuresti', NULL, 0, 0, '', 133, NULL),
(1765, 4, 'Sector 1', NULL, 0, 0, '', 133, NULL),
(1766, 2, '013681', NULL, 0, 0, '', 133, NULL),
(1767, 10, '021/529.90.55', NULL, 0, 0, '', 133, NULL),
(1768, 11, '021/529.90.59', NULL, 0, 0, '', 133, NULL),
(1769, 5, '0727-738.990', NULL, 0, 0, '', 133, NULL),
(1770, 7, 'alina.savu@basf.com', NULL, 0, 0, '', 133, NULL),
(1771, 8, 'http://www.basf.ro', NULL, 0, 0, '', 133, NULL),
(1772, 9, 'Alina Savu', NULL, 0, 0, '', 133, NULL),
(1773, 12, 'Administrative Officer', NULL, 0, 0, '', 133, NULL),
(1774, 14, 'aditivi pentru betoane, materiale auxiliare turnarii si tratarii betonului, polistiren expandabil, spume poliuretanice de tip elastopor', NULL, 0, 0, '', 133, NULL),
(1775, 15, '22326777', NULL, 0, 0, '', 134, NULL),
(1776, 1, 'Str. Maior Bacila Vasile nr.1, Bl. 99', NULL, 0, 0, '', 134, NULL),
(1777, 3, 'BUCURESTI', NULL, 0, 0, '', 134, NULL),
(1778, 4, 'Sector 2', NULL, 0, 0, '', 134, NULL),
(1779, 2, '022841', NULL, 0, 0, '', 134, NULL),
(1780, 10, '031/801.81.74', NULL, 0, 0, '', 134, NULL),
(1781, 11, '031/801.81.74', NULL, 0, 0, '', 134, NULL),
(1782, 7, 'tamplalex@yahoo.com', NULL, 0, 0, '', 134, NULL),
(1783, 14, 'executa la comanda tamplarie lemn stratificat cu geam termoizolant, usi interioare furneruite orice model,tocuri rotunde ,scari de lemn etc.tel 0744858916', NULL, 0, 0, '', 134, NULL),
(1784, 16, '', NULL, 0, 0, '', 133, NULL),
(1785, 16, '', NULL, 0, 0, '', 132, NULL),
(1786, 5, '', NULL, 0, 0, '', 132, NULL),
(1787, 15, '17542146', NULL, 0, 0, '', 135, NULL),
(1788, 1, 'Autostrada Bucuresti-Pitesti km. 11', NULL, 0, 0, '', 135, NULL),
(1789, 3, 'Domnesti', NULL, 0, 0, '', 135, NULL),
(1790, 4, 'Ilfov', NULL, 0, 0, '', 135, NULL),
(1791, 2, '077090', NULL, 0, 0, '', 135, NULL),
(1792, 10, '021/493.63.49', NULL, 0, 0, '', 135, NULL);
INSERT INTO `pptt_director_fields_data` (`id`, `fieldid`, `data_txt`, `data_bool`, `data_int`, `data_float`, `data_char`, `itemid`, `expiration`) VALUES
(1793, 11, '021/493.63.49', NULL, 0, 0, '', 135, NULL),
(1794, 5, '0752-107.853', NULL, 0, 0, '', 135, NULL),
(1795, 7, 'office@kranz.ro', NULL, 0, 0, '', 135, NULL),
(1796, 8, 'http://www.kranz.ro', NULL, 0, 0, '', 135, NULL),
(1797, 9, 'Alina Constantin', NULL, 0, 0, '', 135, NULL),
(1798, 14, 'lucrari de constructii a cladirilor rezidentiale si nerezidentiale, precum si vanzari si inchirieri macarale turn si sisteme de cofrare', NULL, 0, 0, '', 135, NULL),
(1799, 16, '', NULL, 0, 0, '', 135, NULL),
(1800, 12, '', NULL, 0, 0, '', 135, NULL),
(1801, 16, '', NULL, 0, 0, '', 122, NULL),
(1802, 5, '', NULL, 0, 0, '', 122, NULL),
(1803, 15, '14601140', NULL, 0, 0, '', 136, NULL),
(1804, 1, 'Str. Stirbei Voda nr. 1, bl. M16, sc. C, ap. 1', NULL, 0, 0, '', 136, NULL),
(1805, 3, 'Calarasi', NULL, 0, 0, '', 136, NULL),
(1806, 4, 'Calarasi', NULL, 0, 0, '', 136, NULL),
(1807, 10, '021/350.10.08', NULL, 0, 0, '', 136, NULL),
(1808, 11, '021/350.10.07', NULL, 0, 0, '', 136, NULL),
(1809, 5, '0751-514.222', NULL, 0, 0, '', 136, NULL),
(1810, 7, 'contact@ambientgrup.ro', NULL, 0, 0, '', 136, NULL),
(1811, 8, 'http://ambientgrup.ro', NULL, 0, 0, '', 136, NULL),
(1812, 9, 'Ion Catalin', NULL, 0, 0, '', 136, NULL),
(1813, 12, 'Director Vanzari', NULL, 0, 0, '', 136, NULL),
(1814, 14, 'producator de tamplarie PVC, jaluzele verticale si orizontale', NULL, 0, 0, '', 136, NULL),
(1815, 2, '', NULL, 0, 0, '', 136, NULL),
(1816, 16, '', NULL, 0, 0, '', 136, NULL),
(1817, 15, '16327794', NULL, 0, 0, '', 137, NULL),
(1818, 1, 'Cheile Baciului 924 A', NULL, 0, 0, '', 137, NULL),
(1819, 3, 'Baciu', NULL, 0, 0, '', 137, NULL),
(1820, 4, 'Cluj', NULL, 0, 0, '', 137, NULL),
(1821, 10, '0264/590.821', NULL, 0, 0, '', 137, NULL),
(1822, 11, '0264/439.205', NULL, 0, 0, '', 137, NULL),
(1823, 7, 'marketing@resido.ro', NULL, 0, 0, '', 137, NULL),
(1824, 8, 'http://www.resido.ro', NULL, 0, 0, '', 137, NULL),
(1825, 14, 'Piatra naturala cu intrebuintari de la placari verticale si orizontale pentru interior, pana la placari de fatade si pavaje exterioare.', NULL, 0, 0, '', 137, NULL),
(1826, 15, '17131957', NULL, 0, 0, '', 138, NULL),
(1827, 1, 'Sos. Odai nr. 42', NULL, 0, 0, '', 138, NULL),
(1828, 3, 'Otopeni', NULL, 0, 0, '', 138, NULL),
(1829, 4, 'Ilfov', NULL, 0, 0, '', 138, NULL),
(1830, 10, '021/352.30.00', NULL, 0, 0, '', 138, NULL),
(1831, 11, '021/350.51.81', NULL, 0, 0, '', 138, NULL),
(1832, 7, 'andrei.cretoiu@hilti.com', NULL, 0, 0, '', 138, NULL),
(1833, 14, 'Echipamente profesionale pentru specialistii in constructii si asistenta tehnica pentu toate domeniile de interes: masurare si nivelare; gaurire si demolare; taiere si finisare; fixari directe; gaurire si taiere diamantata; ancorari mecanice si chimice; tehnica insurubarii; sisteme antifoc; elemente de instalatii.', NULL, 0, 0, '', 138, NULL),
(1834, 2, '', NULL, 0, 0, '', 138, NULL),
(1835, 16, '', NULL, 0, 0, '', 138, NULL),
(1836, 5, '', NULL, 0, 0, '', 138, NULL),
(1837, 8, 'http://www.hilti.ro', NULL, 0, 0, '', 138, NULL),
(1838, 9, '', NULL, 0, 0, '', 138, NULL),
(1839, 12, '', NULL, 0, 0, '', 138, NULL),
(1840, 2, '', NULL, 0, 0, '', 137, NULL),
(1841, 16, '', NULL, 0, 0, '', 137, NULL),
(1842, 5, '', NULL, 0, 0, '', 137, NULL),
(1843, 9, '', NULL, 0, 0, '', 137, NULL),
(1844, 12, '', NULL, 0, 0, '', 137, NULL),
(1845, 16, '', NULL, 0, 0, '', 134, NULL),
(1846, 5, '', NULL, 0, 0, '', 134, NULL),
(1847, 8, '', NULL, 0, 0, '', 134, NULL),
(1848, 9, '', NULL, 0, 0, '', 134, NULL),
(1849, 12, '', NULL, 0, 0, '', 134, NULL),
(1850, 15, '7614474', NULL, 0, 0, '', 139, NULL),
(1851, 1, 'Calea Plevnei nr. 139, bl. B', NULL, 0, 0, '', 139, NULL),
(1852, 3, 'Bucuresti', NULL, 0, 0, '', 139, NULL),
(1853, 4, 'Sector 6', NULL, 0, 0, '', 139, NULL),
(1854, 2, '060011', NULL, 0, 0, '', 139, NULL),
(1855, 10, '021/207.74.00', NULL, 0, 0, '', 139, NULL),
(1856, 11, '021/207.73.72', NULL, 0, 0, '', 139, NULL),
(1857, 7, 'buildingtechnologies.ro@siemens.com', NULL, 0, 0, '', 139, NULL),
(1858, 8, 'http://www.buildingtechnologies.siemens.com', NULL, 0, 0, '', 139, NULL),
(1859, 9, '', NULL, 0, 0, '', 139, NULL),
(1860, 12, '', NULL, 0, 0, '', 139, NULL),
(1861, 14, 'echipamente si sisteme de administrare pentru instalatii de incalzire, ventilatie, climatizare si conditionare a aerului, termoficare si management cladiri', NULL, 0, 0, '', 139, NULL),
(1862, 16, '', NULL, 0, 0, '', 139, NULL),
(1863, 5, '', NULL, 0, 0, '', 139, NULL),
(1864, 2, '', NULL, 0, 0, '', 115, NULL),
(1865, 16, '', NULL, 0, 0, '', 115, NULL),
(1866, 5, '', NULL, 0, 0, '', 115, NULL),
(1867, 16, '', NULL, 0, 0, '', 116, NULL),
(1868, 15, '1347483', NULL, 0, 0, '', 140, NULL),
(1869, 1, 'Str. Pompelor nr. 6', NULL, 0, 0, '', 140, NULL),
(1870, 3, 'Ploiesti', NULL, 0, 0, '', 140, NULL),
(1871, 4, 'Prahova', NULL, 0, 0, '', 140, NULL),
(1872, 2, '100144', NULL, 0, 0, '', 140, NULL),
(1873, 10, '0244/522.004', NULL, 0, 0, '', 140, NULL),
(1874, 11, '0244/522.004', NULL, 0, 0, '', 140, NULL),
(1875, 5, '0730-333.957', NULL, 0, 0, '', 140, NULL),
(1876, 7, 'calliope.prod@ploiesti.astral.ro', NULL, 0, 0, '', 140, NULL),
(1877, 8, 'http://www.calliope-ploiesti.ro', NULL, 0, 0, '', 140, NULL),
(1878, 14, 'producator tamplarie PVC si aluminiu, balustrade din aluminiu, geam termoizolant si sablat, jaluzele verticale si orizontale', NULL, 0, 0, '', 140, NULL),
(1879, 16, '', NULL, 0, 0, '', 140, NULL),
(1880, 9, '', NULL, 0, 0, '', 140, NULL),
(1881, 12, '', NULL, 0, 0, '', 140, NULL),
(1882, 15, '9558826', NULL, 0, 0, '', 141, NULL),
(1883, 1, 'DN 22 B km. 3', NULL, 0, 0, '', 141, NULL),
(1884, 3, 'Navodari', NULL, 0, 0, '', 141, NULL),
(1885, 4, 'Constanta', NULL, 0, 0, '', 141, NULL),
(1886, 2, '905700', NULL, 0, 0, '', 141, NULL),
(1887, 10, '0241/255.696', NULL, 0, 0, '', 141, NULL),
(1888, 11, '0241/255.336', NULL, 0, 0, '', 141, NULL),
(1889, 7, 'alprof@zappmobile.ro', NULL, 0, 0, '', 141, NULL),
(1890, 8, 'http://www.alprof.ro', NULL, 0, 0, '', 141, NULL),
(1891, 14, 'sisteme de profile din aluminiu pentru ferestre si usi, profile tipizate', NULL, 0, 0, '', 141, NULL),
(1892, 15, '14335189', NULL, 0, 0, '', 142, NULL),
(1893, 1, 'B-dul Marasti nr.59', NULL, 0, 0, '', 142, NULL),
(1894, 3, 'Bucuresti', NULL, 0, 0, '', 142, NULL),
(1895, 4, 'Sector 1', NULL, 0, 0, '', 142, NULL),
(1896, 2, '011464', NULL, 0, 0, '', 142, NULL),
(1897, 10, '021/318.46.66', NULL, 0, 0, '', 142, NULL),
(1898, 11, '021/318.46.61', NULL, 0, 0, '', 142, NULL),
(1899, 5, '0727-225.804', NULL, 0, 0, '', 142, NULL),
(1900, 7, 'officeplacari@moteco.ro', NULL, 0, 0, '', 142, NULL),
(1901, 8, 'http://www.moteco.ro', NULL, 0, 0, '', 142, NULL),
(1902, 16, '', NULL, 0, 0, '', 142, NULL),
(1903, 9, '', NULL, 0, 0, '', 142, NULL),
(1904, 12, '', NULL, 0, 0, '', 142, NULL),
(1905, 14, '', NULL, 0, 0, '', 142, NULL),
(1906, 16, '', NULL, 0, 0, '', 141, NULL),
(1907, 5, '', NULL, 0, 0, '', 141, NULL),
(1908, 9, '', NULL, 0, 0, '', 141, NULL),
(1909, 12, '', NULL, 0, 0, '', 141, NULL),
(1910, 15, '20607050', NULL, 0, 0, '', 143, NULL),
(1911, 1, 'Str. Carol Davila nr. 105-107', NULL, 0, 0, '', 143, NULL),
(1912, 3, 'Bucuresti', NULL, 0, 0, '', 143, NULL),
(1913, 4, 'Sector 5', NULL, 0, 0, '', 143, NULL),
(1914, 10, '031/805.99.41', NULL, 0, 0, '', 143, NULL),
(1915, 11, '031/805.98.53', NULL, 0, 0, '', 143, NULL),
(1916, 5, '0744-707.021', NULL, 0, 0, '', 143, NULL),
(1917, 7, 'office@evro.ro', NULL, 0, 0, '', 143, NULL),
(1918, 8, 'http://www.evro.ro', NULL, 0, 0, '', 143, NULL),
(1919, 9, '', NULL, 0, 0, '', 143, NULL),
(1920, 12, '', NULL, 0, 0, '', 143, NULL),
(1921, 14, 'echipamente de filtrare a apei potabile si uzate, instrumente de producere a apei reci, calde si carbogazoase', NULL, 0, 0, '', 143, NULL),
(1922, 2, '', NULL, 0, 0, '', 143, NULL),
(1923, 16, '', NULL, 0, 0, '', 143, NULL),
(1924, 15, '22886600', NULL, 0, 0, '', 144, NULL),
(1925, 1, 'Str. Ion Ionescu de la Brad nr. 4', NULL, 0, 0, '', 144, NULL),
(1926, 3, 'Bucuresti', NULL, 0, 0, '', 144, NULL),
(1927, 4, 'Sector 1', NULL, 0, 0, '', 144, NULL),
(1928, 10, '031/730.73.04', NULL, 0, 0, '', 144, NULL),
(1929, 11, '031/730.73.06', NULL, 0, 0, '', 144, NULL),
(1930, 5, '0728-290.202', NULL, 0, 0, '', 144, NULL),
(1931, 7, 'material-handling@terra-romania.ro', NULL, 0, 0, '', 144, NULL),
(1932, 8, 'http://www.terra-romania.ro', NULL, 0, 0, '', 144, NULL),
(1933, 9, 'Florin Popescu', NULL, 0, 0, '', 144, NULL),
(1934, 12, 'Director General', NULL, 0, 0, '', 144, NULL),
(1935, 14, 'motostivuitoare Diesel si GPL, electrostivuitoare, stivuitoare laterale, echipamente telescopice, echipamente pentru depozite, transpaleti, reach-truck', NULL, 0, 0, '', 144, NULL),
(1936, 2, '', NULL, 0, 0, '', 144, NULL),
(1937, 16, '', NULL, 0, 0, '', 144, NULL),
(1938, 15, '6503354', NULL, 0, 0, '', 145, NULL),
(1939, 1, 'Sos. Stefan cel Mare nr. 238, bl. 59B, sc. 1, ap. 21', NULL, 0, 0, '', 145, NULL),
(1940, 3, 'Bucuresti', NULL, 0, 0, '', 145, NULL),
(1941, 4, 'Sector 2', NULL, 0, 0, '', 145, NULL),
(1942, 10, '11', NULL, 0, 0, '', 145, NULL),
(1943, 11, '021/619.14.09', NULL, 0, 0, '', 145, NULL),
(1944, 5, '0745-980.311', NULL, 0, 0, '', 145, NULL),
(1945, 7, 'cosid_continvest@yahoo.com', NULL, 0, 0, '', 145, NULL),
(1946, 9, 'Paun Ion', NULL, 0, 0, '', 145, NULL),
(1947, 12, 'Administrator', NULL, 0, 0, '', 145, NULL),
(1948, 14, 'importator-distribuitor: ventilatoare standard, cu jaluzea, cu timer, cu site vizitare (15 dimensiuni de la 15 x 15 la 45 x 45), grile de aerisire simple si cu jaluzea', NULL, 0, 0, '', 145, NULL),
(1949, 2, '', NULL, 0, 0, '', 145, NULL),
(1950, 16, '', NULL, 0, 0, '', 145, NULL),
(1951, 8, '', NULL, 0, 0, '', 145, NULL),
(1952, 15, '16519803', NULL, 0, 0, '', 146, NULL),
(1953, 1, 'Str. Granicerilor nr. 77 A', NULL, 0, 0, '', 146, NULL),
(1954, 3, 'Baia Mare', NULL, 0, 0, '', 146, NULL),
(1955, 4, 'Maramures', NULL, 0, 0, '', 146, NULL),
(1956, 2, '430362', NULL, 0, 0, '', 146, NULL),
(1957, 10, '0262/259.256', NULL, 0, 0, '', 146, NULL),
(1958, 11, '0262/259.256', NULL, 0, 0, '', 146, NULL),
(1959, 7, 'office@drupanel.ro', NULL, 0, 0, '', 146, NULL),
(1960, 8, 'http://www.drupanel.ro', NULL, 0, 0, '', 146, NULL);
INSERT INTO `pptt_director_fields_data` (`id`, `fieldid`, `data_txt`, `data_bool`, `data_int`, `data_float`, `data_char`, `itemid`, `expiration`) VALUES
(1961, 14, 'producator de paneluri pentru usi', NULL, 0, 0, '', 146, NULL),
(1962, 15, '12423756', NULL, 0, 0, '', 147, NULL),
(1963, 1, 'Sos. de Centura nr. 8', NULL, 0, 0, '', 147, NULL),
(1964, 3, 'Voluntari', NULL, 0, 0, '', 147, NULL),
(1965, 4, 'Ilfov', NULL, 0, 0, '', 147, NULL),
(1966, 2, '077010', NULL, 0, 0, '', 147, NULL),
(1967, 10, '021/350.33.83', NULL, 0, 0, '', 147, NULL),
(1968, 11, '021/350.33.83', NULL, 0, 0, '', 147, NULL),
(1969, 7, 'office@everest-int.ro', NULL, 0, 0, '', 147, NULL),
(1970, 8, 'http://everest-int.ro', NULL, 0, 0, '', 147, NULL),
(1971, 15, '10060263', NULL, 0, 0, '', 148, NULL),
(1972, 1, 'Str. 1 Decembrie 1918 nr. 57 B', NULL, 0, 0, '', 148, NULL),
(1973, 3, 'Beius', NULL, 0, 0, '', 148, NULL),
(1974, 4, 'Bihor', NULL, 0, 0, '', 148, NULL),
(1975, 2, '415200', NULL, 0, 0, '', 148, NULL),
(1976, 10, '0259/322.953', NULL, 0, 0, '', 148, NULL),
(1977, 11, '0259/406.371', NULL, 0, 0, '', 148, NULL),
(1978, 7, 'office@cedruprod.ro', NULL, 0, 0, '', 148, NULL),
(1979, 8, 'http://www.cedruprod.ro', NULL, 0, 0, '', 148, NULL),
(1980, 15, '10060263', NULL, 0, 0, '', 149, NULL),
(1981, 1, 'Str. Nicolae Iorga nr. 10, Bl. 10, Sc. B, Ap. 7', NULL, 0, 0, '', 149, NULL),
(1982, 3, 'Sfantu Gheorghe', NULL, 0, 0, '', 149, NULL),
(1983, 4, 'Covasna', NULL, 0, 0, '', 149, NULL),
(1984, 2, '520089', NULL, 0, 0, '', 149, NULL),
(1985, 10, '0267/312.938', NULL, 0, 0, '', 149, NULL),
(1986, 11, '0267/312.938', NULL, 0, 0, '', 149, NULL),
(1987, 7, 'office@orbansoft.ro', NULL, 0, 0, '', 149, NULL),
(1988, 8, 'http://www.orbansoft.ro', NULL, 0, 0, '', 149, NULL),
(1989, 14, 'Soft pentru ofertarea si productia ferestrelor din PVC sau aluminiu.', NULL, 0, 0, '', 149, NULL),
(1990, 16, '', NULL, 0, 0, '', 148, NULL),
(1991, 5, '', NULL, 0, 0, '', 148, NULL),
(1992, 9, '', NULL, 0, 0, '', 148, NULL),
(1993, 12, '', NULL, 0, 0, '', 148, NULL),
(1994, 14, '', NULL, 0, 0, '', 148, NULL),
(1995, 16, '', NULL, 0, 0, '', 147, NULL),
(1996, 5, '', NULL, 0, 0, '', 147, NULL),
(1997, 9, '', NULL, 0, 0, '', 147, NULL),
(1998, 12, '', NULL, 0, 0, '', 147, NULL),
(1999, 14, '', NULL, 0, 0, '', 147, NULL),
(2000, 15, '13417272', NULL, 0, 0, '', 150, NULL),
(2001, 1, 'Str. Gradinitei nr. 1', NULL, 0, 0, '', 150, NULL),
(2002, 3, 'Pascani', NULL, 0, 0, '', 150, NULL),
(2003, 4, 'Iasi', NULL, 0, 0, '', 150, NULL),
(2004, 10, '0232/760.050', NULL, 0, 0, '', 150, NULL),
(2005, 16, '08008.83766', NULL, 0, 0, '', 150, NULL),
(2006, 11, '0232/760.040', NULL, 0, 0, '', 150, NULL),
(2007, 7, 'office@wgb.ro', NULL, 0, 0, '', 150, NULL),
(2008, 8, 'http://www.wgb.ro', NULL, 0, 0, '', 150, NULL),
(2009, 14, 'Tamplarie din PVC si aluminiu', NULL, 0, 0, '', 150, NULL),
(2010, 2, '', NULL, 0, 0, '', 150, NULL),
(2011, 5, '', NULL, 0, 0, '', 150, NULL),
(2012, 9, '', NULL, 0, 0, '', 150, NULL),
(2013, 12, '', NULL, 0, 0, '', 150, NULL),
(2014, 16, '', NULL, 0, 0, '', 149, NULL),
(2015, 5, '', NULL, 0, 0, '', 149, NULL),
(2016, 9, '', NULL, 0, 0, '', 149, NULL),
(2017, 12, '', NULL, 0, 0, '', 149, NULL),
(2018, 5, '', NULL, 0, 0, '', 53, NULL),
(2019, 9, '', NULL, 0, 0, '', 53, NULL),
(2020, 12, '', NULL, 0, 0, '', 53, NULL),
(2035, 15, '3324761', NULL, 0, 0, '', 152, NULL),
(2036, 1, 'Str. Serg. Apostol Constantin nr. 10', NULL, 0, 0, '', 152, NULL),
(2037, 3, 'Bucuresti', NULL, 0, 0, '', 152, NULL),
(2038, 4, 'Sector 6', NULL, 0, 0, '', 152, NULL),
(2039, 2, '061461', NULL, 0, 0, '', 152, NULL),
(2040, 10, '021/413.23.46', NULL, 0, 0, '', 152, NULL),
(2041, 16, '021/413.23.48', NULL, 0, 0, '', 152, NULL),
(2042, 11, '021/413.23.19', NULL, 0, 0, '', 152, NULL),
(2043, 5, '0745-117.234', NULL, 0, 0, '', 152, NULL),
(2044, 7, 'dragos.rizea@besta.ro', NULL, 0, 0, '', 152, NULL),
(2045, 8, 'http://www.besta.ro', NULL, 0, 0, '', 152, NULL),
(2046, 9, 'Rizea Dragos', NULL, 0, 0, '', 152, NULL),
(2047, 12, 'Director Marketing', NULL, 0, 0, '', 152, NULL),
(2048, 14, 'Comercializare profile si tevi din inox, tabla neagra si zincata, europrofile, profile mici, mijlocii si grele, otel lat si patrat, sarma neagra si zincata, plase sudate, panouri de gard bordurat, otel beton neted si profilat', NULL, 0, 0, '', 152, NULL),
(2049, 15, '15379680', NULL, 0, 0, '', 153, NULL),
(2050, 1, 'Str. Carierei nr. 127A', NULL, 0, 0, '', 153, NULL),
(2051, 3, 'Brasov', NULL, 0, 0, '', 153, NULL),
(2052, 4, 'Brasov', NULL, 0, 0, '', 153, NULL),
(2053, 2, '5000052', NULL, 0, 0, '', 153, NULL),
(2054, 10, '0268/417.103', NULL, 0, 0, '', 153, NULL),
(2055, 11, '0268/419.234', NULL, 0, 0, '', 153, NULL),
(2056, 7, 'office@carmeuse.ro', NULL, 0, 0, '', 153, NULL),
(2057, 8, 'http://www.carmeuse.ro', NULL, 0, 0, '', 153, NULL),
(2058, 9, 'Marius Nastase', NULL, 0, 0, '', 153, NULL),
(2059, 12, 'Director Executiv', NULL, 0, 0, '', 153, NULL),
(2060, 14, 'producerea si comercializarea varului; var hidratat pentru constructii si var pentru stabilizarea solurilor', NULL, 0, 0, '', 153, NULL),
(2061, 15, '15455051', NULL, 0, 0, '', 154, NULL),
(2062, 1, 'Calea Dorobantilor nr. 168', NULL, 0, 0, '', 154, NULL),
(2063, 3, 'Bucuresti', NULL, 0, 0, '', 154, NULL),
(2064, 4, 'Sector1', NULL, 0, 0, '', 154, NULL),
(2065, 2, '010581', NULL, 0, 0, '', 154, NULL),
(2066, 10, '0726-352.916', NULL, 0, 0, '', 154, NULL),
(2067, 11, '021/361.55.18', NULL, 0, 0, '', 154, NULL),
(2068, 5, '0726.352.916', NULL, 0, 0, '', 154, NULL),
(2069, 7, 'rotaru@azzurra.ro', NULL, 0, 0, '', 154, NULL),
(2070, 8, 'http://www.azzurra.ro', NULL, 0, 0, '', 154, NULL),
(2071, 9, 'Rotaru Larisa', NULL, 0, 0, '', 154, NULL),
(2072, 12, 'Director Comercial', NULL, 0, 0, '', 154, NULL),
(2073, 14, 'Vanzare si inchiriere schele pentru fatade,schele pentru constructii, nacele, platforme, autoridicatoare pentru lucru la inaltime, utilaje pentru constructii, echipamente manipulare santier,ascensoare pentru persoane si marfa, bob lifturi pentru santier, macarale, scari rulante', NULL, 0, 0, '', 154, NULL),
(2074, 16, '021.361.55.23', NULL, 0, 0, '', 154, NULL),
(2075, 5, '', NULL, 0, 0, '', 68, NULL),
(2076, 9, '', NULL, 0, 0, '', 68, NULL),
(2077, 12, '', NULL, 0, 0, '', 68, NULL),
(2078, 15, 'RO 2005144', NULL, 0, 0, '', 155, NULL),
(2079, 1, 'Turturesti', NULL, 0, 0, '', 155, NULL),
(2080, 3, 'Turturesti', NULL, 0, 0, '', 155, NULL),
(2081, 4, 'Neamt', NULL, 0, 0, '', 155, NULL),
(2082, 2, '617221', NULL, 0, 0, '', 155, NULL),
(2083, 10, '0233/207.800', NULL, 0, 0, '', 155, NULL),
(2084, 16, '0372/337.800', NULL, 0, 0, '', 155, NULL),
(2085, 11, '0233/234.450', NULL, 0, 0, '', 155, NULL),
(2086, 7, 'office@kober.ro', NULL, 0, 0, '', 155, NULL),
(2087, 8, 'http://www.kober.ro', NULL, 0, 0, '', 155, NULL),
(2088, 9, 'Stefan Barna', NULL, 0, 0, '', 155, NULL),
(2089, 12, 'Director Marketing', NULL, 0, 0, '', 155, NULL),
(2090, 14, 'producator de grunduri, lacuri, vopsele, chituri, diluanti, tencuieli pentru suprafete din lemn, metal, zidarie', NULL, 0, 0, '', 155, NULL),
(2091, 5, '', NULL, 0, 0, '', 155, NULL),
(2092, 15, '16436511', NULL, 0, 0, '', 156, NULL),
(2093, 1, 'Str. Uzinelor nr. 12', NULL, 0, 0, '', 156, NULL),
(2094, 3, 'Oradea', NULL, 0, 0, '', 156, NULL),
(2095, 4, 'Bihor', NULL, 0, 0, '', 156, NULL),
(2096, 10, '0359/315.100', NULL, 0, 0, '', 156, NULL),
(2097, 11, '0359/315.177', NULL, 0, 0, '', 156, NULL),
(2098, 7, 'contact@simcor.ro', NULL, 0, 0, '', 156, NULL),
(2099, 8, 'http://www simcor.ro', NULL, 0, 0, '', 156, NULL),
(2100, 14, 'BCA, var, şeminee, cahle presate pentru sobe din teracota, coşuri de fum, elemente prefabricate din beton, stalpi electrici centrifugati si vibrati, pavaje, garduri, etc.', NULL, 0, 0, '', 156, NULL),
(2101, 2, '', NULL, 0, 0, '', 156, NULL),
(2102, 16, '', NULL, 0, 0, '', 156, NULL),
(2103, 5, '', NULL, 0, 0, '', 156, NULL),
(2104, 9, '', NULL, 0, 0, '', 156, NULL),
(2105, 12, '', NULL, 0, 0, '', 156, NULL),
(2106, 15, '14430652', NULL, 0, 0, '', 157, NULL),
(2107, 1, 'Str. Ioan Clopotel nr. 4', NULL, 0, 0, '', 157, NULL),
(2108, 3, 'Brasov', NULL, 0, 0, '', 157, NULL),
(2109, 4, 'Brasov', NULL, 0, 0, '', 157, NULL),
(2110, 2, '500450', NULL, 0, 0, '', 157, NULL),
(2111, 10, '0268/406.212', NULL, 0, 0, '', 157, NULL),
(2112, 11, '0268/406.213', NULL, 0, 0, '', 157, NULL),
(2113, 7, 'office.brasov@ro.sika.com', NULL, 0, 0, '', 157, NULL),
(2114, 8, 'http://www.sika.ro', NULL, 0, 0, '', 157, NULL),
(2115, 14, 'aditivi pentru betoane, torcrete si mortare; sisteme de reparatii, protectii si consolidari in constructii; membrane PVC, sigilanti si adezivi', NULL, 0, 0, '', 157, NULL),
(2116, 16, '', NULL, 0, 0, '', 157, NULL),
(2117, 5, '', NULL, 0, 0, '', 157, NULL),
(2118, 9, '', NULL, 0, 0, '', 157, NULL),
(2119, 12, '', NULL, 0, 0, '', 157, NULL),
(2120, 15, '384548', NULL, 0, 0, '', 158, NULL),
(2121, 1, 'Bd. Marasesti nr. 43', NULL, 0, 0, '', 158, NULL),
(2122, 3, 'Bucuresti', NULL, 0, 0, '', 158, NULL),
(2123, 4, 'Sector 1', NULL, 0, 0, '', 158, NULL),
(2124, 2, '040251', NULL, 0, 0, '', 158, NULL),
(2125, 10, '021/336.54.45', NULL, 0, 0, '', 158, NULL),
(2126, 11, '021/336.03.95', NULL, 0, 0, '', 158, NULL),
(2127, 5, '0728.22.00.79', NULL, 0, 0, '', 158, NULL),
(2128, 7, 'cristina.ortinsky@mediator.com.ro', NULL, 0, 0, '', 158, NULL),
(2129, 8, 'http://www.mediator.com.ro', NULL, 0, 0, '', 158, NULL),
(2130, 9, 'Cristina Ortinsky', NULL, 0, 0, '', 158, NULL),
(2131, 12, 'Coordonator Vanzari', NULL, 0, 0, '', 158, NULL),
(2132, 14, 'Mediator Co. Ltd. activeaza din anul 1991 in domeniul comercializarii produselor profesionale de vopsire, oferind, totodata, asistenta tehnica, solutii si sisteme specializate, in conditii de calitate si promptitudine. Mediator Co. Ltd. activeaza ca agent in Romania al unor companii internationale producatoare de vopsele industriale, navale, decorative sau pentru marcaje rutiere.', NULL, 0, 0, '', 158, NULL),
(2133, 16, '', NULL, 0, 0, '', 158, NULL),
(2134, 16, '', NULL, 0, 0, '', 146, NULL),
(2135, 5, '', NULL, 0, 0, '', 146, NULL),
(2136, 9, '', NULL, 0, 0, '', 146, NULL),
(2137, 12, '', NULL, 0, 0, '', 146, NULL),
(2138, 15, '5340801', NULL, 0, 0, '', 159, NULL),
(2139, 1, 'Str. Ion Ionescu de la Brad nr. 1A, Et. 5', NULL, 0, 0, '', 159, NULL);
INSERT INTO `pptt_director_fields_data` (`id`, `fieldid`, `data_txt`, `data_bool`, `data_int`, `data_float`, `data_char`, `itemid`, `expiration`) VALUES
(2140, 3, 'Bucuresti', NULL, 0, 0, '', 159, NULL),
(2141, 4, 'sector 1', NULL, 0, 0, '', 159, NULL),
(2142, 2, '013811', NULL, 0, 0, '', 159, NULL),
(2143, 10, '031/405.65.36', NULL, 0, 0, '', 159, NULL),
(2144, 11, '031/405.59.80', NULL, 0, 0, '', 159, NULL),
(2145, 7, 'office.bm@arabesque.ro', NULL, 0, 0, '', 159, NULL),
(2146, 8, 'http://www.arabesque.ro', NULL, 0, 0, '', 159, NULL),
(2147, 14, 'materiale de constructii si finisaje', NULL, 0, 0, '', 159, NULL),
(2148, 15, 'RO4772216', NULL, 0, 0, '', 160, NULL),
(2149, 1, 'Str. Odei nr. 6', NULL, 0, 0, '', 160, NULL),
(2150, 3, 'Bucuresti', NULL, 0, 0, '', 160, NULL),
(2151, 4, 'sector 4', NULL, 0, 0, '', 160, NULL),
(2152, 2, '040994', NULL, 0, 0, '', 160, NULL),
(2153, 10, '021/450.46.90', NULL, 0, 0, '', 160, NULL),
(2154, 11, '021/450.46.91', NULL, 0, 0, '', 160, NULL),
(2155, 7, 'marketing@comprestgim.ro', NULL, 0, 0, '', 160, NULL),
(2156, 8, 'http://www.comprestgim.ro', NULL, 0, 0, '', 160, NULL),
(2157, 14, 'teava, tabla, otel beton, BCA, caramida, ciment', NULL, 0, 0, '', 160, NULL),
(2158, 15, 'bla', NULL, 0, 0, '', 161, NULL),
(2159, 1, 'Punct de lucru: Str. Prelungirea Bucuresti nr.2-4', NULL, 0, 0, '', 161, NULL),
(2160, 3, 'Calarasi', NULL, 0, 0, '', 161, NULL),
(2161, 4, 'Calarasi', NULL, 0, 0, '', 161, NULL),
(2162, 2, '910125', NULL, 0, 0, '', 161, NULL),
(2163, 10, '0242-311.715', NULL, 0, 0, '', 161, NULL),
(2164, 11, '0242-318.975', NULL, 0, 0, '', 161, NULL),
(2165, 7, 'office@prefab.ro', NULL, 0, 0, '', 161, NULL),
(2166, 8, 'http://www.prefab.ro', NULL, 0, 0, '', 161, NULL),
(2167, 14, 'producator BCA, tuburi, garaje, confectii metalice, prefabricate din beton, stalpi LEA, grinzi, beton', NULL, 0, 0, '', 161, NULL),
(2168, 15, 'RO11882475', NULL, 0, 0, '', 162, NULL),
(2169, 1, 'Str. Varianta Nord nr. 4 bis', NULL, 0, 0, '', 162, NULL),
(2170, 3, 'Calarasi', NULL, 0, 0, '', 162, NULL),
(2171, 4, 'Calarasi', NULL, 0, 0, '', 162, NULL),
(2172, 2, '910053', NULL, 0, 0, '', 162, NULL),
(2173, 10, '0242/305.217', NULL, 0, 0, '', 162, NULL),
(2174, 16, '0242/305.195', NULL, 0, 0, '', 162, NULL),
(2175, 11, '0242/305.111', NULL, 0, 0, '', 162, NULL),
(2176, 7, 'www.saint-gobain-glass.ro', NULL, 0, 0, '', 162, NULL),
(2177, 8, 'http://www.saint-gobain-glass.ro', NULL, 0, 0, '', 162, NULL),
(2178, 14, 'producator sticla', NULL, 0, 0, '', 162, NULL),
(2190, 15, 'bla', NULL, 0, 0, '', 164, NULL),
(2191, 1, 'B-dul  Metalurgiei nr. 85', NULL, 0, 0, '', 164, NULL),
(2192, 3, 'Bucuresti', NULL, 0, 0, '', 164, NULL),
(2193, 4, 'Sector 4', NULL, 0, 0, '', 164, NULL),
(2194, 2, '041832', NULL, 0, 0, '', 164, NULL),
(2195, 10, '021/306.02.81', NULL, 0, 0, '', 164, NULL),
(2196, 11, '021/306.02.84', NULL, 0, 0, '', 164, NULL),
(2197, 7, 'minex@minex.ro', NULL, 0, 0, '', 164, NULL),
(2198, 8, 'http://minex.ro', NULL, 0, 0, '', 164, NULL),
(2199, 14, 'Distribuitor de echipamente si consumabile in domeniul tratarii suprafetelor.', NULL, 0, 0, '', 164, NULL),
(2200, 16, '', NULL, 0, 0, '', 164, NULL),
(2201, 5, '', NULL, 0, 0, '', 164, NULL),
(2202, 9, '', NULL, 0, 0, '', 164, NULL),
(2203, 12, '', NULL, 0, 0, '', 164, NULL),
(2207, 15, '15473716', NULL, 0, 0, '', 165, NULL),
(2208, 1, 'Str. Beclean nr.229', NULL, 0, 0, '', 165, NULL),
(2209, 3, 'Odorheiu Secuiesc', NULL, 0, 0, '', 165, NULL),
(2210, 4, 'Harghita', NULL, 0, 0, '', 165, NULL),
(2211, 2, '535600', NULL, 0, 0, '', 165, NULL),
(2212, 10, '0266-210.350', NULL, 0, 0, '', 165, NULL),
(2213, 11, '0266-210.440', NULL, 0, 0, '', 165, NULL),
(2214, 7, 'office@tobler.ro', NULL, 0, 0, '', 165, NULL),
(2215, 8, 'http://www.tobler.ro', NULL, 0, 0, '', 165, NULL),
(2216, 14, 'schele metalice pentru constructii', NULL, 0, 0, '', 165, NULL),
(2217, 15, '20882741', NULL, 0, 0, '', 166, NULL),
(2218, 1, 'Sos. Bucuresti nr.18', NULL, 0, 0, '', 166, NULL),
(2219, 3, 'Ciorogarla', NULL, 0, 0, '', 166, NULL),
(2220, 4, 'Ilfov', NULL, 0, 0, '', 166, NULL),
(2221, 2, '077055', NULL, 0, 0, '', 166, NULL),
(2222, 10, '021-318.84.90', NULL, 0, 0, '', 166, NULL),
(2223, 16, '021-318.84.92', NULL, 0, 0, '', 166, NULL),
(2224, 11, '021-318.84.80', NULL, 0, 0, '', 166, NULL),
(2225, 7, 'office@welderomania.ro', NULL, 0, 0, '', 166, NULL),
(2226, 8, 'http://www.welderomania.ro', NULL, 0, 0, '', 166, NULL),
(2227, 14, 'importator si producator: TEGO antiderapant, PFL, popi metalici, TEGO, grinzi cofrare, MDF, OSB', NULL, 0, 0, '', 166, NULL),
(2228, 16, '', NULL, 0, 0, '', 165, NULL),
(2229, 5, '', NULL, 0, 0, '', 165, NULL),
(2230, 9, '', NULL, 0, 0, '', 165, NULL),
(2231, 12, '', NULL, 0, 0, '', 165, NULL),
(2232, 5, '', NULL, 0, 0, '', 166, NULL),
(2233, 9, '', NULL, 0, 0, '', 166, NULL),
(2234, 12, '', NULL, 0, 0, '', 166, NULL),
(2235, 15, '23019860', NULL, 0, 0, '', 167, NULL),
(2236, 1, 'Str. Tiblesului nr. 11', NULL, 0, 0, '', 167, NULL),
(2237, 3, 'Baia Mare', NULL, 0, 0, '', 167, NULL),
(2238, 4, 'MARAMURES', NULL, 0, 0, '', 167, NULL),
(2239, 10, '0262/222.828', NULL, 0, 0, '', 167, NULL),
(2240, 11, '0262/275.944', NULL, 0, 0, '', 167, NULL),
(2241, 7, 'agkompressoren@gmail.com', NULL, 0, 0, '', 167, NULL),
(2242, 8, 'http://www.agkompressoren.ro', NULL, 0, 0, '', 167, NULL),
(2243, 14, 'compresoare, motocompresoare, filtre, uscatoare, separatoare, rezervoare, scule pneumatice, accesorii', NULL, 0, 0, '', 167, NULL),
(2244, 2, '', NULL, 0, 0, '', 167, NULL),
(2245, 16, '', NULL, 0, 0, '', 167, NULL),
(2246, 5, '', NULL, 0, 0, '', 167, NULL),
(2247, 9, '', NULL, 0, 0, '', 167, NULL),
(2248, 12, '', NULL, 0, 0, '', 167, NULL),
(2261, 15, 'bla', NULL, 0, 0, '', 169, NULL),
(2262, 1, 'B-dul Aviatorilor nr. 49, Et. 1, Ap. 2', NULL, 0, 0, '', 169, NULL),
(2263, 3, 'sector 1', NULL, 0, 0, '', 169, NULL),
(2264, 4, 'Bucuresti', NULL, 0, 0, '', 169, NULL),
(2265, 10, '021/222.20.18', NULL, 0, 0, '', 169, NULL),
(2266, 16, '021/222.20.19', NULL, 0, 0, '', 169, NULL),
(2267, 11, '021/222.41.36', NULL, 0, 0, '', 169, NULL),
(2268, 7, 'administrator@agendaconstructiilor.ro', NULL, 0, 0, '', 169, NULL),
(2269, 8, 'http://www.tassullo.ro', NULL, 0, 0, '', 169, NULL),
(2270, 14, 'tehnica si materiale de constructii', NULL, 0, 0, '', 169, NULL),
(2271, 15, 'bla', NULL, 0, 0, '', 170, NULL),
(2272, 1, 'Alea Alexandru nr. 51, et. 1', NULL, 0, 0, '', 170, NULL),
(2273, 3, 'sector 1', NULL, 0, 0, '', 170, NULL),
(2274, 4, 'Bucuresti', NULL, 0, 0, '', 170, NULL),
(2275, 2, '011822', NULL, 0, 0, '', 170, NULL),
(2276, 10, '021/203.47.47', NULL, 0, 0, '', 170, NULL),
(2277, 11, '021/203.47.44', NULL, 0, 0, '', 170, NULL),
(2278, 7, 'office@eternit.ro', NULL, 0, 0, '', 170, NULL),
(2279, 8, 'http://www.cembrit.ro', NULL, 0, 0, '', 170, NULL),
(2280, 14, 'fibrociment pentru acoperisuri si fatade ventilate', NULL, 0, 0, '', 170, NULL),
(2281, 2, '', NULL, 0, 0, '', 169, NULL),
(2282, 5, '', NULL, 0, 0, '', 169, NULL),
(2283, 9, '', NULL, 0, 0, '', 169, NULL),
(2284, 12, '', NULL, 0, 0, '', 169, NULL),
(2285, 16, '', NULL, 0, 0, '', 170, NULL),
(2286, 5, '', NULL, 0, 0, '', 170, NULL),
(2287, 9, '', NULL, 0, 0, '', 170, NULL),
(2288, 12, '', NULL, 0, 0, '', 170, NULL),
(2289, 15, 'bla', NULL, 0, 0, '', 171, NULL),
(2290, 1, 'Str. Gen. Ion Dragalina nr.15', NULL, 0, 0, '', 171, NULL),
(2291, 3, 'sector 5', NULL, 0, 0, '', 171, NULL),
(2292, 4, 'Bucuresti', NULL, 0, 0, '', 171, NULL),
(2293, 2, '050565', NULL, 0, 0, '', 171, NULL),
(2294, 10, '021/319.77.85.', NULL, 0, 0, '', 171, NULL),
(2295, 11, '021/319.77.85.', NULL, 0, 0, '', 171, NULL),
(2296, 7, 'xellaro@xella.com', NULL, 0, 0, '', 171, NULL),
(2297, 8, 'http://www.xella.ro', NULL, 0, 0, '', 171, NULL),
(2298, 14, 'materiale de constructii (blocuri de zidarie YTONG, adeziv, unelte)', NULL, 0, 0, '', 171, NULL),
(2299, 16, '', NULL, 0, 0, '', 171, NULL),
(2300, 5, '', NULL, 0, 0, '', 171, NULL),
(2301, 9, '', NULL, 0, 0, '', 171, NULL),
(2302, 12, '', NULL, 0, 0, '', 171, NULL),
(2303, 15, 'RO15439374', NULL, 0, 0, '', 172, NULL),
(2304, 1, 'Str. Erou Iancu Nicolae nr.158, et.1', NULL, 0, 0, '', 172, NULL),
(2305, 3, 'Voluntari', NULL, 0, 0, '', 172, NULL),
(2306, 4, 'Ilfov', NULL, 0, 0, '', 172, NULL),
(2307, 2, '077190', NULL, 0, 0, '', 172, NULL),
(2308, 10, '021/269.06.63', NULL, 0, 0, '', 172, NULL),
(2309, 11, '021/269.06.64', NULL, 0, 0, '', 172, NULL),
(2310, 7, 'assistance.romania@uralita.com', NULL, 0, 0, '', 172, NULL),
(2311, 8, 'http://www.ursa.ro', NULL, 0, 0, '', 172, NULL),
(2312, 14, 'Materiale fono si termoizolante: vata minerala de sticla si polistiren extrudat.', NULL, 0, 0, '', 172, NULL),
(2313, 16, '', NULL, 0, 0, '', 172, NULL),
(2314, 5, '', NULL, 0, 0, '', 172, NULL),
(2315, 9, '', NULL, 0, 0, '', 172, NULL),
(2316, 12, '', NULL, 0, 0, '', 172, NULL),
(2317, 16, '', NULL, 0, 0, '', 159, NULL),
(2318, 5, '', NULL, 0, 0, '', 159, NULL),
(2319, 9, '', NULL, 0, 0, '', 159, NULL),
(2320, 12, '', NULL, 0, 0, '', 159, NULL),
(2321, 15, '24146837', NULL, 0, 0, '', 173, NULL),
(2322, 1, 'Str. Depozitelor nr. 20', NULL, 0, 0, '', 173, NULL),
(2323, 3, 'Ramnicu Valcea', NULL, 0, 0, '', 173, NULL),
(2324, 4, 'Valcea', NULL, 0, 0, '', 173, NULL),
(2325, 10, '0250-733.331', NULL, 0, 0, '', 173, NULL),
(2326, 11, '0250-733.331', NULL, 0, 0, '', 173, NULL),
(2327, 7, 'office@vartexgrup.ro', NULL, 0, 0, '', 173, NULL),
(2328, 8, 'http://www.vartexgrup.ro', NULL, 0, 0, '', 173, NULL),
(2329, 14, 'producator tamplarie PVC, geam termoizolant, distribuitor profile PVC Cluj-Bistrita', NULL, 0, 0, '', 173, NULL),
(2330, 2, '', NULL, 0, 0, '', 173, NULL),
(2331, 16, '', NULL, 0, 0, '', 173, NULL),
(2332, 5, '', NULL, 0, 0, '', 173, NULL),
(2333, 9, '', NULL, 0, 0, '', 173, NULL),
(2334, 12, '', NULL, 0, 0, '', 173, NULL),
(2335, 15, '5408893', NULL, 0, 0, '', 174, NULL),
(2336, 1, 'Pasajul Mimozelor nr.6, Ap.1', NULL, 0, 0, '', 174, NULL),
(2337, 3, 'Targu Mures', NULL, 0, 0, '', 174, NULL),
(2338, 4, 'Mures', NULL, 0, 0, '', 174, NULL),
(2339, 2, '540008', NULL, 0, 0, '', 174, NULL),
(2340, 10, '0365-433.537', NULL, 0, 0, '', 174, NULL),
(2341, 11, '0365-421.328', NULL, 0, 0, '', 174, NULL),
(2342, 7, 'ungpro@gmail.com', NULL, 0, 0, '', 174, NULL),
(2343, 14, 'proiectare drumuri si poduri', NULL, 0, 0, '', 174, NULL),
(2344, 16, '', NULL, 0, 0, '', 174, NULL);
INSERT INTO `pptt_director_fields_data` (`id`, `fieldid`, `data_txt`, `data_bool`, `data_int`, `data_float`, `data_char`, `itemid`, `expiration`) VALUES
(2345, 5, '', NULL, 0, 0, '', 174, NULL),
(2346, 8, '', NULL, 0, 0, '', 174, NULL),
(2347, 9, '', NULL, 0, 0, '', 174, NULL),
(2348, 12, '', NULL, 0, 0, '', 174, NULL),
(2349, 15, '23011475', NULL, 0, 0, '', 175, NULL),
(2350, 1, 'Str. Obcina Mare nr.1, bl F3, sc.1', NULL, 0, 0, '', 175, NULL),
(2351, 3, 'Bucuresti', NULL, 0, 0, '', 175, NULL),
(2352, 4, 'Sector 6', NULL, 0, 0, '', 175, NULL),
(2353, 10, '0755-091.973', NULL, 0, 0, '', 175, NULL),
(2354, 11, '0755-091.973', NULL, 0, 0, '', 175, NULL),
(2355, 7, 'office@wft.ro', NULL, 0, 0, '', 175, NULL),
(2356, 8, 'http://www.wft.ro', NULL, 0, 0, '', 175, NULL),
(2357, 9, 'Dragos Stoca', NULL, 0, 0, '', 175, NULL),
(2358, 12, 'Director General', NULL, 0, 0, '', 175, NULL),
(2359, 14, 'Servicii de consultanta, proiectare si inginerie pentru lucrari de tamplarie, fatade cortina, luminatoare si constructii metalice.', NULL, 0, 0, '', 175, NULL),
(2360, 15, 'RO24527521', NULL, 0, 0, '', 176, NULL),
(2361, 1, 'Str. Av. Stalpeanu nr. 21A', NULL, 0, 0, '', 176, NULL),
(2362, 3, 'Bucuresti', NULL, 0, 0, '', 176, NULL),
(2363, 4, 'Bucuresti', NULL, 0, 0, '', 176, NULL),
(2364, 2, '012073', NULL, 0, 0, '', 176, NULL),
(2365, 10, '021/224.02.06', NULL, 0, 0, '', 176, NULL),
(2366, 16, '021/224.02.08', NULL, 0, 0, '', 176, NULL),
(2367, 11, '021/224.02.07', NULL, 0, 0, '', 176, NULL),
(2368, 7, 'dana.puiu@knaufinsulation.com', NULL, 0, 0, '', 176, NULL),
(2369, 8, 'http://www.knaufinsulation.ro', NULL, 0, 0, '', 176, NULL),
(2370, 14, 'Produce o gamă completă de produse din vată minerală pentru protecţia termică, fonică şi la incendiu a construcţiilor, oferind soluţii pentru toate tipurile de aplicaţii.', NULL, 0, 0, '', 176, NULL),
(2371, 5, '', NULL, 0, 0, '', 176, NULL),
(2372, 9, '', NULL, 0, 0, '', 176, NULL),
(2373, 12, '', NULL, 0, 0, '', 176, NULL),
(2374, 15, 'RO18939374', NULL, 0, 0, '', 177, NULL),
(2375, 1, 'Str. Gen. Ion Dragalina nr. 14', NULL, 0, 0, '', 177, NULL),
(2376, 3, 'Bucuresti', NULL, 0, 0, '', 177, NULL),
(2377, 4, 'Bucuresti', NULL, 0, 0, '', 177, NULL),
(2378, 10, '+4021.311.78.19', NULL, 0, 0, '', 177, NULL),
(2379, 16, '+4021.311.78.20', NULL, 0, 0, '', 177, NULL),
(2380, 11, '+4021.311.78.21', NULL, 0, 0, '', 177, NULL),
(2381, 7, 'info@mapei.ro', NULL, 0, 0, '', 177, NULL),
(2382, 8, 'http://www.mapei.ro', NULL, 0, 0, '', 177, NULL),
(2383, 14, 'Adezivi pentru constructii, sape, solutii pentru pardoseli, mortare speciale, pardoseli industiale, aditivi pentru betoane.', NULL, 0, 0, '', 177, NULL),
(2384, 2, '', NULL, 0, 0, '', 177, NULL),
(2385, 5, '', NULL, 0, 0, '', 177, NULL),
(2386, 9, '', NULL, 0, 0, '', 177, NULL),
(2387, 12, '', NULL, 0, 0, '', 177, NULL),
(2388, 15, '18676278', NULL, 0, 0, '', 178, NULL),
(2389, 1, 'Str. Justitiei nr. 45, Et. 1', NULL, 0, 0, '', 178, NULL),
(2390, 3, 'Bucuresti', NULL, 0, 0, '', 178, NULL),
(2391, 4, 'Sector 4', NULL, 0, 0, '', 178, NULL),
(2392, 2, '040116', NULL, 0, 0, '', 178, NULL),
(2393, 10, '031-805.74.98', NULL, 0, 0, '', 178, NULL),
(2394, 11, '031-805.74.99', NULL, 0, 0, '', 178, NULL),
(2395, 7, 'ro_contact@icopal.com', NULL, 0, 0, '', 178, NULL),
(2396, 8, 'http://icopal.ro', NULL, 0, 0, '', 178, NULL),
(2397, 14, 'materiale de constructii, izolatii', NULL, 0, 0, '', 178, NULL),
(2398, 16, '', NULL, 0, 0, '', 178, NULL),
(2399, 5, '', NULL, 0, 0, '', 178, NULL),
(2400, 9, '', NULL, 0, 0, '', 178, NULL),
(2401, 12, '', NULL, 0, 0, '', 178, NULL),
(2402, 15, '16344329', NULL, 0, 0, '', 179, NULL),
(2403, 1, 'Str. T. Vladimirescu, DN 79/A, FN', NULL, 0, 0, '', 179, NULL),
(2404, 3, 'Chisineu Cris', NULL, 0, 0, '', 179, NULL),
(2405, 4, 'Arad', NULL, 0, 0, '', 179, NULL),
(2406, 2, '315100', NULL, 0, 0, '', 179, NULL),
(2407, 10, '0040 257 307 800', NULL, 0, 0, '', 179, NULL),
(2408, 11, '0040 257 351 570', NULL, 0, 0, '', 179, NULL),
(2409, 7, 'office.sapa.ro@sapagroup.com', NULL, 0, 0, '', 179, NULL),
(2410, 8, 'http://www.sapagroup.com; www.sapabuildingsystem.com', NULL, 0, 0, '', 179, NULL),
(2411, 14, 'Producator de profile extrudate din aluminiu,  sisteme complete de tamplarie termoizolanta din aluminiu, usi si ferestre, pereti cortina.', NULL, 0, 0, '', 179, NULL),
(2412, 15, '16344329', NULL, 0, 0, '', 180, NULL),
(2413, 1, 'Bd. Mircea Voda nr. 24, etaj. III - European Business Center', NULL, 0, 0, '', 180, NULL),
(2414, 3, 'Bucuresti', NULL, 0, 0, '', 180, NULL),
(2415, 4, 'Sector 3', NULL, 0, 0, '', 180, NULL),
(2416, 2, '030662', NULL, 0, 0, '', 180, NULL),
(2417, 10, '0040 21 302 37 15', NULL, 0, 0, '', 180, NULL),
(2418, 11, '0040 21 302 37 14', NULL, 0, 0, '', 180, NULL),
(2419, 7, 'office.sapa.ro@sapagroup.com', NULL, 0, 0, '', 180, NULL),
(2420, 8, 'http://www.sapagroup.com; www.sapabuildingsystem.com', NULL, 0, 0, '', 180, NULL),
(2421, 14, 'Producator de profile extrudate din aluminiu, sisteme complete de tamplarie termoizolanta din aluminiu, usi si ferestre, pereti cortina.', NULL, 0, 0, '', 180, NULL),
(2422, 16, '', NULL, 0, 0, '', 179, NULL),
(2423, 5, '', NULL, 0, 0, '', 179, NULL),
(2424, 9, '', NULL, 0, 0, '', 179, NULL),
(2425, 12, '', NULL, 0, 0, '', 179, NULL),
(2426, 16, '', NULL, 0, 0, '', 180, NULL),
(2427, 5, '', NULL, 0, 0, '', 180, NULL),
(2428, 9, '', NULL, 0, 0, '', 180, NULL),
(2429, 12, '', NULL, 0, 0, '', 180, NULL),
(2430, 2, '', NULL, 0, 0, '', 175, NULL),
(2431, 16, '', NULL, 0, 0, '', 175, NULL),
(2432, 5, '', NULL, 0, 0, '', 175, NULL),
(2433, 15, '9975831', NULL, 0, 0, '', 181, NULL),
(2434, 1, 'Str. Spatarul Mihai nr.12', NULL, 0, 0, '', 181, NULL),
(2435, 3, 'Bucuresti', NULL, 0, 0, '', 181, NULL),
(2436, 4, 'Sector 2', NULL, 0, 0, '', 181, NULL),
(2437, 2, '020668', NULL, 0, 0, '', 181, NULL),
(2438, 10, '0744-545.502', NULL, 0, 0, '', 181, NULL),
(2439, 11, '0740-711.201', NULL, 0, 0, '', 181, NULL),
(2440, 7, 'office@coloseum.ro', NULL, 0, 0, '', 181, NULL),
(2441, 8, 'http://www.coloseum.ro', NULL, 0, 0, '', 181, NULL),
(2442, 14, 'Materiale pentru pereti cortina, geam termoizolant, tamplarie PVC si aluminiu; sigilanti si adezivi siliconici, benzi pentru termo si hidroizolatii, spuma poliuretanica, poliuretan, tiokol, butil, sisteme fixare.', NULL, 0, 0, '', 181, NULL),
(2457, 15, 'RO4215436', NULL, 0, 0, '', 183, NULL),
(2458, 1, 'Str.Traian Vuia nr. 208', NULL, 0, 0, '', 183, NULL),
(2459, 3, 'Cluj-Napoca', NULL, 0, 0, '', 183, NULL),
(2460, 4, 'Cluj', NULL, 0, 0, '', 183, NULL),
(2461, 10, '0264-274.014', NULL, 0, 0, '', 183, NULL),
(2462, 11, '0264-274.015', NULL, 0, 0, '', 183, NULL),
(2463, 7, 'aluterm@aluterm.ro', NULL, 0, 0, '', 183, NULL),
(2464, 8, 'http://www.aluterm.ro', NULL, 0, 0, '', 183, NULL),
(2465, 14, 'Placi din policarbonat (pentru luminatoare, copertine, etc.), luminatoare continue din policarbonat, sisteme de trape de fum pentru hale, depozite, etc.', NULL, 0, 0, '', 183, NULL),
(2466, 15, '15455051', NULL, 0, 0, '', 184, NULL),
(2467, 1, 'Str. Sf. Petru si Pavel nr. 1', NULL, 0, 0, '', 184, NULL),
(2468, 3, 'popesti-leordeni', NULL, 0, 0, '', 184, NULL),
(2469, 4, 'Ilfov', NULL, 0, 0, '', 184, NULL),
(2470, 2, '077160', NULL, 0, 0, '', 184, NULL),
(2471, 10, '021/231.57.78', NULL, 0, 0, '', 184, NULL),
(2472, 16, '021/231.57.79', NULL, 0, 0, '', 184, NULL),
(2473, 11, '021/231.33.06', NULL, 0, 0, '', 184, NULL),
(2474, 7, 'office@azzurracomimpex.ro', NULL, 0, 0, '', 184, NULL),
(2475, 8, 'http://www.azzurracomimpex.ro', NULL, 0, 0, '', 184, NULL),
(2476, 14, 'Vanzare-inchiriere platforme autoridicatoare: latime 80, 100, 120, 170 cm, lungime maxima 40 metri, inaltime maxima 200 metri bob lifturi si ascensoare de santier-capacitate: 750, 1000, 1200, 1700 kg', NULL, 0, 0, '', 184, NULL),
(2477, 15, '3272859', NULL, 0, 0, '', 185, NULL),
(2478, 1, 'Str. Viitorului nr. 48', NULL, 0, 0, '', 185, NULL),
(2479, 3, 'BUCURESTI', NULL, 0, 0, '', 185, NULL),
(2480, 4, 'sector 2', NULL, 0, 0, '', 185, NULL),
(2481, 2, '020614', NULL, 0, 0, '', 185, NULL),
(2482, 10, '021/211.82.24', NULL, 0, 0, '', 185, NULL),
(2483, 11, '021/211.82.24', NULL, 0, 0, '', 185, NULL),
(2484, 5, '0752-032.217', NULL, 0, 0, '', 185, NULL),
(2485, 7, 'office@deccons.ro', NULL, 0, 0, '', 185, NULL),
(2486, 8, 'http://www.deccons.ro', NULL, 0, 0, '', 185, NULL),
(2487, 14, 'depozit de materiale de constructii, amenajari interioare', NULL, 0, 0, '', 185, NULL),
(2488, 15, '23311367', NULL, 0, 0, '', 186, NULL),
(2489, 1, 'Sos. Odai nr. 117-123', NULL, 0, 0, '', 186, NULL),
(2490, 3, 'Bucuresti', NULL, 0, 0, '', 186, NULL),
(2491, 4, 'Sector 1', NULL, 0, 0, '', 186, NULL),
(2492, 2, '013603', NULL, 0, 0, '', 186, NULL),
(2493, 10, '021-315.18.51', NULL, 0, 0, '', 186, NULL),
(2494, 16, '021-315.18.52', NULL, 0, 0, '', 186, NULL),
(2495, 11, '021-315.18.60', NULL, 0, 0, '', 186, NULL),
(2496, 7, 'office@purator.ro', NULL, 0, 0, '', 186, NULL),
(2497, 8, 'http://www.purator.ro', NULL, 0, 0, '', 186, NULL),
(2498, 14, 'separatoare de namol si hidrocarburi/grasimi, capace fonta pentru camine, sisteme de drenaj si de epurare a apelor', NULL, 0, 0, '', 186, NULL),
(2499, 15, '15252812', NULL, 0, 0, '', 187, NULL),
(2500, 1, 'Str. Grigore Cobalcescu nr. 46, cam. 05,', NULL, 0, 0, '', 187, NULL),
(2501, 3, 'Bucuresti', NULL, 0, 0, '', 187, NULL),
(2502, 4, 'sector 1', NULL, 0, 0, '', 187, NULL),
(2503, 10, '0364-262.803', NULL, 0, 0, '', 187, NULL),
(2504, 11, '0364-262.803', NULL, 0, 0, '', 187, NULL),
(2505, 5, '0732-001.232', NULL, 0, 0, '', 187, NULL),
(2506, 7, 'npisel@dyka.ro', NULL, 0, 0, '', 187, NULL),
(2507, 8, 'http://www.dyka.ro', NULL, 0, 0, '', 187, NULL),
(2508, 14, 'sitem de drenare sifonica al apelor pluvicle', NULL, 0, 0, '', 187, NULL),
(2509, 16, '', NULL, 0, 0, '', 181, NULL),
(2510, 5, '', NULL, 0, 0, '', 181, NULL),
(2511, 9, '', NULL, 0, 0, '', 181, NULL),
(2512, 12, '', NULL, 0, 0, '', 181, NULL),
(2513, 15, 'RO16344671', NULL, 0, 0, '', 188, NULL),
(2514, 1, 'Str. Liviu Rebreanu nr. 26', NULL, 0, 0, '', 188, NULL),
(2515, 3, 'Miercurea Ciuc', NULL, 0, 0, '', 188, NULL),
(2516, 4, 'Harghita', NULL, 0, 0, '', 188, NULL),
(2517, 2, '530131', NULL, 0, 0, '', 188, NULL),
(2518, 10, '0266/379.050', NULL, 0, 0, '', 188, NULL);
INSERT INTO `pptt_director_fields_data` (`id`, `fieldid`, `data_txt`, `data_bool`, `data_int`, `data_float`, `data_char`, `itemid`, `expiration`) VALUES
(2519, 11, '0266/372.255', NULL, 0, 0, '', 188, NULL),
(2520, 7, 'office@proaditiv.ro', NULL, 0, 0, '', 188, NULL),
(2521, 8, 'http://www.proaditiv.ro', NULL, 0, 0, '', 188, NULL),
(2522, 9, 'Biro Levente', NULL, 0, 0, '', 188, NULL),
(2523, 12, 'Director', NULL, 0, 0, '', 188, NULL),
(2524, 14, 'distributie materiale de constructii', NULL, 0, 0, '', 188, NULL),
(2525, 15, '19011957', NULL, 0, 0, '', 189, NULL),
(2526, 1, 'Str. W.A. Mozart nr.18', NULL, 0, 0, '', 189, NULL),
(2527, 3, 'Bucuresti', NULL, 0, 0, '', 189, NULL),
(2528, 4, 'sector 2', NULL, 0, 0, '', 189, NULL),
(2529, 10, '021/233.95.58', NULL, 0, 0, '', 189, NULL),
(2530, 11, '031/105.50.95', NULL, 0, 0, '', 189, NULL),
(2531, 7, 'bartecro@bartecro.ro', NULL, 0, 0, '', 189, NULL),
(2532, 8, 'http://incalzirielectrice.ro', NULL, 0, 0, '', 189, NULL),
(2533, 14, 'sisteme de incalziri electrice industriale si domestice', NULL, 0, 0, '', 189, NULL),
(2534, 15, '17203875', NULL, 0, 0, '', 190, NULL),
(2535, 1, 'Str. Albastrelelor nr. 49', NULL, 0, 0, '', 190, NULL),
(2536, 3, 'Brasov', NULL, 0, 0, '', 190, NULL),
(2537, 4, 'Brasov', NULL, 0, 0, '', 190, NULL),
(2538, 10, '0268/410.960', NULL, 0, 0, '', 190, NULL),
(2539, 11, '0268/315.500', NULL, 0, 0, '', 190, NULL),
(2540, 7, 'erencons@eren.ro', NULL, 0, 0, '', 190, NULL),
(2541, 8, 'http://www.eren.ro', NULL, 0, 0, '', 190, NULL),
(2542, 14, 'constructii civile si industriale, pardoseli industriale, montaj confectii metalice, invelitori de tabla, instalatii', NULL, 0, 0, '', 190, NULL),
(2543, 15, '13751697', NULL, 0, 0, '', 191, NULL),
(2544, 1, 'B-dul Basarabiei nr. 256 (Incinta FAUR)', NULL, 0, 0, '', 191, NULL),
(2545, 3, 'Bucuresti', NULL, 0, 0, '', 191, NULL),
(2546, 4, 'Sector 3', NULL, 0, 0, '', 191, NULL),
(2547, 10, '021/255.79.12', NULL, 0, 0, '', 191, NULL),
(2548, 16, '', NULL, 0, 0, '', 191, NULL),
(2549, 11, '021/255.17.41', NULL, 0, 0, '', 191, NULL),
(2550, 7, 'office@koram.ro', NULL, 0, 0, '', 191, NULL),
(2551, 8, 'http://www.koram.ro', NULL, 0, 0, '', 191, NULL),
(2552, 14, 'antreprenor constructii industriale, structuri metalice, panouri termoizolante', NULL, 0, 0, '', 191, NULL),
(2553, 2, '', NULL, 0, 0, '', 189, NULL),
(2554, 16, '', NULL, 0, 0, '', 189, NULL),
(2555, 5, '', NULL, 0, 0, '', 189, NULL),
(2556, 9, '', NULL, 0, 0, '', 189, NULL),
(2557, 12, '', NULL, 0, 0, '', 189, NULL),
(2558, 2, '', NULL, 0, 0, '', 190, NULL),
(2559, 16, '', NULL, 0, 0, '', 190, NULL),
(2560, 5, '', NULL, 0, 0, '', 190, NULL),
(2561, 9, '', NULL, 0, 0, '', 190, NULL),
(2562, 12, '', NULL, 0, 0, '', 190, NULL),
(2563, 2, '', NULL, 0, 0, '', 191, NULL),
(2564, 5, '', NULL, 0, 0, '', 191, NULL),
(2565, 9, '', NULL, 0, 0, '', 191, NULL),
(2566, 12, '', NULL, 0, 0, '', 191, NULL),
(2567, 16, '', NULL, 0, 0, '', 188, NULL),
(2568, 5, '', NULL, 0, 0, '', 188, NULL),
(2569, 5, '', NULL, 0, 0, '', 186, NULL),
(2570, 9, '', NULL, 0, 0, '', 186, NULL),
(2571, 12, '', NULL, 0, 0, '', 186, NULL),
(2572, 15, '1583441', NULL, 0, 0, '', 192, NULL),
(2573, 1, 'B-dul Aromei nr. 82', NULL, 0, 0, '', 192, NULL),
(2574, 3, 'Bucuresti', NULL, 0, 0, '', 192, NULL),
(2575, 4, 'Sector 2', NULL, 0, 0, '', 192, NULL),
(2576, 2, '023786', NULL, 0, 0, '', 192, NULL),
(2577, 10, '021/242.43.04', NULL, 0, 0, '', 192, NULL),
(2578, 16, '021/243.19.56', NULL, 0, 0, '', 192, NULL),
(2579, 11, '021/243.19.57', NULL, 0, 0, '', 192, NULL),
(2580, 7, 'contact@cons-co.ro', NULL, 0, 0, '', 192, NULL),
(2581, 14, 'proiectant general pentru constructii civile , industriale, agricole; proiecte de modernizare, restructurare cladiri industriale si civile', NULL, 0, 0, '', 192, NULL),
(2582, 15, '22934464', NULL, 0, 0, '', 193, NULL),
(2583, 1, 'Nr.33', NULL, 0, 0, '', 193, NULL),
(2584, 3, 'Mosnita Noua', NULL, 0, 0, '', 193, NULL),
(2585, 4, 'Timis', NULL, 0, 0, '', 193, NULL),
(2586, 2, '307285', NULL, 0, 0, '', 193, NULL),
(2587, 10, '0256/270.881', NULL, 0, 0, '', 193, NULL),
(2588, 11, '0256/270.862', NULL, 0, 0, '', 193, NULL),
(2589, 7, 'financiar-contabil@baustern.ro', NULL, 0, 0, '', 193, NULL),
(2590, 8, 'http://www.baustern.ro', NULL, 0, 0, '', 193, NULL),
(2591, 14, 'constructii civile si industriale', NULL, 0, 0, '', 193, NULL),
(2592, 15, '19613440', NULL, 0, 0, '', 194, NULL),
(2593, 1, 'B-dul Muncii nr. 22A, et. 1', NULL, 0, 0, '', 194, NULL),
(2594, 3, 'Brasov', NULL, 0, 0, '', 194, NULL),
(2595, 4, 'Brasov', NULL, 0, 0, '', 194, NULL),
(2596, 2, '500281', NULL, 0, 0, '', 194, NULL),
(2597, 10, '0368/440.745', NULL, 0, 0, '', 194, NULL),
(2598, 11, '0368/440.746', NULL, 0, 0, '', 194, NULL),
(2599, 7, 'office@hti-romania.ro', NULL, 0, 0, '', 194, NULL),
(2600, 8, 'http://hti-romania.ro', NULL, 0, 0, '', 194, NULL),
(2601, 14, 'comercializare conducte, fitinguri si accesorii pentru alimentarile cu apa si gaz, de canalizare, de pregatire si tratare a apei', NULL, 0, 0, '', 194, NULL),
(2602, 5, '', NULL, 0, 0, '', 192, NULL),
(2603, 8, '', NULL, 0, 0, '', 192, NULL),
(2604, 9, '', NULL, 0, 0, '', 192, NULL),
(2605, 12, '', NULL, 0, 0, '', 192, NULL),
(2606, 16, '', NULL, 0, 0, '', 193, NULL),
(2607, 5, '', NULL, 0, 0, '', 193, NULL),
(2608, 9, '', NULL, 0, 0, '', 193, NULL),
(2609, 12, '', NULL, 0, 0, '', 193, NULL),
(2610, 16, '', NULL, 0, 0, '', 194, NULL),
(2611, 5, '', NULL, 0, 0, '', 194, NULL),
(2612, 9, '', NULL, 0, 0, '', 194, NULL),
(2613, 12, '', NULL, 0, 0, '', 194, NULL),
(2614, 15, 'RO23758030', NULL, 0, 0, '', 195, NULL),
(2615, 1, 'Parc Industrial A1 / Cladirea  I 6, Autostrada Bucuresti–Pitesti, Km 13.5', NULL, 0, 0, '', 195, NULL),
(2616, 3, 'Dragomiresti-Deal', NULL, 0, 0, '', 195, NULL),
(2617, 4, 'Ilfov', NULL, 0, 0, '', 195, NULL),
(2618, 2, '077096', NULL, 0, 0, '', 195, NULL),
(2619, 10, '0372/171.800', NULL, 0, 0, '', 195, NULL),
(2620, 11, '0372/171.840', NULL, 0, 0, '', 195, NULL),
(2621, 5, '0732-400.885', NULL, 0, 0, '', 195, NULL),
(2622, 7, 'office@isolier-daemmtechnik.ro', NULL, 0, 0, '', 195, NULL),
(2623, 8, 'http://www.isolier-daemmtechnik.ro', NULL, 0, 0, '', 195, NULL),
(2624, 9, 'Manfred Spendier', NULL, 0, 0, '', 195, NULL),
(2625, 12, 'Director General', NULL, 0, 0, '', 195, NULL),
(2626, 14, 'Distributie izolatii tehnice: - izolatii termice pentru sistemele de incalzire si aer   conditionat, izolatii fonice si protectie la incendii; - izolatii din cauciuc, vata bazaltica, vata de sticla, polietilena pentru conducte, instalatii de ventilatie, rezervoare;', NULL, 0, 0, '', 195, NULL),
(2627, 16, '', NULL, 0, 0, '', 195, NULL),
(2628, 15, '14219951', NULL, 0, 0, '', 196, NULL),
(2629, 1, 'Croitoru V nr 3', NULL, 0, 0, '', 196, NULL),
(2630, 3, 'Bucuresti', NULL, 0, 0, '', 196, NULL),
(2631, 4, '4', NULL, 0, 0, '', 196, NULL),
(2632, 2, '71000', NULL, 0, 0, '', 196, NULL),
(2633, 10, '0214249520', NULL, 0, 0, '', 196, NULL),
(2634, 11, '0214249520', NULL, 0, 0, '', 196, NULL),
(2635, 5, '0723558316', NULL, 0, 0, '', 196, NULL),
(2636, 7, 'elconiprest@yahoo.com', NULL, 0, 0, '', 196, NULL),
(2637, 8, 'http://www.elconi.ro', NULL, 0, 0, '', 196, NULL),
(2638, 9, 'constantin', NULL, 0, 0, '', 196, NULL),
(2639, 12, 'manager', NULL, 0, 0, '', 196, NULL),
(2640, 14, 'Executant in amenajari interioare si exterioare, gama completa de lucrari in sistem rigips, placari pardoseli, placari fatade cu termosistem. Instalatii electrice, aer conditionat. Servicii de reparatie si  intretinere pentru instalatii si amenajari.', NULL, 0, 0, '', 196, NULL),
(2641, 15, '6529508', NULL, 0, 0, '', 197, NULL),
(2642, 1, 'Str. Korosi Csoma Sandor nr. 32', NULL, 0, 0, '', 197, NULL),
(2643, 3, 'Sfantu Gheorghe', NULL, 0, 0, '', 197, NULL),
(2644, 4, 'Covasna', NULL, 0, 0, '', 197, NULL),
(2645, 2, '520009', NULL, 0, 0, '', 197, NULL),
(2646, 10, '0267/314.229', NULL, 0, 0, '', 197, NULL),
(2647, 11, '0267/314.229', NULL, 0, 0, '', 197, NULL),
(2648, 7, 'office@arcon.com.ro', NULL, 0, 0, '', 197, NULL),
(2649, 8, 'http://arcon.com.ro', NULL, 0, 0, '', 197, NULL),
(2650, 14, 'Fabrica de membrane bituminoase ARCO si PLUVITEC.', NULL, 0, 0, '', 197, NULL),
(2651, 15, 'rO 4943405', NULL, 0, 0, '', 198, NULL),
(2652, 1, 'B-dul Timisoara nr 104E', NULL, 0, 0, '', 198, NULL),
(2653, 3, 'Bucuresti', NULL, 0, 0, '', 198, NULL),
(2654, 4, 'Sector 6', NULL, 0, 0, '', 198, NULL),
(2655, 10, '0214440861', NULL, 0, 0, '', 198, NULL),
(2656, 11, '0214440983', NULL, 0, 0, '', 198, NULL),
(2657, 7, 'office@gevecom.ro', NULL, 0, 0, '', 198, NULL),
(2658, 8, 'http://www.gevecom.ro', NULL, 0, 0, '', 198, NULL),
(2659, 14, 'furnizor echipamente de protectie scule pentru constructii, organe de asamblare', NULL, 0, 0, '', 198, NULL),
(2660, 15, 'RO 14907507', NULL, 0, 0, '', 199, NULL),
(2661, 1, 'Str. Drumul Intre Tarlale nr. 7', NULL, 0, 0, '', 199, NULL),
(2662, 3, 'Bucuresti', NULL, 0, 0, '', 199, NULL),
(2663, 4, 'Sector 3', NULL, 0, 0, '', 199, NULL),
(2664, 10, '0213502401', NULL, 0, 0, '', 199, NULL),
(2665, 11, '0213502401', NULL, 0, 0, '', 199, NULL),
(2666, 7, 'office@macodistribuitor.ro', NULL, 0, 0, '', 199, NULL),
(2667, 8, 'http://www.macodistribuitor.ro', NULL, 0, 0, '', 199, NULL),
(2668, 14, 'distribuitor materiale de constructii', NULL, 0, 0, '', 199, NULL),
(2669, 15, 'RO 13101341', NULL, 0, 0, '', 200, NULL),
(2670, 1, 'Sos. de Centura nr 3A', NULL, 0, 0, '', 200, NULL),
(2671, 3, 'Chiajna', NULL, 0, 0, '', 200, NULL),
(2672, 4, 'Ilfov', NULL, 0, 0, '', 200, NULL),
(2673, 2, '030614', NULL, 0, 0, '', 200, NULL),
(2674, 10, '0213195203', NULL, 0, 0, '', 200, NULL),
(2675, 11, '0213191725', NULL, 0, 0, '', 200, NULL),
(2676, 7, 'office@alas-romania.ro', NULL, 0, 0, '', 200, NULL),
(2677, 8, 'http://www.alas-romania.ro', NULL, 0, 0, '', 200, NULL),
(2678, 14, 'producator de betoane si agregate', NULL, 0, 0, '', 200, NULL),
(2679, 15, 'RO 19314314', NULL, 0, 0, '', 201, NULL),
(2680, 1, 'Bd. Mircea Voda nr. 43,  bl. M32, et.4, ap.13', NULL, 0, 0, '', 201, NULL),
(2681, 3, 'Bucuresti', NULL, 0, 0, '', 201, NULL),
(2682, 4, 'Sector 3', NULL, 0, 0, '', 201, NULL),
(2683, 10, '0213220603', NULL, 0, 0, '', 201, NULL),
(2684, 11, '0213220600', NULL, 0, 0, '', 201, NULL),
(2685, 7, 'service.ro@tencate.com', NULL, 0, 0, '', 201, NULL);
INSERT INTO `pptt_director_fields_data` (`id`, `fieldid`, `data_txt`, `data_bool`, `data_int`, `data_float`, `data_char`, `itemid`, `expiration`) VALUES
(2686, 8, 'http://www.tencate.com', NULL, 0, 0, '', 201, NULL),
(2687, 14, 'geosintetice: geocompozite antifisura, geotextile, geogrile, materiale antierozionale, geocompozite pentru drenaj', NULL, 0, 0, '', 201, NULL),
(2688, 15, 'RO 19011345', NULL, 0, 0, '', 202, NULL),
(2689, 1, 'Str. Foisorului nr. 2, Bl. D, Et. 6, Sc. 1, Ap. 15', NULL, 0, 0, '', 202, NULL),
(2690, 3, 'Bucuresti', NULL, 0, 0, '', 202, NULL),
(2691, 4, 'Sector 3', NULL, 0, 0, '', 202, NULL),
(2692, 10, '021/203.96.91', NULL, 0, 0, '', 202, NULL),
(2693, 16, '021/203.96.92', NULL, 0, 0, '', 202, NULL),
(2694, 11, '021/302.89.50', NULL, 0, 0, '', 202, NULL),
(2695, 7, 'office@trimo.ro', NULL, 0, 0, '', 202, NULL),
(2696, 8, 'http://www.trimo.ro', NULL, 0, 0, '', 202, NULL),
(2697, 2, '', NULL, 0, 0, '', 198, NULL),
(2698, 16, '', NULL, 0, 0, '', 198, NULL),
(2699, 5, '', NULL, 0, 0, '', 198, NULL),
(2700, 9, '', NULL, 0, 0, '', 198, NULL),
(2701, 12, '', NULL, 0, 0, '', 198, NULL),
(2702, 2, '', NULL, 0, 0, '', 199, NULL),
(2703, 16, '', NULL, 0, 0, '', 199, NULL),
(2704, 5, '0724-506.505', NULL, 0, 0, '', 199, NULL),
(2705, 9, '', NULL, 0, 0, '', 199, NULL),
(2706, 12, '', NULL, 0, 0, '', 199, NULL),
(2707, 16, '', NULL, 0, 0, '', 200, NULL),
(2708, 5, '', NULL, 0, 0, '', 200, NULL),
(2709, 9, '', NULL, 0, 0, '', 200, NULL),
(2710, 12, '', NULL, 0, 0, '', 200, NULL),
(2711, 2, '', NULL, 0, 0, '', 201, NULL),
(2712, 16, '', NULL, 0, 0, '', 201, NULL),
(2713, 5, '', NULL, 0, 0, '', 201, NULL),
(2714, 9, '', NULL, 0, 0, '', 201, NULL),
(2715, 12, '', NULL, 0, 0, '', 201, NULL),
(2716, 2, '', NULL, 0, 0, '', 202, NULL),
(2717, 5, '', NULL, 0, 0, '', 202, NULL),
(2718, 9, '', NULL, 0, 0, '', 202, NULL),
(2719, 12, '', NULL, 0, 0, '', 202, NULL),
(2720, 14, '', NULL, 0, 0, '', 202, NULL),
(2721, 15, '15439374', NULL, 0, 0, '', 203, NULL),
(2722, 1, 'Str. Erou Iancu Nicolae nr.158, et.1', NULL, 0, 0, '', 203, NULL),
(2723, 3, 'Voluntari', NULL, 0, 0, '', 203, NULL),
(2724, 4, 'Ilfov', NULL, 0, 0, '', 203, NULL),
(2725, 2, '077190', NULL, 0, 0, '', 203, NULL),
(2726, 10, '021/269.06.63', NULL, 0, 0, '', 203, NULL),
(2727, 11, '021/269.06.64', NULL, 0, 0, '', 203, NULL),
(2728, 7, 'assistance.romania@uralita.com', NULL, 0, 0, '', 203, NULL),
(2729, 8, 'http://www.ursa.ro', NULL, 0, 0, '', 203, NULL),
(2730, 14, 'Izolaţii termice şi acustice din vată de sticlă şi polistiren extrudat.', NULL, 0, 0, '', 203, NULL),
(2731, 15, '17131957', NULL, 0, 0, '', 204, NULL),
(2732, 1, 'Equest Logistic Center - B1, Str. DE 287/1', NULL, 0, 0, '', 204, NULL),
(2733, 3, 'Dragomiresti Vale', NULL, 0, 0, '', 204, NULL),
(2734, 4, 'Ilfov', NULL, 0, 0, '', 204, NULL),
(2735, 2, '077096', NULL, 0, 0, '', 204, NULL),
(2736, 10, '021/352.30.00', NULL, 0, 0, '', 204, NULL),
(2737, 16, '031/228.55.55', NULL, 0, 0, '', 204, NULL),
(2738, 11, '021/350.51.81', NULL, 0, 0, '', 204, NULL),
(2739, 7, 'www.hilti.ro', NULL, 0, 0, '', 204, NULL),
(2740, 14, 'Sisteme de măsurare, tăiere şi finisare, găurire şi demolare, fixări directe, tehnică diamantată, tehnica ancorării, tehnica &icirc;nşurubării, sisteme antifoc, suporţi pentru instalaţii.', NULL, 0, 0, '', 204, NULL),
(2741, 16, '', NULL, 0, 0, '', 203, NULL),
(2742, 5, '', NULL, 0, 0, '', 203, NULL),
(2743, 9, '', NULL, 0, 0, '', 203, NULL),
(2744, 12, '', NULL, 0, 0, '', 203, NULL),
(2745, 5, '', NULL, 0, 0, '', 204, NULL),
(2746, 8, '', NULL, 0, 0, '', 204, NULL),
(2747, 9, '', NULL, 0, 0, '', 204, NULL),
(2748, 12, '', NULL, 0, 0, '', 204, NULL),
(2749, 15, 'bla', NULL, 0, 0, '', 205, NULL),
(2750, 1, 'B-dul Unirii nr. 64, bl.K4', NULL, 0, 0, '', 205, NULL),
(2751, 3, 'Bucuresti', NULL, 0, 0, '', 205, NULL),
(2752, 4, 'Sector 3', NULL, 0, 0, '', 205, NULL),
(2753, 10, '021/327.77.80', NULL, 0, 0, '', 205, NULL),
(2754, 11, '021/326.48.60', NULL, 0, 0, '', 205, NULL),
(2755, 7, 'office@alukoenigstahl.ro', NULL, 0, 0, '', 205, NULL),
(2756, 8, 'http://www.alukoenigstahl.ro', NULL, 0, 0, '', 205, NULL),
(2757, 14, 'Sisteme de profile din PVC, aluminiu si otel pentru ferestre, usi, sere, pereti cortina si luminatoare.', NULL, 0, 0, '', 205, NULL),
(2758, 15, '10473502', NULL, 0, 0, '', 206, NULL),
(2759, 1, 'B-dul Preciziei nr. 5', NULL, 0, 0, '', 206, NULL),
(2760, 3, 'Sector 6', NULL, 0, 0, '', 206, NULL),
(2761, 4, 'Bucuresti', NULL, 0, 0, '', 206, NULL),
(2762, 2, '062202', NULL, 0, 0, '', 206, NULL),
(2763, 10, '021/316.01.21', NULL, 0, 0, '', 206, NULL),
(2764, 11, '021/316.01.20', NULL, 0, 0, '', 206, NULL),
(2765, 7, 'info@assaabloy.ro', NULL, 0, 0, '', 206, NULL),
(2766, 8, 'http://www.assaabloy.ro', NULL, 0, 0, '', 206, NULL),
(2767, 14, 'Sisteme de inchidere mecanice pentru usi si ferestre, sisteme master key, sisteme varianta unica, amortizori, incuietori electrice si electromagnetice, bare antipanica, lacate, seifuri, automatizari.', NULL, 0, 0, '', 206, NULL),
(2768, 15, '15983405', NULL, 0, 0, '', 207, NULL),
(2769, 1, 'Sos. Alexandriei nr. 292', NULL, 0, 0, '', 207, NULL),
(2770, 3, 'Bragadiru', NULL, 0, 0, '', 207, NULL),
(2771, 4, 'Ilfov', NULL, 0, 0, '', 207, NULL),
(2772, 10, '021/369.33.99', NULL, 0, 0, '', 207, NULL),
(2773, 11, '021/369.33.88', NULL, 0, 0, '', 207, NULL),
(2774, 7, 'contact@amvic.ro', NULL, 0, 0, '', 207, NULL),
(2775, 8, 'http://www.amvic.ro', NULL, 0, 0, '', 207, NULL),
(2776, 14, 'Producerea de cofraje termoizolante incorporate din polistiren expandat, placi din polistiren expandat.', NULL, 0, 0, '', 207, NULL),
(2777, 15, '1568611', NULL, 0, 0, '', 208, NULL),
(2778, 1, 'Str. Maior Alexandru Campeanu nr. 9-11', NULL, 0, 0, '', 208, NULL),
(2779, 3, 'sector 1', NULL, 0, 0, '', 208, NULL),
(2780, 4, 'Bucuresti', NULL, 0, 0, '', 208, NULL),
(2781, 2, '011235', NULL, 0, 0, '', 208, NULL),
(2782, 10, '021-222.50.00', NULL, 0, 0, '', 208, NULL),
(2783, 11, '021-222.83.74', NULL, 0, 0, '', 208, NULL),
(2784, 7, 'office@baduc.ro', NULL, 0, 0, '', 208, NULL),
(2785, 8, 'http://www.baduc.ro', NULL, 0, 0, '', 208, NULL),
(2786, 14, 'Furnizor general de materiale pentru constructii si instalatii.', NULL, 0, 0, '', 208, NULL),
(2787, 15, '7986532', NULL, 0, 0, '', 209, NULL),
(2788, 1, 'B-dul Iuliu Maniu nr. 333', NULL, 0, 0, '', 209, NULL),
(2789, 3, 'Sector 6', NULL, 0, 0, '', 209, NULL),
(2790, 4, 'Bucuresti', NULL, 0, 0, '', 209, NULL),
(2791, 2, '061101', NULL, 0, 0, '', 209, NULL),
(2792, 10, '021/317.06.97', NULL, 0, 0, '', 209, NULL),
(2793, 16, '021/317.06.98', NULL, 0, 0, '', 209, NULL),
(2794, 11, '021/316.12.00', NULL, 0, 0, '', 209, NULL),
(2795, 7, 'balkanro@balkanro.ro', NULL, 0, 0, '', 209, NULL),
(2796, 8, 'http://www.balkanro.ro', NULL, 0, 0, '', 209, NULL),
(2797, 14, 'Sisteme de profile din aluminiu si PVC pentru ferestre, usi si pereti cortina; panouri compozite, policarbonat.', NULL, 0, 0, '', 209, NULL),
(2798, 15, '11469720', NULL, 0, 0, '', 210, NULL),
(2799, 1, 'Str. Dimitrie Racovita nr. 3B', NULL, 0, 0, '', 210, NULL),
(2800, 3, 'sector 2', NULL, 0, 0, '', 210, NULL),
(2801, 4, 'Bucuresti', NULL, 0, 0, '', 210, NULL),
(2802, 2, '023991', NULL, 0, 0, '', 210, NULL),
(2803, 10, '021/315.00.20', NULL, 0, 0, '', 210, NULL),
(2804, 16, '021/300.26.48', NULL, 0, 0, '', 210, NULL),
(2805, 11, '021/315.00.91', NULL, 0, 0, '', 210, NULL),
(2806, 7, 'office@bauer.ro', NULL, 0, 0, '', 210, NULL),
(2807, 8, 'http://www.bauer.ro; www.bauer.de', NULL, 0, 0, '', 210, NULL),
(2808, 14, 'Executie fundatii speciale pentru constructii civile si industriale, foraje, consolidari de terenuri.', NULL, 0, 0, '', 210, NULL),
(2809, 15, '7626665', NULL, 0, 0, '', 211, NULL),
(2810, 1, 'Zona Industriala Vest, Str. Europa Unita nr. 5', NULL, 0, 0, '', 211, NULL),
(2811, 3, 'sibiu', NULL, 0, 0, '', 211, NULL),
(2812, 4, 'sibiu', NULL, 0, 0, '', 211, NULL),
(2813, 2, '550018', NULL, 0, 0, '', 211, NULL),
(2814, 10, '0269/229.995', NULL, 0, 0, '', 211, NULL),
(2815, 11, '0269/229.444', NULL, 0, 0, '', 211, NULL),
(2816, 7, 'office_ro@bramac.com', NULL, 0, 0, '', 211, NULL),
(2817, 8, 'http://www.bramac.ro', NULL, 0, 0, '', 211, NULL),
(2818, 14, 'Producator de tigle din mortar de ciment si tigle speciale.', NULL, 0, 0, '', 211, NULL),
(2819, 15, '328750', NULL, 0, 0, '', 212, NULL),
(2820, 1, 'Aleea Modrogan nr. 20', NULL, 0, 0, '', 212, NULL),
(2821, 3, 'sector 1', NULL, 0, 0, '', 212, NULL),
(2822, 4, 'Bucuresti', NULL, 0, 0, '', 212, NULL),
(2823, 2, '011826', NULL, 0, 0, '', 212, NULL),
(2824, 10, '021-307.52.00', NULL, 0, 0, '', 212, NULL),
(2825, 16, '021-307.53.00', NULL, 0, 0, '', 212, NULL),
(2826, 11, '021-307.52.86', NULL, 0, 0, '', 212, NULL),
(2827, 7, 'office@lafarge.ro', NULL, 0, 0, '', 212, NULL),
(2828, 8, 'http://www.lafarge.ro', NULL, 0, 0, '', 212, NULL),
(2829, 14, 'Productie si comercializare: cimenturi si filer calcar; agregate de cariera si balastiera; betoane; ipsosuri, placi, sisteme si accesorii pentru gips-carton.', NULL, 0, 0, '', 212, NULL),
(2830, 15, '6519610', NULL, 0, 0, '', 213, NULL),
(2831, 1, 'Str. Drumul Odaii nr. 14 A', NULL, 0, 0, '', 213, NULL),
(2832, 3, 'otopeni', NULL, 0, 0, '', 213, NULL),
(2833, 4, 'Ilfov', NULL, 0, 0, '', 213, NULL),
(2834, 2, '075100', NULL, 0, 0, '', 213, NULL),
(2835, 10, '021/352.21.64', NULL, 0, 0, '', 213, NULL),
(2836, 16, '021/352.21.65', NULL, 0, 0, '', 213, NULL),
(2837, 11, '021/352.21.67', NULL, 0, 0, '', 213, NULL),
(2838, 7, 'office@marcom.ro', NULL, 0, 0, '', 213, NULL),
(2839, 8, 'http://www.marcom.ro', NULL, 0, 0, '', 213, NULL),
(2840, 14, 'Echipamente industriale si pentru constructii.', NULL, 0, 0, '', 213, NULL),
(2841, 15, '14842130', NULL, 0, 0, '', 214, NULL),
(2842, 1, 'Str. Drumul intre Tarlale nr. 42', NULL, 0, 0, '', 214, NULL),
(2843, 3, 'Bucuresti', NULL, 0, 0, '', 214, NULL),
(2844, 4, 'Sector 3', NULL, 0, 0, '', 214, NULL),
(2845, 2, '032982', NULL, 0, 0, '', 214, NULL),
(2846, 10, '021/256.17.11', NULL, 0, 0, '', 214, NULL),
(2847, 11, '021/256.17.11', NULL, 0, 0, '', 214, NULL),
(2848, 5, '0724-231.771', NULL, 0, 0, '', 214, NULL),
(2849, 7, 'office@onestopshop.ro', NULL, 0, 0, '', 214, NULL),
(2850, 8, 'http://www.onestopshop.ro', NULL, 0, 0, '', 214, NULL);
INSERT INTO `pptt_director_fields_data` (`id`, `fieldid`, `data_txt`, `data_bool`, `data_int`, `data_float`, `data_char`, `itemid`, `expiration`) VALUES
(2851, 14, 'distribuitor autorizat al panourilor din aluminiu compozit REYNOBOND', NULL, 0, 0, '', 214, NULL),
(2852, 15, '18376181', NULL, 0, 0, '', 215, NULL),
(2853, 1, 'Aleea Uzinei nr. 1/A - Hala 1', NULL, 0, 0, '', 215, NULL),
(2854, 3, 'zarnesti', NULL, 0, 0, '', 215, NULL),
(2855, 4, 'Brasov', NULL, 0, 0, '', 215, NULL),
(2856, 2, '505800', NULL, 0, 0, '', 215, NULL),
(2857, 10, '0368-438.942', NULL, 0, 0, '', 215, NULL),
(2858, 11, '0368-438.943', NULL, 0, 0, '', 215, NULL),
(2859, 7, 'office@parma-paver.ro', NULL, 0, 0, '', 215, NULL),
(2860, 8, 'http://www.parma-paver.ro', NULL, 0, 0, '', 215, NULL),
(2861, 14, 'Producator de structuri din beton armat pentru construcţii industriale, civile si agricole: transport, asistenta tehnica si montaj.', NULL, 0, 0, '', 215, NULL),
(2862, 15, '12750898', NULL, 0, 0, '', 216, NULL),
(2863, 1, 'Drumul intre Tarlale nr. 42', NULL, 0, 0, '', 216, NULL),
(2864, 3, 'Sector 3', NULL, 0, 0, '', 216, NULL),
(2865, 4, 'Bucuresti', NULL, 0, 0, '', 216, NULL),
(2866, 2, '032982', NULL, 0, 0, '', 216, NULL),
(2867, 10, '021/209.05.70', NULL, 0, 0, '', 216, NULL),
(2868, 11, '021/256.14.64', NULL, 0, 0, '', 216, NULL),
(2869, 5, '0723-212.264', NULL, 0, 0, '', 216, NULL),
(2870, 7, 'salesal@steelmet.ro', NULL, 0, 0, '', 216, NULL),
(2871, 14, 'filiala a grupului VIOHALCO SA, reprezentant unic sisteme de placare cu panouri compozite din aluminiu etalbond - etalight', NULL, 0, 0, '', 216, NULL),
(2872, 15, '5541546', NULL, 0, 0, '', 217, NULL),
(2873, 1, 'Str. Horia Macelariu nr. 30-34', NULL, 0, 0, '', 217, NULL),
(2874, 3, 'sector 1', NULL, 0, 0, '', 217, NULL),
(2875, 4, 'bucuresti', NULL, 0, 0, '', 217, NULL),
(2876, 2, '013937', NULL, 0, 0, '', 217, NULL),
(2877, 10, '021/233.13.13', NULL, 0, 0, '', 217, NULL),
(2878, 11, '021/233.13.13', NULL, 0, 0, '', 217, NULL),
(2879, 7, 'infoEW@ro.Bosch.com', NULL, 0, 0, '', 217, NULL),
(2880, 8, 'http://www.bosch.com.ro', NULL, 0, 0, '', 217, NULL),
(2881, 14, 'Scule electrice profesionale; accesorii universale.', NULL, 0, 0, '', 217, NULL),
(2882, 15, '5541546', NULL, 0, 0, '', 218, NULL),
(2883, 1, 'Str. Horia Macelariu nr. 30-34', NULL, 0, 0, '', 218, NULL),
(2884, 3, 'sector 1', NULL, 0, 0, '', 218, NULL),
(2885, 4, 'Bucuresti', NULL, 0, 0, '', 218, NULL),
(2886, 10, '021/233.13.13', NULL, 0, 0, '', 218, NULL),
(2887, 11, '021/233.13.13', NULL, 0, 0, '', 218, NULL),
(2888, 7, 'infoEW@ro.Bosch.com', NULL, 0, 0, '', 218, NULL),
(2889, 8, 'http://www.bosch.com.ro', NULL, 0, 0, '', 218, NULL),
(2890, 14, 'Accesorii pentru profesionisti - gaurire, daltuire si taiere.', NULL, 0, 0, '', 218, NULL),
(2891, 15, '5541546', NULL, 0, 0, '', 219, NULL),
(2892, 1, 'Str. Horia Macelariu nr. 30-34', NULL, 0, 0, '', 219, NULL),
(2893, 3, 'sector 1', NULL, 0, 0, '', 219, NULL),
(2894, 4, 'Bucuresti', NULL, 0, 0, '', 219, NULL),
(2895, 10, '021/233.13.13', NULL, 0, 0, '', 219, NULL),
(2896, 11, '021/233.13.13', NULL, 0, 0, '', 219, NULL),
(2897, 7, 'infoEW@ro.Bosch.com', NULL, 0, 0, '', 219, NULL),
(2898, 8, 'http://www.bosch.com.ro', NULL, 0, 0, '', 219, NULL),
(2899, 14, 'Centrale termice murale, incalzitoare instantanee de apa, cazane din fonta, boilere.', NULL, 0, 0, '', 219, NULL),
(2900, 15, '18845717', NULL, 0, 0, '', 220, NULL),
(2901, 1, 'Str. Nicolae Iorga nr. 13, corp, ap. 2', NULL, 0, 0, '', 220, NULL),
(2902, 3, 'sector 1', NULL, 0, 0, '', 220, NULL),
(2903, 4, 'bucuresti', NULL, 0, 0, '', 220, NULL),
(2904, 10, '021/212.50.50', NULL, 0, 0, '', 220, NULL),
(2905, 11, '021/212.50.48', NULL, 0, 0, '', 220, NULL),
(2906, 7, 'info_Ro@grohe.com', NULL, 0, 0, '', 220, NULL),
(2907, 8, 'http://grohe.ro', NULL, 0, 0, '', 220, NULL),
(2908, 14, 'producator armaturi de baie, accesorii si instalatii sanitare', NULL, 0, 0, '', 220, NULL),
(2909, 15, '17954562', NULL, 0, 0, '', 221, NULL),
(2910, 1, 'Str. Gen.. Ion Dragalina nr.15', NULL, 0, 0, '', 221, NULL),
(2911, 3, 'sector 5', NULL, 0, 0, '', 221, NULL),
(2912, 4, 'bucuresti', NULL, 0, 0, '', 221, NULL),
(2913, 10, '021/300.30.08', NULL, 0, 0, '', 221, NULL),
(2914, 11, '021/319.77.85', NULL, 0, 0, '', 221, NULL),
(2915, 7, 'cristian.constantin@xella.com', NULL, 0, 0, '', 221, NULL),
(2916, 8, 'http://xellla.ro', NULL, 0, 0, '', 221, NULL),
(2917, 14, 'producator de bca YTONG (materiale de constructii pentru zidarie - beton celular, autoclavizat)', NULL, 0, 0, '', 221, NULL),
(2918, 15, '13521523', NULL, 0, 0, '', 222, NULL),
(2919, 1, 'Str. Drumul intre Tarlale nr. 160-174 (Depozitul 7)', NULL, 0, 0, '', 222, NULL),
(2920, 3, 'sector 3', NULL, 0, 0, '', 222, NULL),
(2921, 4, 'bucuresti', NULL, 0, 0, '', 222, NULL),
(2922, 10, '031/100.00.95', NULL, 0, 0, '', 222, NULL),
(2923, 11, '031/100.00.96', NULL, 0, 0, '', 222, NULL),
(2924, 7, 'aston@aston.ro', NULL, 0, 0, '', 222, NULL),
(2925, 8, 'http://aston@aston.ro', NULL, 0, 0, '', 222, NULL),
(2926, 14, 'comert cu instalatii de climatizare', NULL, 0, 0, '', 222, NULL),
(2927, 15, '17957755', NULL, 0, 0, '', 223, NULL),
(2928, 1, 'Bd. Mihai Viteazul nr. 30B', NULL, 0, 0, '', 223, NULL),
(2929, 3, 'Timisoara', NULL, 0, 0, '', 223, NULL),
(2930, 4, 'Timis', NULL, 0, 0, '', 223, NULL),
(2931, 10, '0356/423.708', NULL, 0, 0, '', 223, NULL),
(2932, 11, '0256/203.044', NULL, 0, 0, '', 223, NULL),
(2933, 7, 'office@gea-klimatechnik.ro', NULL, 0, 0, '', 223, NULL),
(2934, 8, 'http://gea-airtreatment.com', NULL, 0, 0, '', 223, NULL),
(2935, 14, 'solutii complete de HVAC', NULL, 0, 0, '', 223, NULL),
(2936, 15, '368143', NULL, 0, 0, '', 224, NULL),
(2937, 1, 'Str. Actiunii nr. 26', NULL, 0, 0, '', 224, NULL),
(2938, 3, 'Bucuresti', NULL, 0, 0, '', 224, NULL),
(2939, 4, 'Sector 4', NULL, 0, 0, '', 224, NULL),
(2940, 2, '041102', NULL, 0, 0, '', 224, NULL),
(2941, 10, '021/450.30.02', NULL, 0, 0, '', 224, NULL),
(2942, 11, '021/450.47.10', NULL, 0, 0, '', 224, NULL),
(2943, 7, 'office@energoutilaj.ro', NULL, 0, 0, '', 224, NULL),
(2944, 8, 'http://www.energoutilaj.ro', NULL, 0, 0, '', 224, NULL),
(2945, 14, 'inchiriere de macarale mobile 16-300 t si transport rutier de marfa (inclusiv transport agabaritic)', NULL, 0, 0, '', 224, NULL),
(2946, 15, '16601724', NULL, 0, 0, '', 225, NULL),
(2947, 1, 'Str. Sf. Vineri nr. 29, corp B, Et. 3', NULL, 0, 0, '', 225, NULL),
(2948, 3, 'Bucuresti', NULL, 0, 0, '', 225, NULL),
(2949, 4, 'Sector 3', NULL, 0, 0, '', 225, NULL),
(2950, 2, '030203', NULL, 0, 0, '', 225, NULL),
(2951, 10, '021/312.65.00', NULL, 0, 0, '', 225, NULL),
(2952, 11, '021/312.65.01', NULL, 0, 0, '', 225, NULL),
(2953, 7, 'construct@porr.ro', NULL, 0, 0, '', 225, NULL),
(2954, 8, 'http://www.porr.ro', NULL, 0, 0, '', 225, NULL),
(2955, 14, 'constructii subterane si la nivelul terenului, constructii civile si industriale', NULL, 0, 0, '', 225, NULL),
(2956, 15, '6186752', NULL, 0, 0, '', 226, NULL),
(2957, 1, 'Aleea Sinaia nr. 6-8', NULL, 0, 0, '', 226, NULL),
(2958, 3, 'Targoviste', NULL, 0, 0, '', 226, NULL),
(2959, 4, 'dAMBOVITA', NULL, 0, 0, '', 226, NULL),
(2960, 2, '130004', NULL, 0, 0, '', 226, NULL),
(2961, 10, '0245/217.170', NULL, 0, 0, '', 226, NULL),
(2962, 11, '0245/611.787', NULL, 0, 0, '', 226, NULL),
(2963, 7, 'fabrica@romservinvest.ro', NULL, 0, 0, '', 226, NULL),
(2964, 8, 'http://www.romservinvest.ro', NULL, 0, 0, '', 226, NULL),
(2965, 14, 'fabrica de tamplarie din PVC cu profile GEALAN, tamplarie din aluminiu si geam termoizolant', NULL, 0, 0, '', 226, NULL),
(2966, 16, '', NULL, 0, 0, '', 225, NULL),
(2967, 5, '', NULL, 0, 0, '', 225, NULL),
(2968, 9, '', NULL, 0, 0, '', 225, NULL),
(2969, 12, '', NULL, 0, 0, '', 225, NULL),
(2970, 15, '23146944', NULL, 0, 0, '', 227, NULL),
(2971, 1, 'Str. Otesani nr. 24', NULL, 0, 0, '', 227, NULL),
(2972, 3, 'Bucuresti', NULL, 0, 0, '', 227, NULL),
(2973, 4, 'Sector 2', NULL, 0, 0, '', 227, NULL),
(2974, 2, '023569', NULL, 0, 0, '', 227, NULL),
(2975, 10, '021/210.10.34', NULL, 0, 0, '', 227, NULL),
(2976, 11, '021/210.10.43', NULL, 0, 0, '', 227, NULL),
(2977, 7, 'office@klaus.ro', NULL, 0, 0, '', 227, NULL),
(2978, 8, 'http://www.klaus.ro', NULL, 0, 0, '', 227, NULL),
(2979, 14, 'sisteme de parcare complet automatizate', NULL, 0, 0, '', 227, NULL),
(2980, 15, '10152375', NULL, 0, 0, '', 228, NULL),
(2981, 1, 'Str. Mihai Viteazu nr. 19B', NULL, 0, 0, '', 228, NULL),
(2982, 3, 'Selimbar', NULL, 0, 0, '', 228, NULL),
(2983, 4, 'Sibiu', NULL, 0, 0, '', 228, NULL),
(2984, 10, '0269/560.216', NULL, 0, 0, '', 228, NULL),
(2985, 11, '0269/206.303', NULL, 0, 0, '', 228, NULL),
(2986, 7, 'office@unimat.ro', NULL, 0, 0, '', 228, NULL),
(2987, 8, 'http://unimat.ro', NULL, 0, 0, '', 228, NULL),
(2988, 14, 'Comercializeaza materiale de constructii si finisaje; importator de ferestre de mansarda ROTO.', NULL, 0, 0, '', 228, NULL),
(2989, 2, '', NULL, 0, 0, '', 228, NULL),
(2990, 16, '', NULL, 0, 0, '', 228, NULL),
(2991, 5, '', NULL, 0, 0, '', 228, NULL),
(2992, 9, '', NULL, 0, 0, '', 228, NULL),
(2993, 12, '', NULL, 0, 0, '', 228, NULL),
(2994, 15, '5988820', NULL, 0, 0, '', 229, NULL),
(2995, 1, 'Sos. Pipera nr. 44', NULL, 0, 0, '', 229, NULL),
(2996, 3, 'Bucuresti', NULL, 0, 0, '', 229, NULL),
(2997, 4, 'Sector 2', NULL, 0, 0, '', 229, NULL),
(2998, 2, '020112', NULL, 0, 0, '', 229, NULL),
(2999, 10, '021/310.10.10', NULL, 0, 0, '', 229, NULL),
(3000, 11, '021/310.10.10', NULL, 0, 0, '', 229, NULL),
(3001, 5, '0745-201.010', NULL, 0, 0, '', 229, NULL),
(3002, 7, 'office@amber.ro', NULL, 0, 0, '', 229, NULL),
(3003, 8, 'http://www.amber.ro', NULL, 0, 0, '', 229, NULL),
(3004, 9, 'Serban Petre', NULL, 0, 0, '', 229, NULL),
(3005, 12, 'Director General', NULL, 0, 0, '', 229, NULL),
(3006, 14, 'Vanzare, montaj, service sisteme climatizare Daikin, LG si incalzire Vaillant, Viessmann, Rehau.', NULL, 0, 0, '', 229, NULL),
(3007, 15, '17210392', NULL, 0, 0, '', 230, NULL),
(3008, 1, 'B-dul Timisoara nr.90, Cladirea C4', NULL, 0, 0, '', 230, NULL),
(3009, 3, 'Bucuresti', NULL, 0, 0, '', 230, NULL),
(3010, 4, 'Sector 6', NULL, 0, 0, '', 230, NULL),
(3011, 2, '061334', NULL, 0, 0, '', 230, NULL),
(3012, 10, '021/777.73.49', NULL, 0, 0, '', 230, NULL),
(3013, 11, '021/777.73.99', NULL, 0, 0, '', 230, NULL),
(3014, 7, 'office@ottensten.ro', NULL, 0, 0, '', 230, NULL);
INSERT INTO `pptt_director_fields_data` (`id`, `fieldid`, `data_txt`, `data_bool`, `data_int`, `data_float`, `data_char`, `itemid`, `expiration`) VALUES
(3015, 8, 'http://www.ottensten.ro', NULL, 0, 0, '', 230, NULL),
(3016, 9, '', NULL, 0, 0, '', 230, NULL),
(3017, 12, '', NULL, 0, 0, '', 230, NULL),
(3018, 14, 'Importator de unelte pneumatice si electrice pentru fixare si imbinare prin cuie, capse, suruburi, sarma.', NULL, 0, 0, '', 230, NULL),
(3019, 15, '1997826', NULL, 0, 0, '', 231, NULL),
(3020, 1, 'Str. Moldovei nr.19', NULL, 0, 0, '', 231, NULL),
(3021, 3, 'Pascani', NULL, 0, 0, '', 231, NULL),
(3022, 4, 'Iasi', NULL, 0, 0, '', 231, NULL),
(3023, 2, '705200', NULL, 0, 0, '', 231, NULL),
(3024, 10, '0232/719.151', NULL, 0, 0, '', 231, NULL),
(3025, 11, '0232/765.040', NULL, 0, 0, '', 231, NULL),
(3026, 7, 'manager@siretul.ro', NULL, 0, 0, '', 231, NULL),
(3027, 8, 'http://www.siretul.ro; www.siretulnordest.ro', NULL, 0, 0, '', 231, NULL),
(3028, 9, 'Gabriela Iftode', NULL, 0, 0, '', 231, NULL),
(3029, 12, 'director comercial', NULL, 0, 0, '', 231, NULL),
(3030, 14, 'Fabricarea de articole tehnice si industriale din textile - cod CAEN 1396; geogrile; plase pentru armare termoizolatii.', NULL, 0, 0, '', 231, NULL),
(3031, 15, '7348194', NULL, 0, 0, '', 232, NULL),
(3032, 1, 'Str. Manolesti Deal nr. 33', NULL, 0, 0, '', 232, NULL),
(3033, 3, 'Botosani', NULL, 0, 0, '', 232, NULL),
(3034, 4, 'Botosani', NULL, 0, 0, '', 232, NULL),
(3035, 2, '710003', NULL, 0, 0, '', 232, NULL),
(3036, 10, '0231/532.186', NULL, 0, 0, '', 232, NULL),
(3037, 11, '0231/532.185', NULL, 0, 0, '', 232, NULL),
(3038, 7, 'office@electroalfa.ro', NULL, 0, 0, '', 232, NULL),
(3039, 8, 'http://www.electroalfa.ro', NULL, 0, 0, '', 232, NULL),
(3040, 14, 'echipamente electrice de joasa si medie tensiune \r\nlucrari de antrepriza', NULL, 0, 0, '', 232, NULL),
(3041, 16, '', NULL, 0, 0, '', 224, NULL),
(3042, 5, '0744-564.577', NULL, 0, 0, '', 224, NULL),
(3043, 9, '', NULL, 0, 0, '', 224, NULL),
(3044, 12, '', NULL, 0, 0, '', 224, NULL),
(3045, 15, '15324749', NULL, 0, 0, '', 233, NULL),
(3046, 1, 'B-dul Poitiers nr. 11 Bis', NULL, 0, 0, '', 233, NULL),
(3047, 3, 'Iasi', NULL, 0, 0, '', 233, NULL),
(3048, 4, 'Iasi', NULL, 0, 0, '', 233, NULL),
(3049, 2, '700671', NULL, 0, 0, '', 233, NULL),
(3050, 10, '0232/242.143', NULL, 0, 0, '', 233, NULL),
(3051, 11, '0232/242.141', NULL, 0, 0, '', 233, NULL),
(3052, 7, 'office@e-see.ro', NULL, 0, 0, '', 233, NULL),
(3053, 8, 'http://www.e-see.ro', NULL, 0, 0, '', 233, NULL),
(3054, 14, 'cabluri, echipamente electrice;\r\nproiectare tablouri electrice;\r\ninstalatii sisteme de distributie, automatizari;', NULL, 0, 0, '', 233, NULL),
(3055, 15, '16139618', NULL, 0, 0, '', 234, NULL),
(3056, 1, 'Sos. Bucuresti-Ploiesti nr. 17 -21,  Et.5, Baneasa Business Center', NULL, 0, 0, '', 234, NULL),
(3057, 3, 'Bucuresti', NULL, 0, 0, '', 234, NULL),
(3058, 4, 'Sector 1', NULL, 0, 0, '', 234, NULL),
(3059, 2, '013682', NULL, 0, 0, '', 234, NULL),
(3060, 10, '021/233.24.91', NULL, 0, 0, '', 234, NULL),
(3061, 11, '021/233.24.78', NULL, 0, 0, '', 234, NULL),
(3062, 7, 'ibolya_beres@lge.com', NULL, 0, 0, '', 234, NULL),
(3063, 8, 'http://www.lge.ro', NULL, 0, 0, '', 234, NULL),
(3064, 14, 'producator echipamente de climatizare', NULL, 0, 0, '', 234, NULL),
(3065, 15, '6660278', NULL, 0, 0, '', 235, NULL),
(3066, 1, 'Str. Rudului nr. 7', NULL, 0, 0, '', 235, NULL),
(3067, 3, 'Ploiesti', NULL, 0, 0, '', 235, NULL),
(3068, 4, 'Prahova', NULL, 0, 0, '', 235, NULL),
(3069, 10, '0244/523.758', NULL, 0, 0, '', 235, NULL),
(3070, 11, '0244/512.849', NULL, 0, 0, '', 235, NULL),
(3071, 7, 'office@monticor.ro', NULL, 0, 0, '', 235, NULL),
(3072, 8, 'http://www.monticor-industries.ro', NULL, 0, 0, '', 235, NULL),
(3073, 14, 'constructii metalice, montaj conducte si instalatii', NULL, 0, 0, '', 235, NULL),
(3074, 15, '5331714', NULL, 0, 0, '', 236, NULL),
(3075, 1, 'Fosta Balastiera - FN', NULL, 0, 0, '', 236, NULL),
(3076, 3, 'Ghioroc', NULL, 0, 0, '', 236, NULL),
(3077, 4, 'arad', NULL, 0, 0, '', 236, NULL),
(3078, 2, '317135', NULL, 0, 0, '', 236, NULL),
(3079, 10, '0357-413.884', NULL, 0, 0, '', 236, NULL),
(3080, 11, '0357-413.885', NULL, 0, 0, '', 236, NULL),
(3081, 7, 'ion.bulie@bg-company.com', NULL, 0, 0, '', 236, NULL),
(3082, 8, 'http://www.hydrobg.ro', NULL, 0, 0, '', 236, NULL),
(3083, 14, 'producator de rigole si prefabricate din beton', NULL, 0, 0, '', 236, NULL),
(3084, 16, '', NULL, 0, 0, '', 236, NULL),
(3085, 5, '', NULL, 0, 0, '', 236, NULL),
(3086, 9, '', NULL, 0, 0, '', 236, NULL),
(3087, 12, '', NULL, 0, 0, '', 236, NULL),
(3088, 2, '', NULL, 0, 0, '', 235, NULL),
(3089, 16, '', NULL, 0, 0, '', 235, NULL),
(3090, 5, '', NULL, 0, 0, '', 235, NULL),
(3091, 9, '', NULL, 0, 0, '', 235, NULL),
(3092, 12, '', NULL, 0, 0, '', 235, NULL),
(3093, 15, '15473716', NULL, 0, 0, '', 237, NULL),
(3094, 1, 'nr. 648/A', NULL, 0, 0, '', 237, NULL),
(3095, 3, 'Com Lupeni, Sat. Bisericani', NULL, 0, 0, '', 237, NULL),
(3096, 4, 'Harghita', NULL, 0, 0, '', 237, NULL),
(3097, 2, '537165', NULL, 0, 0, '', 237, NULL),
(3098, 10, '0266/248.377', NULL, 0, 0, '', 237, NULL),
(3099, 11, '0266/248.373', NULL, 0, 0, '', 237, NULL),
(3100, 5, '0751-307.368', NULL, 0, 0, '', 237, NULL),
(3101, 7, 'office@tobler.ro', NULL, 0, 0, '', 237, NULL),
(3102, 8, 'http://www.tobler.ro', NULL, 0, 0, '', 237, NULL),
(3103, 14, 'vanzari si inchirieri schele metalice si sisteme de cofrare', NULL, 0, 0, '', 237, NULL),
(3104, 15, '1576509', NULL, 0, 0, '', 238, NULL),
(3105, 1, 'Calea Grivitei nr. 355-357', NULL, 0, 0, '', 238, NULL),
(3106, 3, 'Bucuresti', NULL, 0, 0, '', 238, NULL),
(3107, 4, 'sector 1', NULL, 0, 0, '', 238, NULL),
(3108, 2, '010717', NULL, 0, 0, '', 238, NULL),
(3109, 10, '021/224.53.86', NULL, 0, 0, '', 238, NULL),
(3110, 11, '021/224.13.69', NULL, 0, 0, '', 238, NULL),
(3111, 7, 'tabla.expandata@griro.ro', NULL, 0, 0, '', 238, NULL),
(3112, 8, 'http://www.griro.ro', NULL, 0, 0, '', 238, NULL),
(3113, 14, 'producator de tabla expandata', NULL, 0, 0, '', 238, NULL),
(3114, 15, '18699832', NULL, 0, 0, '', 239, NULL),
(3115, 1, 'Str. Poetului nr. 1/ C', NULL, 0, 0, '', 239, NULL),
(3116, 3, 'Arad', NULL, 0, 0, '', 239, NULL),
(3117, 4, 'Arad', NULL, 0, 0, '', 239, NULL),
(3118, 2, '310345', NULL, 0, 0, '', 239, NULL),
(3119, 10, '0357/101.110', NULL, 0, 0, '', 239, NULL),
(3120, 11, '0357/101.111', NULL, 0, 0, '', 239, NULL),
(3121, 7, 'info@metalobox.ro', NULL, 0, 0, '', 239, NULL),
(3122, 8, 'http://www.metalobox.ro', NULL, 0, 0, '', 239, NULL),
(3123, 14, 'specialistul dulapurilor pentru vestiare, proiectare, consultanta, productie', NULL, 0, 0, '', 239, NULL),
(3124, 15, '17352940', NULL, 0, 0, '', 240, NULL),
(3125, 1, 'Str. Interioara nr. 2', NULL, 0, 0, '', 240, NULL),
(3126, 3, 'Constanta', NULL, 0, 0, '', 240, NULL),
(3127, 4, 'Constanta', NULL, 0, 0, '', 240, NULL),
(3128, 2, '900229', NULL, 0, 0, '', 240, NULL),
(3129, 10, '0241/624.444', NULL, 0, 0, '', 240, NULL),
(3130, 11, '0241/624.444', NULL, 0, 0, '', 240, NULL),
(3131, 7, 'office@orientceramic.ro', NULL, 0, 0, '', 240, NULL),
(3132, 8, 'http://www.orientceramic.ro', NULL, 0, 0, '', 240, NULL),
(3133, 14, 'gresie, faianta, adeziv', NULL, 0, 0, '', 240, NULL),
(3134, 15, '6688163', NULL, 0, 0, '', 241, NULL),
(3135, 1, 'Str. C. Brediceanu nr. 21 C, et. 1, ap. 35', NULL, 0, 0, '', 241, NULL),
(3136, 3, 'Timisoara', NULL, 0, 0, '', 241, NULL),
(3137, 4, 'Timis', NULL, 0, 0, '', 241, NULL),
(3138, 2, '300012', NULL, 0, 0, '', 241, NULL),
(3139, 10, '0256/203.514', NULL, 0, 0, '', 241, NULL),
(3140, 11, '0256/200.155', NULL, 0, 0, '', 241, NULL),
(3141, 7, 'prodm@mail.dnttm.ro', NULL, 0, 0, '', 241, NULL),
(3142, 8, 'http://www.prodmoreco-kci.ro', NULL, 0, 0, '', 241, NULL),
(3143, 14, 'macarale, poduri rulante, electropalane, echipamente noi si service', NULL, 0, 0, '', 241, NULL),
(3144, 15, '22627508', NULL, 0, 0, '', 242, NULL),
(3145, 1, 'Sos. Stefanesti nr. 4', NULL, 0, 0, '', 242, NULL),
(3146, 3, 'Voluntari', NULL, 0, 0, '', 242, NULL),
(3147, 4, 'ilfov', NULL, 0, 0, '', 242, NULL),
(3148, 2, '077190', NULL, 0, 0, '', 242, NULL),
(3149, 10, '031/410.00.55', NULL, 0, 0, '', 242, NULL),
(3150, 11, '031/805.38.91', NULL, 0, 0, '', 242, NULL),
(3151, 7, 'office@epco.ro', NULL, 0, 0, '', 242, NULL),
(3152, 8, 'http://www.epco.ro', NULL, 0, 0, '', 242, NULL),
(3153, 14, 'importator macarale turn si ascensoare de santier JASO', NULL, 0, 0, '', 242, NULL),
(3154, 15, '24924866', NULL, 0, 0, '', 243, NULL),
(3155, 1, 'Str. Piata 1 Decembrie nr. 14, ap. 20', NULL, 0, 0, '', 243, NULL),
(3156, 3, 'Oradea', NULL, 0, 0, '', 243, NULL),
(3157, 4, 'bihor', NULL, 0, 0, '', 243, NULL),
(3158, 2, '410073', NULL, 0, 0, '', 243, NULL),
(3159, 10, '0259/415.454', NULL, 0, 0, '', 243, NULL),
(3160, 11, '0259/415.455', NULL, 0, 0, '', 243, NULL),
(3161, 7, 'a.mester@acsgep.com', NULL, 0, 0, '', 243, NULL),
(3162, 8, 'http://www.acsgep.com', NULL, 0, 0, '', 243, NULL),
(3163, 14, 'inchiriaza macarale turn si automacarale', NULL, 0, 0, '', 243, NULL),
(3164, 16, '', NULL, 0, 0, '', 232, NULL),
(3165, 5, '', NULL, 0, 0, '', 232, NULL),
(3166, 9, '', NULL, 0, 0, '', 232, NULL),
(3167, 12, '', NULL, 0, 0, '', 232, NULL),
(3168, 16, '', NULL, 0, 0, '', 233, NULL),
(3169, 5, '', NULL, 0, 0, '', 233, NULL),
(3170, 9, '', NULL, 0, 0, '', 233, NULL),
(3171, 12, '', NULL, 0, 0, '', 233, NULL),
(3172, 16, '', NULL, 0, 0, '', 243, NULL),
(3173, 5, '', NULL, 0, 0, '', 243, NULL),
(3174, 9, '', NULL, 0, 0, '', 243, NULL),
(3175, 12, '', NULL, 0, 0, '', 243, NULL),
(3176, 16, '', NULL, 0, 0, '', 242, NULL),
(3177, 5, '', NULL, 0, 0, '', 242, NULL),
(3178, 9, '', NULL, 0, 0, '', 242, NULL),
(3179, 12, '', NULL, 0, 0, '', 242, NULL),
(3180, 16, '', NULL, 0, 0, '', 241, NULL),
(3181, 5, '', NULL, 0, 0, '', 241, NULL),
(3182, 9, '', NULL, 0, 0, '', 241, NULL),
(3183, 12, '', NULL, 0, 0, '', 241, NULL),
(3184, 16, '', NULL, 0, 0, '', 240, NULL),
(3185, 5, '', NULL, 0, 0, '', 240, NULL),
(3186, 9, '', NULL, 0, 0, '', 240, NULL),
(3187, 12, '', NULL, 0, 0, '', 240, NULL),
(3188, 16, '', NULL, 0, 0, '', 239, NULL),
(3189, 5, '', NULL, 0, 0, '', 239, NULL),
(3190, 9, '', NULL, 0, 0, '', 239, NULL),
(3191, 12, '', NULL, 0, 0, '', 239, NULL),
(3192, 16, '', NULL, 0, 0, '', 238, NULL),
(3193, 5, '', NULL, 0, 0, '', 238, NULL);
INSERT INTO `pptt_director_fields_data` (`id`, `fieldid`, `data_txt`, `data_bool`, `data_int`, `data_float`, `data_char`, `itemid`, `expiration`) VALUES
(3194, 9, '', NULL, 0, 0, '', 238, NULL),
(3195, 12, '', NULL, 0, 0, '', 238, NULL),
(3196, 16, '', NULL, 0, 0, '', 237, NULL),
(3197, 9, '', NULL, 0, 0, '', 237, NULL),
(3198, 12, '', NULL, 0, 0, '', 237, NULL),
(3199, 16, '', NULL, 0, 0, '', 229, NULL),
(3200, 16, '', NULL, 0, 0, '', 226, NULL),
(3201, 5, '', NULL, 0, 0, '', 226, NULL),
(3202, 9, '', NULL, 0, 0, '', 226, NULL),
(3203, 12, '', NULL, 0, 0, '', 226, NULL),
(3204, 16, '', NULL, 0, 0, '', 197, NULL),
(3205, 5, '', NULL, 0, 0, '', 197, NULL),
(3206, 9, '', NULL, 0, 0, '', 197, NULL),
(3207, 12, '', NULL, 0, 0, '', 197, NULL),
(3208, 16, '', NULL, 0, 0, '', 234, NULL),
(3209, 5, '', NULL, 0, 0, '', 234, NULL),
(3210, 9, '', NULL, 0, 0, '', 234, NULL),
(3211, 12, '', NULL, 0, 0, '', 234, NULL),
(3212, 16, '', NULL, 0, 0, '', 231, NULL),
(3213, 5, '', NULL, 0, 0, '', 231, NULL),
(3214, 2, '', NULL, 0, 0, '', 221, NULL),
(3215, 16, '', NULL, 0, 0, '', 221, NULL),
(3216, 5, '', NULL, 0, 0, '', 221, NULL),
(3217, 9, '', NULL, 0, 0, '', 221, NULL),
(3218, 12, '', NULL, 0, 0, '', 221, NULL),
(3219, 15, 'bla', NULL, 0, 0, '', 244, NULL),
(3220, 1, 'Calea Chisinaului nr. 176', NULL, 0, 0, '', 244, NULL),
(3221, 3, 'Iasi', NULL, 0, 0, '', 244, NULL),
(3222, 4, 'iasi', NULL, 0, 0, '', 244, NULL),
(3223, 2, '700180', NULL, 0, 0, '', 244, NULL),
(3224, 10, '0232200200', NULL, 0, 0, '', 244, NULL),
(3225, 11, '0232231538', NULL, 0, 0, '', 244, NULL),
(3226, 7, 'office@brikston.ro', NULL, 0, 0, '', 244, NULL),
(3227, 8, 'http://www.brikston.ro', NULL, 0, 0, '', 244, NULL),
(3228, 14, 'Produse ceramice pentru zidarii.', NULL, 0, 0, '', 244, NULL),
(3229, 15, '15392700', NULL, 0, 0, '', 245, NULL),
(3230, 1, 'str. Teodosie Rudeanu nr. 37 ap. 3', NULL, 0, 0, '', 245, NULL),
(3231, 3, 'Bucuresti', NULL, 0, 0, '', 245, NULL),
(3232, 4, 'Bucuresti', NULL, 0, 0, '', 245, NULL),
(3233, 2, '011257', NULL, 0, 0, '', 245, NULL),
(3234, 10, '0212222550', NULL, 0, 0, '', 245, NULL),
(3235, 11, '0212222551', NULL, 0, 0, '', 245, NULL),
(3236, 7, 'office@macara.ro', NULL, 0, 0, '', 245, NULL),
(3237, 8, 'http://www.macara.ro', NULL, 0, 0, '', 245, NULL),
(3238, 14, 'Ofera macarale spre vanzare sau inchiriere, servicii de mutare si montare de fabrica.', NULL, 0, 0, '', 245, NULL),
(3239, 15, '10640589', NULL, 0, 0, '', 246, NULL),
(3240, 1, 'Sos. Bucuresti-Ploiesti nr. 1A, Bucharest Business Park, intrarea C, et. 1', NULL, 0, 0, '', 246, NULL),
(3241, 3, 'Bucuresti', NULL, 0, 0, '', 246, NULL),
(3242, 4, 'Bucuresti', NULL, 0, 0, '', 246, NULL),
(3243, 2, '013681', NULL, 0, 0, '', 246, NULL),
(3244, 10, '0213115975', NULL, 0, 0, '', 246, NULL),
(3245, 11, '0213115973', NULL, 0, 0, '', 246, NULL),
(3246, 7, 'carpatcement@carpatcement.ro', NULL, 0, 0, '', 246, NULL),
(3247, 8, 'http://www.heidelbergcement.ro', NULL, 0, 0, '', 246, NULL),
(3248, 14, 'Producator ciment.', NULL, 0, 0, '', 246, NULL),
(3249, 15, '23197417', NULL, 0, 0, '', 247, NULL),
(3250, 1, 'Str. 13 Septembrie nr. 206, BL. V38, Sc. A, et.5, ap.13', NULL, 0, 0, '', 247, NULL),
(3251, 3, 'Bucuresti', NULL, 0, 0, '', 247, NULL),
(3252, 4, 'Bucuresti', NULL, 0, 0, '', 247, NULL),
(3253, 10, '0213206009', NULL, 0, 0, '', 247, NULL),
(3254, 11, '0213206006', NULL, 0, 0, '', 247, NULL),
(3255, 7, 'romania@alsina.com', NULL, 0, 0, '', 247, NULL),
(3256, 8, 'http://alsina.ro', NULL, 0, 0, '', 247, NULL),
(3257, 14, 'Studii de lucrari, vanzare si inchiriere de echipamente pentru cofrat betoane.', NULL, 0, 0, '', 247, NULL),
(3258, 15, '6275370', NULL, 0, 0, '', 248, NULL),
(3259, 1, 'Str. Horia, Closca si Crisan nr. 7-9', NULL, 0, 0, '', 248, NULL),
(3260, 3, 'Otopeni', NULL, 0, 0, '', 248, NULL),
(3261, 4, 'Ilfov', NULL, 0, 0, '', 248, NULL),
(3262, 2, '075100', NULL, 0, 0, '', 248, NULL),
(3263, 10, '0213503844', NULL, 0, 0, '', 248, NULL),
(3264, 11, '0213503845', NULL, 0, 0, '', 248, NULL),
(3265, 7, 'comercial@frisomat.ro', NULL, 0, 0, '', 248, NULL),
(3266, 8, 'http://www.frisomat.ro', NULL, 0, 0, '', 248, NULL),
(3267, 14, 'Producator/constructor hale prefabricate din otel galvanizat.', NULL, 0, 0, '', 248, NULL),
(3268, 15, '1633663', NULL, 0, 0, '', 249, NULL),
(3269, 1, 'Str. Smardan nr. 2 bis', NULL, 0, 0, '', 249, NULL),
(3270, 3, 'Galati', NULL, 0, 0, '', 249, NULL),
(3271, 4, 'Galati', NULL, 0, 0, '', 249, NULL),
(3272, 2, '800701', NULL, 0, 0, '', 249, NULL),
(3273, 10, '0236/833.101', NULL, 0, 0, '', 249, NULL),
(3274, 11, '0236/449.777', NULL, 0, 0, '', 249, NULL),
(3275, 7, 'office@galfinband.ro', NULL, 0, 0, '', 249, NULL),
(3276, 8, 'http://galfinband.ro', NULL, 0, 0, '', 249, NULL),
(3277, 14, 'productie de benzi din otel inguste si subtiri, laminate la rece, acoperite metalic (zincate, cositorite, acoperite PbSn, etc); produse si servicii de automatizari industriale, comunicatii', NULL, 0, 0, '', 249, NULL),
(3278, 15, '14340410', NULL, 0, 0, '', 250, NULL),
(3279, 1, 'B-dul Preciziei nr. 1C', NULL, 0, 0, '', 250, NULL),
(3280, 3, 'Bucuresti', NULL, 0, 0, '', 250, NULL),
(3281, 4, 'Sector 6', NULL, 0, 0, '', 250, NULL),
(3282, 10, '021/317.15.66; 021/317.15.86', NULL, 0, 0, '', 250, NULL),
(3283, 11, '021/317.15.87; 021/317.15.82', NULL, 0, 0, '', 250, NULL),
(3284, 7, 'gipro@rdslink.ro', NULL, 0, 0, '', 250, NULL),
(3285, 8, 'http://gip.ro', NULL, 0, 0, '', 250, NULL),
(3286, 14, 'Distribuitor profile Panorama; feronerie Maco, balamale Florance; producator de tamplarie PVC si Al cu profile PANORAMA si RAMPLAST', NULL, 0, 0, '', 250, NULL),
(3287, 15, '12177830', NULL, 0, 0, '', 251, NULL),
(3288, 1, 'Str. Daniel Danielopolu nr. 4-6, etaj 4', NULL, 0, 0, '', 251, NULL),
(3289, 3, 'Bucuresti', NULL, 0, 0, '', 251, NULL),
(3290, 4, 'Bucuresti', NULL, 0, 0, '', 251, NULL),
(3291, 2, '014134', NULL, 0, 0, '', 251, NULL),
(3292, 10, '021/203.26.92', NULL, 0, 0, '', 251, NULL),
(3293, 11, '021/204.86.55', NULL, 0, 0, '', 251, NULL),
(3294, 7, 'ceresit.ro@ro.henkel.com', NULL, 0, 0, '', 251, NULL),
(3295, 8, 'http://ceresit.ro', NULL, 0, 0, '', 251, NULL),
(3296, 14, 'Solutii profesionale pentru constructii.', NULL, 0, 0, '', 251, NULL),
(3297, 15, '15130955', NULL, 0, 0, '', 252, NULL),
(3298, 1, 'Str. Emanoil Porumbaru nr. 1, etaj 1, ap. 4', NULL, 0, 0, '', 252, NULL),
(3299, 3, 'Bucuresti', NULL, 0, 0, '', 252, NULL),
(3300, 4, 'Bucuresti', NULL, 0, 0, '', 252, NULL),
(3301, 2, '011421', NULL, 0, 0, '', 252, NULL),
(3302, 10, '021/231.50.89', NULL, 0, 0, '', 252, NULL),
(3303, 11, '021/231.50.89', NULL, 0, 0, '', 252, NULL),
(3304, 7, 'info@kingspan.ro', NULL, 0, 0, '', 252, NULL),
(3305, 8, 'http://kingspan.ro', NULL, 0, 0, '', 252, NULL),
(3306, 14, 'Productie si furnizare de sisteme complete de panouri termoizolatoare cu IPN Firesafe si fibra minerala.', NULL, 0, 0, '', 252, NULL),
(3307, 16, '', NULL, 0, 0, '', 244, NULL),
(3308, 5, '', NULL, 0, 0, '', 244, NULL),
(3309, 9, '', NULL, 0, 0, '', 244, NULL),
(3310, 12, '', NULL, 0, 0, '', 244, NULL),
(3311, 16, '', NULL, 0, 0, '', 245, NULL),
(3312, 5, '', NULL, 0, 0, '', 245, NULL),
(3313, 9, '', NULL, 0, 0, '', 245, NULL),
(3314, 12, '', NULL, 0, 0, '', 245, NULL),
(3315, 16, '', NULL, 0, 0, '', 246, NULL),
(3316, 5, '', NULL, 0, 0, '', 246, NULL),
(3317, 9, '', NULL, 0, 0, '', 246, NULL),
(3318, 12, '', NULL, 0, 0, '', 246, NULL),
(3319, 2, '', NULL, 0, 0, '', 247, NULL),
(3320, 16, '', NULL, 0, 0, '', 247, NULL),
(3321, 5, '', NULL, 0, 0, '', 247, NULL),
(3322, 9, '', NULL, 0, 0, '', 247, NULL),
(3323, 12, '', NULL, 0, 0, '', 247, NULL),
(3324, 16, '', NULL, 0, 0, '', 248, NULL),
(3325, 5, '', NULL, 0, 0, '', 248, NULL),
(3326, 9, '', NULL, 0, 0, '', 248, NULL),
(3327, 12, '', NULL, 0, 0, '', 248, NULL),
(3328, 16, '', NULL, 0, 0, '', 249, NULL),
(3329, 5, '', NULL, 0, 0, '', 249, NULL),
(3330, 9, '', NULL, 0, 0, '', 249, NULL),
(3331, 12, '', NULL, 0, 0, '', 249, NULL),
(3332, 2, '', NULL, 0, 0, '', 250, NULL),
(3333, 16, '', NULL, 0, 0, '', 250, NULL),
(3334, 5, '', NULL, 0, 0, '', 250, NULL),
(3335, 9, '', NULL, 0, 0, '', 250, NULL),
(3336, 12, '', NULL, 0, 0, '', 250, NULL),
(3337, 16, '', NULL, 0, 0, '', 251, NULL),
(3338, 5, '', NULL, 0, 0, '', 251, NULL),
(3339, 9, '', NULL, 0, 0, '', 251, NULL),
(3340, 12, '', NULL, 0, 0, '', 251, NULL),
(3341, 16, '', NULL, 0, 0, '', 252, NULL),
(3342, 5, '', NULL, 0, 0, '', 252, NULL),
(3343, 9, '', NULL, 0, 0, '', 252, NULL),
(3344, 12, '', NULL, 0, 0, '', 252, NULL),
(3345, 16, '', NULL, 0, 0, '', 214, NULL),
(3346, 9, '', NULL, 0, 0, '', 214, NULL),
(3347, 12, '', NULL, 0, 0, '', 214, NULL),
(3348, 2, '', NULL, 0, 0, '', 205, NULL),
(3349, 16, '', NULL, 0, 0, '', 205, NULL),
(3350, 5, '', NULL, 0, 0, '', 205, NULL),
(3351, 9, '', NULL, 0, 0, '', 205, NULL),
(3352, 12, '', NULL, 0, 0, '', 205, NULL),
(3353, 16, '', NULL, 0, 0, '', 230, NULL),
(3354, 5, '', NULL, 0, 0, '', 230, NULL),
(3355, 15, 'RO5650870', NULL, 0, 0, '', 253, NULL),
(3356, 1, 'Calea Bucuresti nr. 116', NULL, 0, 0, '', 253, NULL),
(3357, 3, 'Craiova', NULL, 0, 0, '', 253, NULL),
(3358, 4, 'Dolj', NULL, 0, 0, '', 253, NULL),
(3359, 10, '0251/406.600', NULL, 0, 0, '', 253, NULL),
(3360, 11, '0251/439.736', NULL, 0, 0, '', 253, NULL),
(3361, 7, 'office@reconsa.ro', NULL, 0, 0, '', 253, NULL),
(3362, 8, 'http://www.reconsa.ro', NULL, 0, 0, '', 253, NULL),
(3363, 14, 'constructii civile si industriale, instalatii electrice si sanitare, tamplarie PVC si aluminiu, placari cu Alucobond', NULL, 0, 0, '', 253, NULL),
(3364, 15, 'RO13104062', NULL, 0, 0, '', 254, NULL),
(3365, 1, 'Calea Grivitei nr. 136', NULL, 0, 0, '', 254, NULL),
(3366, 3, 'Bucuresti', NULL, 0, 0, '', 254, NULL),
(3367, 4, 'Sector 1', NULL, 0, 0, '', 254, NULL),
(3368, 10, '021/206.68.87', NULL, 0, 0, '', 254, NULL),
(3369, 11, '021/206.68.92', NULL, 0, 0, '', 254, NULL),
(3370, 7, 'office@isopan.ro', NULL, 0, 0, '', 254, NULL),
(3371, 8, 'http://www.isopan.ro', NULL, 0, 0, '', 254, NULL),
(3372, 14, 'solutii complete pentru constructii metalice: proiectare, structura metalica, panouri termoizolante, accesorii tinichigerie', NULL, 0, 0, '', 254, NULL),
(3373, 15, 'RO 13417272', NULL, 0, 0, '', 255, NULL),
(3374, 1, 'Str. Gradinitei nr. 1', NULL, 0, 0, '', 255, NULL),
(3375, 3, 'Pascani', NULL, 0, 0, '', 255, NULL),
(3376, 4, 'IASI', NULL, 0, 0, '', 255, NULL);
INSERT INTO `pptt_director_fields_data` (`id`, `fieldid`, `data_txt`, `data_bool`, `data_int`, `data_float`, `data_char`, `itemid`, `expiration`) VALUES
(3377, 10, '0232/760.050', NULL, 0, 0, '', 255, NULL),
(3378, 11, '0232/760.040', NULL, 0, 0, '', 255, NULL),
(3379, 7, 'daniel.bucos@proinvestgroup.ro', NULL, 0, 0, '', 255, NULL),
(3380, 8, 'http://www.proinvestgroup.ro', NULL, 0, 0, '', 255, NULL),
(3381, 14, 'producator si furnizor de componente si cladiri din otel', NULL, 0, 0, '', 255, NULL),
(3382, 15, '15688804', NULL, 0, 0, '', 256, NULL),
(3383, 1, 'Str. Fabrica de Chibrituri nr. 24-26', NULL, 0, 0, '', 256, NULL),
(3384, 3, 'Bucuresti', NULL, 0, 0, '', 256, NULL),
(3385, 4, 'Sector 5', NULL, 0, 0, '', 256, NULL),
(3386, 10, '021/336.02.83', NULL, 0, 0, '', 256, NULL),
(3387, 11, '021/336.60.01', NULL, 0, 0, '', 256, NULL),
(3388, 7, 'office@conexpert.ro', NULL, 0, 0, '', 256, NULL),
(3389, 8, 'http://www.conexpert.ro', NULL, 0, 0, '', 256, NULL),
(3390, 14, 'producator de ferestre si usi din PVC (VEKA) sau aluminiu, rulouri, obloane, glafuri', NULL, 0, 0, '', 256, NULL),
(3391, 15, '17592438', NULL, 0, 0, '', 257, NULL),
(3392, 1, 'Str. Aliorului nr. 2, Bl. D13, Sc. 1, Ap. 3, parter', NULL, 0, 0, '', 257, NULL),
(3393, 3, 'Bucuresti', NULL, 0, 0, '', 257, NULL),
(3394, 4, 'Sector 4', NULL, 0, 0, '', 257, NULL),
(3395, 10, '021-682.25.49', NULL, 0, 0, '', 257, NULL),
(3396, 11, '031/814.52.33', NULL, 0, 0, '', 257, NULL),
(3397, 7, 'office@mvaconstruct.ro', NULL, 0, 0, '', 257, NULL),
(3398, 8, 'http://www.mvaconstruct.ro', NULL, 0, 0, '', 257, NULL),
(3399, 14, 'tamplarie din PVC si aluminiu, plase, rulouri, pervaze', NULL, 0, 0, '', 257, NULL),
(3400, 16, '', NULL, 0, 0, '', 227, NULL),
(3401, 5, '', NULL, 0, 0, '', 227, NULL),
(3402, 9, '', NULL, 0, 0, '', 227, NULL),
(3403, 12, '', NULL, 0, 0, '', 227, NULL),
(3404, 15, '6845993', NULL, 0, 0, '', 258, NULL),
(3405, 1, 'Str. Libertatii nr. 21', NULL, 0, 0, '', 258, NULL),
(3406, 3, 'Apahida', NULL, 0, 0, '', 258, NULL),
(3407, 4, 'cLUJ', NULL, 0, 0, '', 258, NULL),
(3408, 10, '0264/207.200', NULL, 0, 0, '', 258, NULL),
(3409, 11, '0264 /207.262', NULL, 0, 0, '', 258, NULL),
(3410, 7, 'electro-comercial@promod.ro', NULL, 0, 0, '', 258, NULL),
(3411, 8, 'http://www.promod.ro', NULL, 0, 0, '', 258, NULL),
(3412, 14, 'importator si distribuitor de materiale pentru instalatii de joasa si medie tensiune', NULL, 0, 0, '', 258, NULL),
(3413, 15, '16397420', NULL, 0, 0, '', 259, NULL),
(3414, 1, 'Sos. Bucuresti-Ploiesti nr. 1A, Bucharest Business Park, Cladirea C', NULL, 0, 0, '', 259, NULL),
(3415, 3, 'Bucuresti', NULL, 0, 0, '', 259, NULL),
(3416, 4, 'Sector 1', NULL, 0, 0, '', 259, NULL),
(3417, 10, '031/405.97.61', NULL, 0, 0, '', 259, NULL),
(3418, 11, '031/405.97.67', NULL, 0, 0, '', 259, NULL),
(3419, 7, 'info@heberger.ro', NULL, 0, 0, '', 259, NULL),
(3420, 8, 'http://www.heberger.ro', NULL, 0, 0, '', 259, NULL),
(3421, 14, 'antreprenor general in constructii de cladiri rezidentiale si nerezidentiale', NULL, 0, 0, '', 259, NULL),
(3422, 15, '8249644', NULL, 0, 0, '', 260, NULL),
(3423, 1, 'Sos. Colentina nr. 60 A', NULL, 0, 0, '', 260, NULL),
(3424, 3, 'Bucuresti', NULL, 0, 0, '', 260, NULL),
(3425, 4, 'sector 2', NULL, 0, 0, '', 260, NULL),
(3426, 10, '021/241.20.20', NULL, 0, 0, '', 260, NULL),
(3427, 11, '021/240.83.06', NULL, 0, 0, '', 260, NULL),
(3428, 5, '0722-629.391', NULL, 0, 0, '', 260, NULL),
(3429, 7, 'office@freshair.ro', NULL, 0, 0, '', 260, NULL),
(3430, 14, 'proiectarea, distributia, comercializarea instalarea si intretinerea echipamentelor pentru climatizarea, ventilatia si incalzirea spatiilor comerciale, industriale, si rezidentiale.', NULL, 0, 0, '', 260, NULL),
(3431, 15, '9415362', NULL, 0, 0, '', 261, NULL),
(3432, 1, 'B-dul Basarabia nr. 256', NULL, 0, 0, '', 261, NULL),
(3433, 3, 'Bucuresti', NULL, 0, 0, '', 261, NULL),
(3434, 4, 'sector 3', NULL, 0, 0, '', 261, NULL),
(3435, 10, '021/255.58.70', NULL, 0, 0, '', 261, NULL),
(3436, 11, '021/255.69.04', NULL, 0, 0, '', 261, NULL),
(3437, 7, 'lucian.mihai@blackberry.orange.ro', NULL, 0, 0, '', 261, NULL),
(3438, 8, 'http://www.salzgitter.ro', NULL, 0, 0, '', 261, NULL),
(3439, 14, 'comert produse metalurgice ( europrofile, tabla neagra, teava patrata si rectangulara)', NULL, 0, 0, '', 261, NULL),
(3440, 16, '', NULL, 0, 0, '', 196, NULL),
(3441, 15, '7791670', NULL, 0, 0, '', 262, NULL),
(3442, 1, 'Calea Lugojului DN 6 km. 551,6 stanga', NULL, 0, 0, '', 262, NULL),
(3443, 3, 'Ghiroda', NULL, 0, 0, '', 262, NULL),
(3444, 4, 'Timis', NULL, 0, 0, '', 262, NULL),
(3445, 10, '0256/208.646', NULL, 0, 0, '', 262, NULL),
(3446, 11, '0256/306.096', NULL, 0, 0, '', 262, NULL),
(3447, 7, 'timeurosei@timeurosei.ro', NULL, 0, 0, '', 262, NULL),
(3448, 8, 'http://www.timeurosei.ro', NULL, 0, 0, '', 262, NULL),
(3449, 14, 'vanzare materiale pentru instalatii electrice de inalta si joasa tensiune', NULL, 0, 0, '', 262, NULL),
(3450, 15, '17572228', NULL, 0, 0, '', 263, NULL),
(3451, 1, 'Aleea P. Curcanul nr. 4', NULL, 0, 0, '', 263, NULL),
(3452, 3, 'oradea', NULL, 0, 0, '', 263, NULL),
(3453, 4, 'bihor', NULL, 0, 0, '', 263, NULL),
(3454, 10, '0742/633.462', NULL, 0, 0, '', 263, NULL),
(3455, 11, '03593/181.110', NULL, 0, 0, '', 263, NULL),
(3456, 5, '0742/633.462', NULL, 0, 0, '', 263, NULL),
(3457, 7, 'florin.dan@interobiz.ro', NULL, 0, 0, '', 263, NULL),
(3458, 8, 'http://www.interobiz.ro', NULL, 0, 0, '', 263, NULL),
(3459, 14, 'comercializare pompe industriale, pompe cu tocator, pompe atex, pompe submersibile, motopompe, pompe cu surub, sanipompe', NULL, 0, 0, '', 263, NULL),
(3460, 15, '13068512', NULL, 0, 0, '', 264, NULL),
(3461, 1, 'Str. Mihai Eminescu nr. 87 D', NULL, 0, 0, '', 264, NULL),
(3462, 3, 'Dumbravita', NULL, 0, 0, '', 264, NULL),
(3463, 4, 'Timis', NULL, 0, 0, '', 264, NULL),
(3464, 10, '0256/291.221', NULL, 0, 0, '', 264, NULL),
(3465, 11, '0256/491.165', NULL, 0, 0, '', 264, NULL),
(3466, 5, '0723/436.878', NULL, 0, 0, '', 264, NULL),
(3467, 7, 'office@comlift.ro', NULL, 0, 0, '', 264, NULL),
(3468, 8, 'http://www.comlift.ro', NULL, 0, 0, '', 264, NULL),
(3469, 14, 'comercializam lanturi, chingi, carlige, sufe, gase, chei de tachelaj, ocheti, gambeti, cuple', NULL, 0, 0, '', 264, NULL),
(3470, 15, '5983637', NULL, 0, 0, '', 265, NULL),
(3471, 1, 'Str. Raului nr. 101', NULL, 0, 0, '', 265, NULL),
(3472, 3, 'Craiova', NULL, 0, 0, '', 265, NULL),
(3473, 4, 'dolj', NULL, 0, 0, '', 265, NULL),
(3474, 10, '0251/411.399', NULL, 0, 0, '', 265, NULL),
(3475, 11, '0251/411.399', NULL, 0, 0, '', 265, NULL),
(3476, 5, '0722/663.978', NULL, 0, 0, '', 265, NULL),
(3477, 7, 'tehocado@rdscv.ro', NULL, 0, 0, '', 265, NULL),
(3478, 14, 'comercializeaza: ferestre de mansarda, cosuri de fum, seminee, centrale, rigole termosisteme polistiren, hidroizolatii, panouri solare, tigla metalica', NULL, 0, 0, '', 265, NULL),
(3479, 15, '1503811', NULL, 0, 0, '', 266, NULL),
(3480, 1, 'Str. Turda nr. 119, Bl.6, Parter', NULL, 0, 0, '', 266, NULL),
(3481, 3, 'sector 6', NULL, 0, 0, '', 266, NULL),
(3482, 4, 'bucuresti', NULL, 0, 0, '', 266, NULL),
(3483, 10, '031/425.13.54', NULL, 0, 0, '', 266, NULL),
(3484, 11, '031/425.13.55', NULL, 0, 0, '', 266, NULL),
(3485, 5, '0722/576.276', NULL, 0, 0, '', 266, NULL),
(3486, 7, 'office@ecolemn.ro', NULL, 0, 0, '', 266, NULL),
(3487, 8, 'http://www.ecolemn.ro', NULL, 0, 0, '', 266, NULL),
(3488, 14, 'solutii complete in domeniul pardoselilor din lem masiv, parchet masiv si  statificat, decking, materiale montaj', NULL, 0, 0, '', 266, NULL),
(3489, 15, '6607673', NULL, 0, 0, '', 267, NULL),
(3490, 1, 'Str. Oastei nr. 2 A, Sc. A, Ap. 1', NULL, 0, 0, '', 267, NULL),
(3491, 3, 'iasi', NULL, 0, 0, '', 267, NULL),
(3492, 4, 'iasi', NULL, 0, 0, '', 267, NULL),
(3493, 10, '0332/810.615', NULL, 0, 0, '', 267, NULL),
(3494, 11, '0332/814.398', NULL, 0, 0, '', 267, NULL),
(3495, 7, 'spectrumproiect@x-dev.ro', NULL, 0, 0, '', 267, NULL),
(3496, 8, 'http://www.x-dev.ro', NULL, 0, 0, '', 267, NULL),
(3497, 14, 'producem si distribuim programul profesional de devize pentru constructii X-DEV', NULL, 0, 0, '', 267, NULL),
(3498, 15, '469822', NULL, 0, 0, '', 268, NULL),
(3499, 1, 'Aleea Bucsenesti nr. 5, Bl. E8, Sc. 1, Ap45', NULL, 0, 0, '', 268, NULL),
(3500, 3, 'sector 6', NULL, 0, 0, '', 268, NULL),
(3501, 4, 'bucuresti', NULL, 0, 0, '', 268, NULL),
(3502, 10, '021/440.28.85', NULL, 0, 0, '', 268, NULL),
(3503, 11, '021/440.28.85', NULL, 0, 0, '', 268, NULL),
(3504, 5, '0722/338.348', NULL, 0, 0, '', 268, NULL),
(3505, 7, 'office@sudura.com.ro', NULL, 0, 0, '', 268, NULL),
(3506, 8, 'http://www.sudura.com.ro', NULL, 0, 0, '', 268, NULL),
(3507, 14, 'materiale pentru hale si structuri metalice; utilaje, scule si echipamente pentru constructii', NULL, 0, 0, '', 268, NULL),
(3508, 2, '', NULL, 0, 0, '', 262, NULL),
(3509, 16, '', NULL, 0, 0, '', 262, NULL),
(3510, 5, '', NULL, 0, 0, '', 262, NULL),
(3511, 9, '', NULL, 0, 0, '', 262, NULL),
(3512, 12, '', NULL, 0, 0, '', 262, NULL),
(3513, 2, '', NULL, 0, 0, '', 263, NULL),
(3514, 16, '', NULL, 0, 0, '', 263, NULL),
(3515, 9, '', NULL, 0, 0, '', 263, NULL),
(3516, 12, '', NULL, 0, 0, '', 263, NULL),
(3517, 2, '', NULL, 0, 0, '', 264, NULL),
(3518, 16, '', NULL, 0, 0, '', 264, NULL),
(3519, 9, '', NULL, 0, 0, '', 264, NULL),
(3520, 12, '', NULL, 0, 0, '', 264, NULL),
(3521, 2, '', NULL, 0, 0, '', 266, NULL),
(3522, 16, '', NULL, 0, 0, '', 266, NULL),
(3523, 9, '', NULL, 0, 0, '', 266, NULL),
(3524, 12, '', NULL, 0, 0, '', 266, NULL),
(3525, 2, '', NULL, 0, 0, '', 267, NULL),
(3526, 16, '', NULL, 0, 0, '', 267, NULL),
(3527, 5, '', NULL, 0, 0, '', 267, NULL),
(3528, 9, '', NULL, 0, 0, '', 267, NULL),
(3529, 12, '', NULL, 0, 0, '', 267, NULL),
(3530, 2, '', NULL, 0, 0, '', 268, NULL),
(3531, 16, '', NULL, 0, 0, '', 268, NULL),
(3532, 9, '', NULL, 0, 0, '', 268, NULL),
(3533, 12, '', NULL, 0, 0, '', 268, NULL),
(3534, 15, '01520840842', NULL, 0, 0, '', 269, NULL),
(3535, 1, 'Str. Zona Industriale-Scalo Feruiario', NULL, 0, 0, '', 269, NULL),
(3536, 3, 'CAMMARATA', NULL, 0, 0, '', 269, NULL),
(3537, 4, 'AGRIGENTI', NULL, 0, 0, '', 269, NULL),
(3538, 10, '0039/0922.901.376', NULL, 0, 0, '', 269, NULL),
(3539, 11, '0039/0922.902.600', NULL, 0, 0, '', 269, NULL),
(3540, 5, '0039/3488868070', NULL, 0, 0, '', 269, NULL);
INSERT INTO `pptt_director_fields_data` (`id`, `fieldid`, `data_txt`, `data_bool`, `data_int`, `data_float`, `data_char`, `itemid`, `expiration`) VALUES
(3541, 7, 'tatano@tatano.ro', NULL, 0, 0, '', 269, NULL),
(3542, 8, 'http://www.tatano.ro', NULL, 0, 0, '', 269, NULL),
(3543, 14, 'produce si comercializeaza o gama diversificata de centrale policombustibile lemn, peleti, bricheti, rumegus, reziduri agricole, biodisel, uleuri vegetale', NULL, 0, 0, '', 269, NULL),
(3544, 15, '5479401', NULL, 0, 0, '', 270, NULL),
(3545, 1, 'Str. Vidraru nr. 5-7, bl C9, Sc. 1, Ap. 10', NULL, 0, 0, '', 270, NULL),
(3546, 3, 'cluj-napoca', NULL, 0, 0, '', 270, NULL),
(3547, 4, 'cluj', NULL, 0, 0, '', 270, NULL),
(3548, 10, '0264/421.129', NULL, 0, 0, '', 270, NULL),
(3549, 11, '0264/425.749', NULL, 0, 0, '', 270, NULL),
(3550, 7, 'office@proka.ro', NULL, 0, 0, '', 270, NULL),
(3551, 8, 'http://www.proka.ro', NULL, 0, 0, '', 270, NULL),
(3552, 14, 'fabricare tehnica de umbrire,  montari usi de garaj, automatizari acces incinta si jaluzele, geamuri termoizolante', NULL, 0, 0, '', 270, NULL),
(3553, 15, '385527', NULL, 0, 0, '', 271, NULL),
(3554, 1, 'Str. Dr. Constantin Istrati nr. 1', NULL, 0, 0, '', 271, NULL),
(3555, 3, 'sector 4', NULL, 0, 0, '', 271, NULL),
(3556, 4, 'bucuresti', NULL, 0, 0, '', 271, NULL),
(3557, 10, '021/336.23.52', NULL, 0, 0, '', 271, NULL),
(3558, 11, '021/337.24.60', NULL, 0, 0, '', 271, NULL),
(3559, 5, '0730/024.213', NULL, 0, 0, '', 271, NULL),
(3560, 7, 'hesper@hesper.ro', NULL, 0, 0, '', 271, NULL),
(3561, 8, 'http://hesper.ro', NULL, 0, 0, '', 271, NULL),
(3562, 14, 'productie echipament, aparatura si instalatii hidraulice (pompe si motoare cu roti dintate, motoare si servodirectii hidraulice folosite si ca piese de schimb pentru utilaje mobile grele si masini agricole', NULL, 0, 0, '', 271, NULL),
(3563, 15, '2485530', NULL, 0, 0, '', 272, NULL),
(3564, 1, 'Str. Eneas nr. 10', NULL, 0, 0, '', 272, NULL),
(3565, 3, 'timisoara', NULL, 0, 0, '', 272, NULL),
(3566, 4, 'timis', NULL, 0, 0, '', 272, NULL),
(3567, 10, '0356/426.180', NULL, 0, 0, '', 272, NULL),
(3568, 16, '0256/220.920', NULL, 0, 0, '', 272, NULL),
(3569, 11, '0256/490.102', NULL, 0, 0, '', 272, NULL),
(3570, 5, '0788/382.321', NULL, 0, 0, '', 272, NULL),
(3571, 7, 'office@robcon.ro', NULL, 0, 0, '', 272, NULL),
(3572, 8, 'http://www.robcon.ro', NULL, 0, 0, '', 272, NULL),
(3573, 14, 'comercializeaza: echipamente si instalatii pentru vopsire, zugraveli si lacuire, pompe pneumatice si pistoale de vopsit WAGNER Gmbh/D); instalatii si echipamente de sudare (C.CLOOOS GmbH/D); clesti de sudare in puncte TECNA SpA', NULL, 0, 0, '', 272, NULL),
(3574, 15, '8188121', NULL, 0, 0, '', 273, NULL),
(3575, 1, 'Str. Nicolae Balcescu nr. 39', NULL, 0, 0, '', 273, NULL),
(3576, 3, 'Campina', NULL, 0, 0, '', 273, NULL),
(3577, 4, 'Prahova', NULL, 0, 0, '', 273, NULL),
(3578, 10, '0244/375.179', NULL, 0, 0, '', 273, NULL),
(3579, 11, '0244/375.283', NULL, 0, 0, '', 273, NULL),
(3580, 5, '0722.214.601', NULL, 0, 0, '', 273, NULL),
(3581, 7, 'office@operatorserv.ro', NULL, 0, 0, '', 273, NULL),
(3582, 8, 'http://www.operatorserv.ro', NULL, 0, 0, '', 273, NULL),
(3583, 14, 'componente penumatice, racorduri, robineti, accesorii pentru aer, apa si alte fluide, retele aer comprimat transair', NULL, 0, 0, '', 273, NULL),
(3584, 15, '19157074', NULL, 0, 0, '', 274, NULL),
(3585, 1, 'Str. Baraganului nr. 29A', NULL, 0, 0, '', 274, NULL),
(3586, 3, 'Popesti Leordeni', NULL, 0, 0, '', 274, NULL),
(3587, 4, 'ilfov', NULL, 0, 0, '', 274, NULL),
(3588, 10, '0720.277.728', NULL, 0, 0, '', 274, NULL),
(3589, 11, '0720.277.728', NULL, 0, 0, '', 274, NULL),
(3590, 7, 'office@metop.ro', NULL, 0, 0, '', 274, NULL),
(3591, 14, 'panouri sandwich', NULL, 0, 0, '', 274, NULL),
(3592, 15, '8021807', NULL, 0, 0, '', 275, NULL),
(3593, 1, 'Sat Chleni nr. 221/A', NULL, 0, 0, '', 275, NULL),
(3594, 3, 'suseni', NULL, 0, 0, '', 275, NULL),
(3595, 4, 'hunedoara', NULL, 0, 0, '', 275, NULL),
(3596, 10, '0744.149581', NULL, 0, 0, '', 275, NULL),
(3597, 11, '0744.149581', NULL, 0, 0, '', 275, NULL),
(3598, 7, 'marthy@yahoo.com', NULL, 0, 0, '', 275, NULL),
(3599, 8, 'http://www.barnasrl.info', NULL, 0, 0, '', 275, NULL),
(3600, 14, 'constructii case din lemn', NULL, 0, 0, '', 275, NULL),
(3601, 15, '10342450', NULL, 0, 0, '', 276, NULL),
(3602, 1, 'Str. Rakoczi Ferenc nr. 14', NULL, 0, 0, '', 276, NULL),
(3603, 3, 'Odorheiu-Secuiesc', NULL, 0, 0, '', 276, NULL),
(3604, 4, 'harghita', NULL, 0, 0, '', 276, NULL),
(3605, 10, '0266/214.790', NULL, 0, 0, '', 276, NULL),
(3606, 11, '0266/214.790', NULL, 0, 0, '', 276, NULL),
(3607, 7, 'tmcolor@kabelcon.ro', NULL, 0, 0, '', 276, NULL),
(3608, 8, 'http://www.tmcolor.ro', NULL, 0, 0, '', 276, NULL),
(3609, 14, 'TIKKURILA - Finlanda, PPG- EUROPE, JUB-Slovenia, vopsele decorative si industriale, lemn, metal, pardoseli, pulberi', NULL, 0, 0, '', 276, NULL),
(3610, 15, '22644886', NULL, 0, 0, '', 277, NULL),
(3611, 1, 'Str. Cheile Baciului 92/A', NULL, 0, 0, '', 277, NULL),
(3612, 3, 'Baciu', NULL, 0, 0, '', 277, NULL),
(3613, 4, 'cluj', NULL, 0, 0, '', 277, NULL),
(3614, 10, '0264/590.821', NULL, 0, 0, '', 277, NULL),
(3615, 11, '0264/439.205', NULL, 0, 0, '', 277, NULL),
(3616, 5, '0748/888.910', NULL, 0, 0, '', 277, NULL),
(3617, 7, 'marketing@resido.ro', NULL, 0, 0, '', 277, NULL),
(3618, 8, 'http://www.resido.ro', NULL, 0, 0, '', 277, NULL),
(3619, 14, 'productie si comercializare piatra naturala pentru placari verticale si orizontale, interiorsi exterior, amenajarea cladirilor', NULL, 0, 0, '', 277, NULL),
(3620, 15, '10817290', NULL, 0, 0, '', 278, NULL),
(3621, 1, 'Str. 22 Decembrie 1989 nr. 27', NULL, 0, 0, '', 278, NULL),
(3622, 3, 'Turda', NULL, 0, 0, '', 278, NULL),
(3623, 4, 'Cluj', NULL, 0, 0, '', 278, NULL),
(3624, 10, '0264/312.765', NULL, 0, 0, '', 278, NULL),
(3625, 11, '0264/317.057', NULL, 0, 0, '', 278, NULL),
(3626, 7, 'marketing@asacons.ro', NULL, 0, 0, '', 278, NULL),
(3627, 8, 'http://www.asacons.ro', NULL, 0, 0, '', 278, NULL),
(3628, 14, 'lucrari de constructii cladiri rezidentiale si nerezidentiale', NULL, 0, 0, '', 278, NULL),
(3629, 15, '14764539', NULL, 0, 0, '', 279, NULL),
(3630, 1, 'Bd. Timisoara nr. 80', NULL, 0, 0, '', 279, NULL),
(3631, 3, 'sector 6', NULL, 0, 0, '', 279, NULL),
(3632, 4, 'bucuresti', NULL, 0, 0, '', 279, NULL),
(3633, 10, '021/444.07.41', NULL, 0, 0, '', 279, NULL),
(3634, 16, '021/444.07.42', NULL, 0, 0, '', 279, NULL),
(3635, 11, '021/444.07.42', NULL, 0, 0, '', 279, NULL),
(3636, 7, 'tehnic@radox.ro', NULL, 0, 0, '', 279, NULL),
(3637, 8, 'http://www.radox.ro', NULL, 0, 0, '', 279, NULL),
(3638, 14, 'comercializare echipamente si instalatii de incalzire si climatizare, consultanta tehnica, service, montaj, confectii tubulatura ventilatie', NULL, 0, 0, '', 279, NULL),
(3639, 15, '5330816', NULL, 0, 0, '', 280, NULL),
(3640, 1, 'Sos. de Centura nr. 103', NULL, 0, 0, '', 280, NULL),
(3641, 3, 'popesti-leordeni', NULL, 0, 0, '', 280, NULL),
(3642, 4, 'ilfov', NULL, 0, 0, '', 280, NULL),
(3643, 10, '021/529.62.68', NULL, 0, 0, '', 280, NULL),
(3644, 11, '021/529.62.68', NULL, 0, 0, '', 280, NULL),
(3645, 5, '0722/393.441', NULL, 0, 0, '', 280, NULL),
(3646, 7, 'cati.soldan@menatwork.ro', NULL, 0, 0, '', 280, NULL),
(3647, 8, 'http://www.menatwork.ro', NULL, 0, 0, '', 280, NULL),
(3648, 14, 'import-distributie ventilatoare, aer conditionat, izolatii conducte, perdele aer, ventiloconvectoare, generatoare aer cald, aeroterme apa', NULL, 0, 0, '', 280, NULL),
(3649, 15, '2196745', NULL, 0, 0, '', 281, NULL),
(3650, 1, 'Str. Principala nr. 1', NULL, 0, 0, '', 281, NULL),
(3651, 3, 'carbunari', NULL, 0, 0, '', 281, NULL),
(3652, 4, 'maramures', NULL, 0, 0, '', 281, NULL),
(3653, 10, '0262/299.696', NULL, 0, 0, '', 281, NULL),
(3654, 11, '0262/299.698', NULL, 0, 0, '', 281, NULL),
(3655, 7, 'cmc@cmc.ro', NULL, 0, 0, '', 281, NULL),
(3656, 8, 'http://www.cmc.ro', NULL, 0, 0, '', 281, NULL),
(3657, 14, 'taiere, fasonare si finisare piatra', NULL, 0, 0, '', 281, NULL),
(3658, 15, '17644391', NULL, 0, 0, '', 282, NULL),
(3659, 1, 'Str. Sos. Iancului nr. 41, Bl. 102D, Sc. B, Ap. 84', NULL, 0, 0, '', 282, NULL),
(3660, 3, 'sector 2', NULL, 0, 0, '', 282, NULL),
(3661, 4, 'bucuresti', NULL, 0, 0, '', 282, NULL),
(3662, 10, '021/890.04.98', NULL, 0, 0, '', 282, NULL),
(3663, 11, '031/816.68.43', NULL, 0, 0, '', 282, NULL),
(3664, 5, '0724/222.727', NULL, 0, 0, '', 282, NULL),
(3665, 7, 'claudiu@facproductie.ro', NULL, 0, 0, '', 282, NULL),
(3666, 8, 'http://www.facproductie.ro', NULL, 0, 0, '', 282, NULL),
(3667, 14, 'instalatii solare, tamplarie PVC, productie publicitara, tiparituri', NULL, 0, 0, '', 282, NULL),
(3668, 15, '21341280', NULL, 0, 0, '', 283, NULL),
(3669, 1, 'Str. Tudor Vladimirescu nr.53', NULL, 0, 0, '', 283, NULL),
(3670, 3, 'oradea', NULL, 0, 0, '', 283, NULL),
(3671, 4, 'bihor', NULL, 0, 0, '', 283, NULL),
(3672, 10, '0259/437.012', NULL, 0, 0, '', 283, NULL),
(3673, 11, '0259/406.267', NULL, 0, 0, '', 283, NULL),
(3674, 5, '0751/305.645', NULL, 0, 0, '', 283, NULL),
(3675, 7, 'scwinknadsrl@yahoo.com', NULL, 0, 0, '', 283, NULL),
(3676, 8, 'http://www.winknad.ro', NULL, 0, 0, '', 283, NULL),
(3677, 14, 'distribuitor de feronerie pentru ferestre si usi din PVC - marca FUNR si accesorii pentru tamplarie PVC', NULL, 0, 0, '', 283, NULL),
(3678, 15, '964898', NULL, 0, 0, '', 284, NULL),
(3679, 1, 'Str. Moldovei nr. 110', NULL, 0, 0, '', 284, NULL),
(3680, 3, 'Comanesti', NULL, 0, 0, '', 284, NULL),
(3681, 4, 'Bacau', NULL, 0, 0, '', 284, NULL),
(3682, 10, '0234/364.820', NULL, 0, 0, '', 284, NULL),
(3683, 11, '0234/374.056', NULL, 0, 0, '', 284, NULL),
(3684, 7, 'dimmer@dimmer.ro', NULL, 0, 0, '', 284, NULL),
(3685, 8, 'http://www.dimmer.ro', NULL, 0, 0, '', 284, NULL),
(3686, 14, 'producem case pe structura din lemn, casute din lemn, campinguri, foisoare, saune, pergole, garaje, tarabe, tamplarie din lemn stratificat cu geam termopan, adapostruri pentru animale, etc', NULL, 0, 0, '', 284, NULL),
(3687, 15, '17484622', NULL, 0, 0, '', 285, NULL),
(3688, 1, 'Str. maramures nr. 23, Bl. 21-22, Sc. 1, Ap. 9', NULL, 0, 0, '', 285, NULL),
(3689, 3, 'craiova', NULL, 0, 0, '', 285, NULL),
(3690, 4, 'dolj', NULL, 0, 0, '', 285, NULL),
(3691, 10, '0251/425.084', NULL, 0, 0, '', 285, NULL);
INSERT INTO `pptt_director_fields_data` (`id`, `fieldid`, `data_txt`, `data_bool`, `data_int`, `data_float`, `data_char`, `itemid`, `expiration`) VALUES
(3692, 11, '0251/425.151', NULL, 0, 0, '', 285, NULL),
(3693, 7, 'contact@eurosteeldistribution.ro', NULL, 0, 0, '', 285, NULL),
(3694, 14, 'proiectare, executie si montaj pereti cortina, placare cu bond si tamplarie din aluminiu', NULL, 0, 0, '', 285, NULL),
(3695, 15, '6726992', NULL, 0, 0, '', 286, NULL),
(3696, 1, 'Str. Aurel Vlaicu nr. 67', NULL, 0, 0, '', 286, NULL),
(3697, 3, 'Suceava', NULL, 0, 0, '', 286, NULL),
(3698, 4, 'suceava', NULL, 0, 0, '', 286, NULL),
(3699, 10, '0230/533.488', NULL, 0, 0, '', 286, NULL),
(3700, 11, '0230/533.509', NULL, 0, 0, '', 286, NULL),
(3701, 5, '0729/889.196', NULL, 0, 0, '', 286, NULL),
(3702, 7, 'tehnoutil@easynet.ro', NULL, 0, 0, '', 286, NULL),
(3703, 14, 'tamplarie si mobila lemn masiv stratificat, mobilier de gradina lemn impregnat, impregnare ecologica a lemnului', NULL, 0, 0, '', 286, NULL),
(3704, 2, '', NULL, 0, 0, '', 261, NULL),
(3705, 16, '', NULL, 0, 0, '', 261, NULL),
(3706, 5, '', NULL, 0, 0, '', 261, NULL),
(3707, 9, '', NULL, 0, 0, '', 261, NULL),
(3708, 12, '', NULL, 0, 0, '', 261, NULL),
(3709, 2, '', NULL, 0, 0, '', 260, NULL),
(3710, 16, '', NULL, 0, 0, '', 260, NULL),
(3711, 8, 'http://www.freshair.ro', NULL, 0, 0, '', 260, NULL),
(3712, 9, '', NULL, 0, 0, '', 260, NULL),
(3713, 12, '', NULL, 0, 0, '', 260, NULL),
(3714, 2, '', NULL, 0, 0, '', 282, NULL),
(3715, 16, '', NULL, 0, 0, '', 282, NULL),
(3716, 9, '', NULL, 0, 0, '', 282, NULL),
(3717, 12, '', NULL, 0, 0, '', 282, NULL),
(3718, 15, '17696129', NULL, 0, 0, '', 287, NULL),
(3719, 1, 'Sos. Dudesti - Pantelimon nr. 42', NULL, 0, 0, '', 287, NULL),
(3720, 3, 'Bucuresti', NULL, 0, 0, '', 287, NULL),
(3721, 4, 'Sector 3', NULL, 0, 0, '', 287, NULL),
(3722, 10, '021/627.23.00', NULL, 0, 0, '', 287, NULL),
(3723, 11, '021/627.23.00', NULL, 0, 0, '', 287, NULL),
(3724, 7, 'bucuresti@aluterm.ro', NULL, 0, 0, '', 287, NULL),
(3725, 8, 'http://www.aluterm.ro', NULL, 0, 0, '', 287, NULL),
(3726, 9, 'Loredana Duta', NULL, 0, 0, '', 287, NULL),
(3727, 14, 'Usi automate, bariere automate, usi industriale, usi rezistente la foc, rampe de incarcare, actionari ferestre, panouri din policarbonat, trape de fum.', NULL, 0, 0, '', 287, NULL),
(3728, 15, '10169504', NULL, 0, 0, '', 288, NULL),
(3729, 1, 'Sos. Giurgiului nr. 33A', NULL, 0, 0, '', 288, NULL),
(3730, 3, 'Jilava', NULL, 0, 0, '', 288, NULL),
(3731, 4, 'Ilfov', NULL, 0, 0, '', 288, NULL),
(3732, 10, '021/457.00.03', NULL, 0, 0, '', 288, NULL),
(3733, 16, '021/457.00.04', NULL, 0, 0, '', 288, NULL),
(3734, 11, '021/457.00.05', NULL, 0, 0, '', 288, NULL),
(3735, 7, 'office@mcagrup.ro', NULL, 0, 0, '', 288, NULL),
(3736, 8, 'http://www.mcagrup.ro', NULL, 0, 0, '', 288, NULL),
(3737, 14, 'Productie si comercializare de usi de garaj, usi industriale, rulouri pentru ferestre, plase impotriva insectelor, rampe de egalizare, burdufuri izotermice, usi rezistente la foc.', NULL, 0, 0, '', 288, NULL),
(3738, 15, '15118471', NULL, 0, 0, '', 289, NULL),
(3739, 1, 'Cart. Florilor nr. 43, Sc. G, Ap. 13', NULL, 0, 0, '', 289, NULL),
(3740, 3, 'Ghiorghieni', NULL, 0, 0, '', 289, NULL),
(3741, 4, 'Harghita', NULL, 0, 0, '', 289, NULL),
(3742, 10, '0266/364.879', NULL, 0, 0, '', 289, NULL),
(3743, 11, '0266/364.879', NULL, 0, 0, '', 289, NULL),
(3744, 5, '0744/839.255', NULL, 0, 0, '', 289, NULL),
(3745, 7, 'asanyi@angi.ro', NULL, 0, 0, '', 289, NULL),
(3746, 8, 'http://www.angi.ro', NULL, 0, 0, '', 289, NULL),
(3747, 14, 'usi de garaj, rulou', NULL, 0, 0, '', 289, NULL),
(3748, 15, '17985020', NULL, 0, 0, '', 290, NULL),
(3749, 1, 'Calea 13 Septembrie nr. 133, Bl. T 2 B, Sc. 1, Ap. 8', NULL, 0, 0, '', 290, NULL),
(3750, 3, 'Bucuresti', NULL, 0, 0, '', 290, NULL),
(3751, 4, 'sector 5', NULL, 0, 0, '', 290, NULL),
(3752, 2, '050719', NULL, 0, 0, '', 290, NULL),
(3753, 10, '031/805.94.05', NULL, 0, 0, '', 290, NULL),
(3754, 11, '031/805.94.06', NULL, 0, 0, '', 290, NULL),
(3755, 5, '0728-931.806', NULL, 0, 0, '', 290, NULL),
(3756, 7, 'office@terasamente.ro', NULL, 0, 0, '', 290, NULL),
(3757, 8, 'http://www.terasamente.ro', NULL, 0, 0, '', 290, NULL),
(3758, 14, 'terasamente, excavatii, sapaturi, montare pavaj, pavele, demolari, retele edilitare, drumuri, parcari, amenajari curti interioare', NULL, 0, 0, '', 290, NULL),
(3759, 15, '10941859', NULL, 0, 0, '', 291, NULL),
(3760, 1, 'Str. Traian nr. 2, Bl. F1, Sc. 4, Et. 8, Ap. 24', NULL, 0, 0, '', 291, NULL),
(3761, 3, 'Bucuresti', NULL, 0, 0, '', 291, NULL),
(3762, 4, 'Sector 3', NULL, 0, 0, '', 291, NULL),
(3763, 2, '030574', NULL, 0, 0, '', 291, NULL),
(3764, 10, '021/327.49.52', NULL, 0, 0, '', 291, NULL),
(3765, 11, '021/323.52.90', NULL, 0, 0, '', 291, NULL),
(3766, 7, 'office@deceuninck.ro', NULL, 0, 0, '', 291, NULL),
(3767, 8, 'http://www.deceuninck.ro', NULL, 0, 0, '', 291, NULL),
(3768, 14, 'Comercializare sisteme de profile din PVC pentru ferestre si usi; profile Twinson pentru pardoseli de terase - deck. Informatii suplimentare la www.alegepvc.ro; www.twinson.com.', NULL, 0, 0, '', 291, NULL),
(3769, 16, '', NULL, 0, 0, '', 291, NULL),
(3770, 5, '', NULL, 0, 0, '', 291, NULL),
(3771, 9, '', NULL, 0, 0, '', 291, NULL),
(3772, 12, '', NULL, 0, 0, '', 291, NULL),
(3773, 15, 'RO3717108', NULL, 0, 0, '', 292, NULL),
(3774, 1, 'Calea Fagarasului nr. 46', NULL, 0, 0, '', 292, NULL),
(3775, 3, 'ghimbav', NULL, 0, 0, '', 292, NULL),
(3776, 4, 'brasov', NULL, 0, 0, '', 292, NULL),
(3777, 2, '507075', NULL, 0, 0, '', 292, NULL),
(3778, 10, '0268/258.046', NULL, 0, 0, '', 292, NULL),
(3779, 11, '0268/258.813', NULL, 0, 0, '', 292, NULL),
(3780, 7, 'office@marmura-granit.ro', NULL, 0, 0, '', 292, NULL),
(3781, 8, 'http://www.marmura-granit.ro', NULL, 0, 0, '', 292, NULL),
(3782, 14, 'prelucrare marmura, granit, pietre naturale', NULL, 0, 0, '', 292, NULL),
(3783, 16, '', NULL, 0, 0, '', 292, NULL),
(3784, 5, '', NULL, 0, 0, '', 292, NULL),
(3785, 9, '', NULL, 0, 0, '', 292, NULL),
(3786, 12, '', NULL, 0, 0, '', 292, NULL),
(3787, 15, '24387592', NULL, 0, 0, '', 293, NULL),
(3788, 1, 'Sos Viilor. nr. 65A, et. 2', NULL, 0, 0, '', 293, NULL),
(3789, 3, 'Bucuresti', NULL, 0, 0, '', 293, NULL),
(3790, 4, 'Sector 5', NULL, 0, 0, '', 293, NULL),
(3791, 2, '050152', NULL, 0, 0, '', 293, NULL),
(3792, 10, '021-311.46.00', NULL, 0, 0, '', 293, NULL),
(3793, 16, '021-311.46.01', NULL, 0, 0, '', 293, NULL),
(3794, 11, '021-311.46.03', NULL, 0, 0, '', 293, NULL),
(3795, 7, 'mihai.dumitru@kone.com', NULL, 0, 0, '', 293, NULL),
(3796, 8, 'http://www.kone.com', NULL, 0, 0, '', 293, NULL),
(3797, 14, 'Servicii complete de montaj la cheie de ascensoare şi scări rulante; întreţinere şi reparaţii.', NULL, 0, 0, '', 293, NULL),
(3798, 2, '', NULL, 0, 0, '', 269, NULL),
(3799, 16, '', NULL, 0, 0, '', 269, NULL),
(3800, 9, '', NULL, 0, 0, '', 269, NULL),
(3801, 12, '', NULL, 0, 0, '', 269, NULL),
(3802, 2, '', NULL, 0, 0, '', 257, NULL),
(3803, 16, '', NULL, 0, 0, '', 257, NULL),
(3804, 5, '', NULL, 0, 0, '', 257, NULL),
(3805, 9, '', NULL, 0, 0, '', 257, NULL),
(3806, 12, '', NULL, 0, 0, '', 257, NULL),
(3807, 2, '', NULL, 0, 0, '', 256, NULL),
(3808, 16, '', NULL, 0, 0, '', 256, NULL),
(3809, 5, '', NULL, 0, 0, '', 256, NULL),
(3810, 9, '', NULL, 0, 0, '', 256, NULL),
(3811, 12, '', NULL, 0, 0, '', 256, NULL),
(3812, 2, '', NULL, 0, 0, '', 255, NULL),
(3813, 16, '', NULL, 0, 0, '', 255, NULL),
(3814, 5, '', NULL, 0, 0, '', 255, NULL),
(3815, 9, '', NULL, 0, 0, '', 255, NULL),
(3816, 12, '', NULL, 0, 0, '', 255, NULL),
(3817, 15, 'RO 4393980', NULL, 0, 0, '', 294, NULL),
(3818, 1, 'Str. Mercur nr. 14', NULL, 0, 0, '', 294, NULL),
(3819, 3, 'Corabia', NULL, 0, 0, '', 294, NULL),
(3820, 4, 'OLT', NULL, 0, 0, '', 294, NULL),
(3821, 2, '235300', NULL, 0, 0, '', 294, NULL),
(3822, 10, '0249/536.605', NULL, 0, 0, '', 294, NULL),
(3823, 11, '0249/561.108', NULL, 0, 0, '', 294, NULL),
(3824, 7, 'office@fereastracora.ro', NULL, 0, 0, '', 294, NULL),
(3825, 14, 'producator de tamplarie PVC', NULL, 0, 0, '', 294, NULL),
(3826, 16, '', NULL, 0, 0, '', 294, NULL),
(3827, 5, '', NULL, 0, 0, '', 294, NULL),
(3828, 8, '', NULL, 0, 0, '', 294, NULL),
(3829, 9, '', NULL, 0, 0, '', 294, NULL),
(3830, 12, '', NULL, 0, 0, '', 294, NULL),
(3831, 15, '6411064', NULL, 0, 0, '', 295, NULL),
(3832, 1, 'Str. Atomistilor nr. 87', NULL, 0, 0, '', 295, NULL),
(3833, 3, 'Magurele', NULL, 0, 0, '', 295, NULL),
(3834, 4, 'iLFOV', NULL, 0, 0, '', 295, NULL),
(3835, 2, '077125', NULL, 0, 0, '', 295, NULL),
(3836, 10, '021/457.59.06', NULL, 0, 0, '', 295, NULL),
(3837, 11, '021/457.59.04', NULL, 0, 0, '', 295, NULL),
(3838, 7, 'office@aluminium.ro', NULL, 0, 0, '', 295, NULL),
(3839, 14, 'fatade cortina, fatade ventilate, luminatoare  - proiectare, executie si montaj; tamplarie aluminiu, lemn – aluminiu, compartimentari sticla – confectie si montaj', NULL, 0, 0, '', 295, NULL),
(3840, 15, 'bla', NULL, 0, 0, '', 296, NULL),
(3841, 1, 'Aleea Mocira nr. 4', NULL, 0, 0, '', 296, NULL),
(3842, 3, 'Baia Mare', NULL, 0, 0, '', 296, NULL),
(3843, 4, 'Maramures', NULL, 0, 0, '', 296, NULL),
(3844, 2, '437228', NULL, 0, 0, '', 296, NULL),
(3845, 10, '0262/222.977', NULL, 0, 0, '', 296, NULL),
(3846, 11, '0262/222.978', NULL, 0, 0, '', 296, NULL),
(3847, 5, '0745/113.811', NULL, 0, 0, '', 296, NULL),
(3848, 7, 'imi@imi-sa.ro', NULL, 0, 0, '', 296, NULL),
(3849, 8, 'http://www.imi-sa.ro', NULL, 0, 0, '', 296, NULL),
(3850, 14, 'constructii-montaj', NULL, 0, 0, '', 296, NULL),
(3851, 15, 'RO13866069', NULL, 0, 0, '', 297, NULL),
(3852, 1, 'str. Dionisie cel Mic 16', NULL, 0, 0, '', 297, NULL),
(3853, 3, 'Constanta', NULL, 0, 0, '', 297, NULL),
(3854, 4, 'Constanta', NULL, 0, 0, '', 297, NULL),
(3855, 2, '900363', NULL, 0, 0, '', 297, NULL),
(3856, 10, '0341173566', NULL, 0, 0, '', 297, NULL),
(3857, 11, '0341173566', NULL, 0, 0, '', 297, NULL),
(3858, 7, 'ads@constilconstanta.ro', NULL, 0, 0, '', 297, NULL),
(3859, 8, 'http://www.constilconstanta.ro', NULL, 0, 0, '', 297, NULL),
(3860, 9, 'Florin Stirbu', NULL, 0, 0, '', 297, NULL),
(3861, 12, 'dir.teh.', NULL, 0, 0, '', 297, NULL);
INSERT INTO `pptt_director_fields_data` (`id`, `fieldid`, `data_txt`, `data_bool`, `data_int`, `data_float`, `data_char`, `itemid`, `expiration`) VALUES
(3862, 14, 'Executam constructii civile si industriale, Termosistem, Tencuieli mecanizate, Mansardari blocuri, Acoperisuri si invelitori de orice tip, Confectii metalice, Tamplarie PVC si aluminiu, Fatade cortina si placari cu bond, Finisaje interioare si exterioare, Instalatii electrice, tehnico-sanitare si de incalzire.', NULL, 0, 0, '', 297, NULL),
(3863, 1, 'NR 394', NULL, 0, 0, '', 298, NULL),
(3864, 3, 'LUPENI', NULL, 0, 0, '', 298, NULL),
(3865, 4, 'HARGHITA', NULL, 0, 0, '', 298, NULL),
(3866, 10, '0745-869397', NULL, 0, 0, '', 298, NULL),
(3867, 11, '0266-248241', NULL, 0, 0, '', 298, NULL),
(3868, 7, 'hadnagyviacolor@yahoo.com', NULL, 0, 0, '', 298, NULL),
(3869, 8, 'http://www.hviacolor.ro', NULL, 0, 0, '', 298, NULL),
(3870, 14, 'Furnizare pavaj si borduri,peste 50 de modele in gama larga de culori (tip:Semmelrock,Elpreco,Elis,Viastein). Cele mai bune preturi pe piata.<br />\r\n&nbsp;<br />\r\nMontare pavele si borduri, lucrari calitative in cel mai scurt timp', NULL, 0, 0, '', 298, NULL),
(3871, 1, '2-nd Pajurei str. Dana-Nord Rezidential  2-nd. floor 57-ap.', NULL, 0, 0, '', 299, NULL),
(3872, 3, 'Bucharest-1', NULL, 0, 0, '', 299, NULL),
(3873, 4, 'Bucuresti', NULL, 0, 0, '', 299, NULL),
(3874, 10, '0216670443', NULL, 0, 0, '', 299, NULL),
(3875, 11, '0314386017', NULL, 0, 0, '', 299, NULL),
(3876, 5, '0729361976', NULL, 0, 0, '', 299, NULL),
(3877, 7, 'office@caseieftine.ro', NULL, 0, 0, '', 299, NULL),
(3878, 8, 'http://www.caseieftine.ro', NULL, 0, 0, '', 299, NULL),
(3879, 14, 'Constructii case din lemn, distributie pt. proiecte case de lemn, Reprezentanta Drummond Designs Ltd. Canada', NULL, 0, 0, '', 299, NULL);

-- --------------------------------------------------------

--
